This is the mail archive of the
gcc-testresults@gcc.gnu.org
mailing list for the GCC project.
Results for 3.3 20020913 (experimental) testsuite on sparc64-unknown-linux-gnu
- From: <christian at j-son dot org>
- To: gcc-testresults at gcc dot gnu dot org
- Date: Sun, 15 Sep 2002 21:36:36 +0200
- Subject: Results for 3.3 20020913 (experimental) testsuite on sparc64-unknown-linux-gnu
This was on a Aurora SPARC Linux 0.32 build (Nashville) Ultra1
sun4u system with these packages:
binutils-2.11.93.0.2-11sparc
dejagnu-1.4.2-6 (from rawhide)
gcc-2.96-111
glibc-2.2.5-36
kernel-2.4.18-0.998sparc
LAST_UPDATED: fre sep 13 15:06:00 UTC 2002
Native configuration is sparc64-unknown-linux-gnu
=== g77 tests ===
Running target unix
FAIL: g77.dg/7388.f execution test
=== g77 Summary ===
# of expected passes 1637
# of unexpected failures 1
# of unsupported tests 8
/usr/local/src/gcc+binutils/trunk/objdir/gcc/testsuite/../g77 version 3.3 20020913 (experimental)
=== gcc tests ===
Running target unix
WARNING: program timed out.
FAIL: compile/20001226-1.c, -O1
WARNING: program timed out.
FAIL: compile/20001226-1.c, -O2
WARNING: program timed out.
FAIL: compile/20001226-1.c, -O3 -fomit-frame-pointer
WARNING: program timed out.
FAIL: compile/20001226-1.c, -O3 -g
WARNING: program timed out.
FAIL: compile/20001226-1.c, -Os
XPASS: execute/20020227-1.c execution, -O0
XPASS: execute/20020227-1.c execution, -O1
FAIL: execute/930921-1.c compilation, -O3 -fomit-frame-pointer -funroll-loops
UNRESOLVED: execute/930921-1.c execution, -O3 -fomit-frame-pointer -funroll-loops
FAIL: execute/930921-1.c compilation, -O3 -fomit-frame-pointer -funroll-all-loops -finline-functions
UNRESOLVED: execute/930921-1.c execution, -O3 -fomit-frame-pointer -funroll-all-loops -finline-functions
FAIL: execute/conversion.c execution, -O0
FAIL: execute/conversion.c execution, -O1
FAIL: execute/conversion.c execution, -O2
FAIL: execute/conversion.c execution, -Os
FAIL: execute/strncmp-1.c execution, -O0
FAIL: execute/strncmp-1.c execution, -O1
FAIL: execute/strncmp-1.c execution, -O2
FAIL: execute/strncmp-1.c execution, -O3 -fomit-frame-pointer
FAIL: execute/strncmp-1.c execution, -O3 -fomit-frame-pointer -funroll-loops
FAIL: execute/strncmp-1.c execution, -O3 -fomit-frame-pointer -funroll-all-loops -finline-functions
FAIL: execute/strncmp-1.c execution, -O3 -g
FAIL: execute/strncmp-1.c execution, -Os
FAIL: gcc.dg/cpp/Wunused.c (test for excess errors)
FAIL: gcc.dg/cpp/trad/Wunused.c (test for excess errors)
FAIL: gcc.dg/nest.c execution test
FAIL: gcc.dg/noncompile/incomplete-1.c (test for excess errors)
FAIL: linkage.c
=== gcc Summary ===
# of expected passes 20277
# of unexpected failures 24
# of unexpected successes 2
# of expected failures 66
# of unresolved testcases 2
# of unsupported tests 128
/usr/local/src/gcc+binutils/trunk/objdir/gcc/xgcc version 3.3 20020913 (experimental)
=== g++ tests ===
Running target unix
FAIL: g++.dg/parse/stack1.C (test for excess errors)
FAIL: g++.dg/warn/Wunused-2.C (test for warnings, line 5)
FAIL: g++.law/profile1.C Execution test
FAIL: g++.oliva/typeof1.C (test for excess errors)
XPASS: g++.other/init5.C Execution test
=== g++ Summary ===
# of expected passes 7489
# of unexpected failures 4
# of unexpected successes 1
# of expected failures 89
# of untested testcases 23
# of unsupported tests 5
/usr/local/src/gcc+binutils/trunk/objdir/gcc/testsuite/../g++ version 3.3 20020913 (experimental)
=== objc tests ===
Running target unix
=== objc Summary ===
# of expected passes 1079
/usr/local/src/gcc+binutils/trunk/objdir/gcc/xgcc version 3.3 20020913 (experimental)
=== libjava tests ===
Running target unix
FAIL: PR1343 compilation from bytecode
FAIL: PR1343 -O compilation from bytecode
FAIL: Array_3 compilation from bytecode
FAIL: Array_3 -O execution - source compiled test
FAIL: Array_3 -O compilation from bytecode
=== libjava Summary ===
# of expected passes 2203
# of unexpected failures 5
# of expected failures 14
# of untested testcases 13
=== libstdc++-v3 tests ===
Running target unix
XPASS: 22_locale/ctype_is_wchar_t.cc execution test
FAIL: 26_numerics/c99_classification_macros_c.cc (test for excess errors)
WARNING: program timed out.
FAIL: thread/pthread4.cc execution test
=== libstdc++-v3 Summary ===
# of expected passes 416
# of unexpected failures 2
# of unexpected successes 1
# of expected failures 26
Compiler version: 3.3 20020913 (experimental)
Platform: sparc64-unknown-linux-gnu
configure flags: --host=sparc64-unknown-linux-gnu --enable-shared --enable-threads=posix --disable-checking --enable-__cxa_atexit
Counting all warnings,
there are 590 warnings in stage0 of this bootstrap.
Number of warnings per file:
384 libiberty/md5.c
40 libiberty/regex.c
38 libjava/java/lang/mprec.c
15 libjava/java/lang/natClassLoader.cc
12 libjava/java/lang/strtod.c
12 libjava/java/lang/dtoa.c
9 libjava/java/lang/e_exp.c
9 libf2c/libI77/rsne.c
9 java/lang/Integer.h
6 libjava/java/lang/w_exp.c
6 libjava/gnu/gcj/runtime/natNameFinder.cc
6 include/xregex2.h
4 include/java-signal.h
3 runtime-info.h
3 libobjc/encoding.c
3 libjava/prims.cc
3 libjava/java/lang/natVMThrowable.cc
3 libjava/java/lang/e_rem_pio2.c
3 libjava/java/lang/e_log.c
3 libjava/java/lang/e_asin.c
3 libjava/gnu/gcj/runtime/natSharedLibLoader.cc
3 libjava/gnu/gcj/io/shs.cc
3 libf2c/libU77/hostnm_.c
3 libf2c/libI77/open.c
3 libf2c/libI77/inquire.c
3 gcc/boehm-gc/mark_rts.c
1 fastjar/jartool.c
Number of warning types:
128 function-like macro \`FI' must be used with arguments in traditional C
128 function-like macro \`FH' must be used with arguments in traditional C
128 function-like macro \`FG' must be used with arguments in traditional C
51 \`???' might be used uninitialized in this function
32 signed and unsigned type in conditional expression
24 suggest parentheses around + or - inside shift
19 unused
12 \`???' defined but not used
11 unused parameter \`???'
9 this decimal constant is unsigned only in ISO
8 suggest parentheses around assignment used as truth value
6 unused parameter
6 suggest parentheses around arithmetic in operand of |
6 ISO C90 does not support \`static' or type qualifiers in parameter array declarators
4 \`???' defined but
3 implicit declaration of function \`???'
3 function returns address of local variable
3 division: function singularity
3 comparison between signed and unsigned
3 \`???'
2 unused
1 string length \`???' is greater than the length \`???' ISO C89 compilers are required to support
Counting all warnings,
there are 24 warnings in stage3 of this bootstrap.
Number of warnings per file:
6 gcc/gcc.c
4 gcc/libgcc2.c
3 /usr/share/bison/bison.simple
3 gcc/java/class.c
2 gcc/java/lex.c
2 gcc/cp/decl.c
1 gcc/ra-build.c
1 gcc/java/jvspec.c
1 gcc/function.c
1 gcc/c-opts.c
Number of warning types:
6 \`???' might be used uninitialized in this function
6 cast from pointer to integer of different size
4 string length \`???' is greater than the length \`???' ISO C89 compilers are required to support
3 traditional C rejects string concatenation
3 label \`???' defined but not used
2 \`long' switch expression not converted to \`int' in ISO C