This is the mail archive of the
gcc-testresults@gcc.gnu.org
mailing list for the GCC project.
Results for 3.3 20020912 (experimental) testsuite on sparc-unknown-linux-gnu
- From: <christian at j-son dot org>
- To: gcc-testresults at gcc dot gnu dot org
- Date: Fri, 13 Sep 2002 00:17:50 +0200
- Subject: Results for 3.3 20020912 (experimental) testsuite on sparc-unknown-linux-gnu
This was on a Aurora SPARC Linux 0.32 build (Nashville) Ultra1
sun4u system with these packages:
binutils-2.11.93.0.2-11sparc
dejagnu-1.4.2-6 (from rawhide)
gcc-2.96-111
glibc-2.2.5-36
kernel-2.4.18-0.998sparc
LAST_UPDATED: Thu Sep 12 09:51:29 UTC 2002
Native configuration is sparc-unknown-linux-gnu
=== g77 tests ===
Running target unix
FAIL: g77.dg/7388.f execution test
FAIL: g77.dg/7388.f execution test
=== g77 Summary ===
# of expected passes 1636
# of unexpected failures 2
# of unsupported tests 8
/usr/local/src/gcc+binutils/trunk/objdir/gcc/testsuite/../g77 version 3.3 20020912 (experimental)
=== gcc tests ===
Running target unix
WARNING: program timed out.
FAIL: compile/20001226-1.c, -O3 -g
WARNING: program timed out.
FAIL: compile/20001226-1.c, -Os
FAIL: execute/strncmp-1.c execution, -O0
FAIL: execute/strncmp-1.c execution, -O1
FAIL: execute/strncmp-1.c execution, -O2
FAIL: execute/strncmp-1.c execution, -O3 -fomit-frame-pointer
FAIL: execute/strncmp-1.c execution, -O3 -fomit-frame-pointer -funroll-loops
FAIL: execute/strncmp-1.c execution, -O3 -fomit-frame-pointer -funroll-all-loops -finline-functions
FAIL: execute/strncmp-1.c execution, -O3 -g
FAIL: execute/strncmp-1.c execution, -Os
FAIL: gcc.dg/cpp/Wunused.c (test for excess errors)
FAIL: gcc.dg/cpp/trad/Wunused.c (test for excess errors)
FAIL: gcc.dg/noncompile/incomplete-1.c (test for excess errors)
=== gcc Summary ===
# of expected passes 20292
# of unexpected failures 13
# of expected failures 62
# of unsupported tests 130
/usr/local/src/gcc+binutils/trunk/objdir/gcc/xgcc version 3.3 20020912 (experimental)
=== g++ tests ===
Running target unix
FAIL: g++.dg/warn/Wunused-2.C (test for warnings, line 5)
FAIL: g++.oliva/typeof1.C (test for excess errors)
=== g++ Summary ===
# of expected passes 7493
# of unexpected failures 2
# of expected failures 90
# of untested testcases 22
# of unsupported tests 5
/usr/local/src/gcc+binutils/trunk/objdir/gcc/testsuite/../g++ version 3.3 20020912 (experimental)
=== objc tests ===
Running target unix
=== objc Summary ===
# of expected passes 1079
/usr/local/src/gcc+binutils/trunk/objdir/gcc/xgcc version 3.3 20020912 (experimental)
=== libjava tests ===
Running target unix
FAIL: PR1343 compilation from bytecode
FAIL: PR1343 -O compilation from bytecode
FAIL: Array_3 compilation from bytecode
FAIL: Array_3 -O execution - source compiled test
FAIL: Array_3 -O compilation from bytecode
=== libjava Summary ===
# of expected passes 2203
# of unexpected failures 5
# of expected failures 14
# of untested testcases 13
=== libstdc++-v3 tests ===
Running target unix
XPASS: 22_locale/ctype_is_wchar_t.cc execution test
FAIL: 26_numerics/c99_classification_macros_c.cc (test for excess errors)
WARNING: program timed out.
FAIL: thread/pthread5.cc execution test
=== libstdc++-v3 Summary ===
# of expected passes 416
# of unexpected failures 2
# of unexpected successes 1
# of expected failures 26
Compiler version: 3.3 20020912 (experimental)
Platform: sparc-unknown-linux-gnu
configure flags: --host=sparc-linux --prefix=/usr --enable-shared --with-gnu-as --with-gnu-ld --with-system-zlib --enable-long-long --enable-languages=c,c++,f77,java,objc --enable-nls --enable-symvers --without-x --without-included-gettext --disable-checking
Counting all warnings,
there are 250 warnings in stage0 of this bootstrap.
Number of warnings per file:
192 libiberty/md5.c
20 libiberty/regex.c
5 libjava/java/lang/natClassLoader.cc
4 libjava/java/lang/strtod.c
4 libjava/java/lang/dtoa.c
3 libjava/java/lang/e_exp.c
3 libf2c/libI77/rsne.c
2 libjava/java/lang/w_exp.c
2 libjava/gnu/gcj/runtime/natNameFinder.cc
2 include/xregex2.h
1 libobjc/encoding.c
1 libjava/prims.cc
1 libjava/java/lang/natVMThrowable.cc
1 libjava/java/lang/e_rem_pio2.c
1 libjava/java/lang/e_log.c
1 libjava/java/lang/e_asin.c
1 libjava/gnu/gcj/runtime/natSharedLibLoader.cc
1 libjava/gnu/gcj/io/shs.cc
1 libf2c/libU77/hostnm_.c
1 libf2c/libI77/open.c
1 libf2c/libI77/inquire.c
1 gcc/boehm-gc/mark_rts.c
1 fastjar/jartool.c
Number of warning types:
64 function-like macro \`FI' must be used with arguments in traditional C
64 function-like macro \`FH' must be used with arguments in traditional C
64 function-like macro \`FG' must be used with arguments in traditional C
17 \`???' might be used uninitialized in this function
16 signed and unsigned type in conditional expression
9 unused
4 unused parameter \`???'
3 \`???' defined but not used
2 ISO C90 does not support \`static' or type qualifiers in parameter array declarators
1 unused
1 string length \`???' is greater than the length \`???' ISO C89 compilers are required to support
1 implicit declaration of function \`???'
1 function returns address of local variable
1 division: function singularity
1 comparison between signed and unsigned
1 \`
Counting all warnings,
there are 10 warnings in stage3 of this bootstrap.
Number of warnings per file:
3 /usr/share/bison/bison.simple
2 gcc/java/lex.c
2 gcc/gcc.c
1 gcc/java/jvspec.c
1 gcc/function.c
1 gcc/emit-rtl.c
Number of warning types:
3 string length \`???' is greater than the length \`???' ISO C89 compilers are required to support
3 label \`???' defined but not used
2 \`???' might be used uninitialized in this function
1 signed and unsigned type in conditional expression
1 comparison between signed and unsigned