This is the mail archive of the
gcc-testresults@gcc.gnu.org
mailing list for the GCC project.
Results for 3.3 20020909 (experimental) testsuite on ia64-unknown-linux-gnu
- From: Tim Prince <tprince at computer dot org>
- To: gcc-testresults at gcc dot gnu dot org
- Date: Thu, 12 Sep 2002 05:54:39 -0700
- Subject: Results for 3.3 20020909 (experimental) testsuite on ia64-unknown-linux-gnu
- Reply-to: tprince at computer dot org
run on hp redhat linux, kernel 2.4.17-4, with fnma active (PR7198)
several as warnings are treated as failures
--
Tim Prince
Native configuration is ia64-unknown-linux-gnu
=== g77 tests ===
Running target unix
FAIL: g77.dg/7388.f execution test
=== g77 Summary ===
# of expected passes 1637
# of unexpected failures 1
# of unsupported tests 8
/home/tim/src/gnu/gcc-20020909/l64/gcc/testsuite/../g77 version 3.3 20020909
(experimental)
=== gcc tests ===
Running target unix
XPASS: gcc.c-torture/compile/981223-1.c, -O2
XPASS: gcc.c-torture/compile/981223-1.c, -O3 -fomit-frame-pointer
XPASS: gcc.c-torture/compile/981223-1.c, -O3 -g
XPASS: gcc.c-torture/compile/981223-1.c, -Os
FAIL: gcc.c-torture/execute/ieee/fp-cmp-5.c compilation, -O1
UNRESOLVED: gcc.c-torture/execute/ieee/fp-cmp-5.c execution, -O1
FAIL: gcc.c-torture/execute/ieee/fp-cmp-5.c compilation, -O2
UNRESOLVED: gcc.c-torture/execute/ieee/fp-cmp-5.c execution, -O2
FAIL: gcc.c-torture/execute/ieee/fp-cmp-5.c compilation, -O3
-fomit-frame-pointer
UNRESOLVED: gcc.c-torture/execute/ieee/fp-cmp-5.c execution, -O3
-fomit-frame-pointer
FAIL: gcc.c-torture/execute/ieee/fp-cmp-5.c compilation, -O3
-fomit-frame-pointer -funroll-loops
UNRESOLVED: gcc.c-torture/execute/ieee/fp-cmp-5.c execution, -O3
-fomit-frame-pointer -funroll-loops
FAIL: gcc.c-torture/execute/ieee/fp-cmp-5.c compilation, -O3
-fomit-frame-pointer -funroll-all-loops -finline-functions
UNRESOLVED: gcc.c-torture/execute/ieee/fp-cmp-5.c execution, -O3
-fomit-frame-pointer -funroll-all-loops -finline-functions
FAIL: gcc.c-torture/execute/ieee/fp-cmp-5.c compilation, -O3 -g
UNRESOLVED: gcc.c-torture/execute/ieee/fp-cmp-5.c execution, -O3 -g
FAIL: gcc.c-torture/execute/ieee/fp-cmp-5.c compilation, -Os
UNRESOLVED: gcc.c-torture/execute/ieee/fp-cmp-5.c execution, -Os
FAIL: gcc.dg/ia64-visibility-1.c (test for excess errors)
FAIL: gcc.dg/ia64-visibility-1.c scan-assembler \\.hidden.*variable_j
FAIL: gcc.dg/ia64-visibility-1.c scan-assembler \\.hidden.*variable_m
FAIL: gcc.dg/ia64-visibility-1.c scan-assembler \\.protected.*baz
FAIL: gcc.dg/ia64-visibility-2.c (test for excess errors)
FAIL: gcc.dg/nest.c execution test
FAIL: gcc.dg/noncompile/incomplete-1.c (test for excess errors)
=== gcc Summary ===
# of expected passes 19916
# of unexpected failures 14
# of unexpected successes 4
# of expected failures 77
# of unresolved testcases 7
# of unsupported tests 127
/home/tim/src/gnu/gcc-20020909/l64/gcc/xgcc version 3.3 20020909
(experimental)
=== g++ tests ===
Running target unix
FAIL: g++.dg/warn/Wunused-2.C (test for warnings, line 5)
FAIL: g++.law/profile1.C Execution test
FAIL: g++.oliva/typeof1.C (test for excess errors)
FAIL: g++.pt/repo3.C (test for excess errors)
=== g++ Summary ===
# of expected passes 7271
# of unexpected failures 4
# of expected failures 90
# of untested testcases 23
# of unsupported tests 6
/home/tim/src/gnu/gcc-20020909/l64/gcc/testsuite/../g++ version 3.3 20020909
(experimental)
=== objc tests ===
Running target unix
=== objc Summary ===
# of expected passes 1079
/home/tim/src/gnu/gcc-20020909/l64/gcc/xgcc version 3.3 20020909
(experimental)
=== libstdc++-v3 tests ===
Running target unix
XPASS: 22_locale/ctype_is_char.cc execution test
XPASS: 22_locale/ctype_is_wchar_t.cc execution test
XPASS: 22_locale/members.cc execution test
XPASS: 22_locale/messages_byname.cc execution test
XPASS: 22_locale/messages_members_char.cc execution test
XPASS: 22_locale/money_get_members_char.cc execution test
XPASS: 22_locale/money_get_members_wchar_t.cc execution test
XPASS: 22_locale/money_put_members_char.cc execution test
XPASS: 22_locale/money_put_members_wchar_t.cc execution test
XPASS: 22_locale/moneypunct_byname.cc execution test
XPASS: 22_locale/moneypunct_members_char.cc execution test
XPASS: 22_locale/moneypunct_members_wchar_t.cc execution test
XPASS: 22_locale/num_get_members_char.cc execution test
XPASS: 22_locale/num_get_members_wchar_t.cc execution test
XPASS: 22_locale/num_put_members_char.cc execution test
XPASS: 22_locale/num_put_members_wchar_t.cc execution test
XPASS: 22_locale/numpunct_byname.cc execution test
XPASS: 22_locale/numpunct_members_char.cc execution test
XPASS: 22_locale/numpunct_members_wchar_t.cc execution test
XPASS: 22_locale/time_get_members_char.cc execution test
XPASS: 22_locale/time_get_members_wchar_t.cc execution test
XPASS: 22_locale/time_put_members_char.cc execution test
XPASS: 22_locale/time_put_members_wchar_t.cc execution test
FAIL: 26_numerics/c99_classification_macros_c.cc (test for excess errors)
=== libstdc++-v3 Summary ===
# of expected passes 417
# of unexpected failures 1
# of unexpected successes 23
# of expected failures 4
Compiler version: 3.3 20020909 (experimental)
Platform: ia64-unknown-linux-gnu
configure flags: --host=ia64-unknown-linux-gnu
BOOT_CFLAGS=-O2 -pipe
E