This is the mail archive of the gcc-testresults@gcc.gnu.org mailing list for the GCC project.


Index Nav: [Date Index] [Subject Index] [Author Index] [Thread Index]
Message Nav: [Date Prev] [Date Next] [Thread Prev] [Thread Next]
Other format: [Raw text]

Results for 3.3 20020910 (experimental) testsuite on sparc-sun-solaris2.7


LAST_UPDATED: 
Native configuration is sparc-sun-solaris2.7

		=== g++ tests ===


Running target unix
FAIL: g++.dg/warn/Wunused-2.C  (test for warnings, line 5)
FAIL: g++.dg/special/conpr-2.C execution test
FAIL: g++.dg/special/conpr-3.C execution test
FAIL: g++.dg/special/initp1.C execution test
FAIL: g++.oliva/typeof1.C (test for excess errors)

		=== g++ Summary ===

# of expected passes		7496
# of unexpected failures	5
# of expected failures		90
# of untested testcases		21
# of unsupported tests		4
/teal/caip5/ghazi/gcc-testing/build/gcc/testsuite/../g++ version 3.3 20020910 (experimental)

		=== g77 tests ===


Running target unix
FAIL: g77.dg/7388.f execution test
FAIL: g77.dg/7388.f execution test

		=== g77 Summary ===

# of expected passes		1636
# of unexpected failures	2
# of unsupported tests		8
/teal/caip5/ghazi/gcc-testing/build/gcc/testsuite/../g77 version 3.3 20020910 (experimental)

		=== gcc tests ===


Running target unix
WARNING: program timed out.
FAIL: gcc.c-torture/compile/20001226-1.c,  -O3 -g  
FAIL: gcc.dg/noncompile/incomplete-1.c (test for excess errors)
UNRESOLVED: weak-1.c
UNRESOLVED: weak-2.c
UNRESOLVED: wkali-1.c
UNRESOLVED: wkali-2.c
UNRESOLVED: gcc.dg/weak

		=== gcc Summary ===

# of expected passes		20204
# of unexpected failures	2
# of expected failures		62
# of unresolved testcases	5
# of unsupported tests		131
/teal/caip5/ghazi/gcc-testing/build/gcc/xgcc version 3.3 20020910 (experimental)

		=== objc tests ===


Running target unix

		=== objc Summary ===

# of expected passes		1079
/teal/caip5/ghazi/gcc-testing/build/gcc/xgcc version 3.3 20020910 (experimental)

		=== libstdc++-v3 tests ===


Running target unix
XPASS: 22_locale/collate_members_wchar_t.cc execution test
XPASS: 22_locale/ctype_is_wchar_t.cc execution test
XPASS: 22_locale/money_get_members_wchar_t.cc execution test
XPASS: 22_locale/money_put_members_wchar_t.cc execution test
XPASS: 22_locale/moneypunct_members_wchar_t.cc execution test
XPASS: 22_locale/num_get_members_wchar_t.cc execution test
XPASS: 22_locale/num_put_members_wchar_t.cc execution test
XPASS: 22_locale/numpunct_members_wchar_t.cc execution test
XPASS: 22_locale/time_get_members_wchar_t.cc execution test
XPASS: 22_locale/time_put_members_wchar_t.cc execution test
FAIL: 27_io/istream_extractor_arith.cc execution test

		=== libstdc++-v3 Summary ===

# of expected passes		417
# of unexpected failures	1
# of unexpected successes	10
# of expected failures		17

Compiler version: 3.3 20020910 (experimental) 
Platform: sparc-sun-solaris2.7
configure flags: --host=sparc-sun-solaris2.7 --verbose --enable-languages=c,objc,c++,f77


Index Nav: [Date Index] [Subject Index] [Author Index] [Thread Index]
Message Nav: [Date Prev] [Date Next] [Thread Prev] [Thread Next]