This is the mail archive of the gcc-testresults@gcc.gnu.org mailing list for the GCC project.


Index Nav: [Date Index] [Subject Index] [Author Index] [Thread Index]
Message Nav: [Date Prev] [Date Next] [Thread Prev] [Thread Next]
Other format: [Raw text]

Results for 3.2 testsuite on alpha-unknown-linux-gnu


LAST_UPDATED: 
Native configuration is alpha-unknown-linux-gnu

        === g++ tests ===


Running target unix
FAIL: g++.abi/ptrflags.C  Execution test
FAIL: g++.eh/catchptr1.C  Execution test
FAIL: g++.other/inline7.C  Execution test
FAIL: g++.other/inline8.C  Execution test
FAIL: g++.other/new3.C  Execution test
FAIL: g++.pt/repo3.C (test for excess errors)
FAIL: g++.robertl/eb73.C  Execution test

        === g++ Summary ===

# of expected passes        7236
# of unexpected failures    7
# of expected failures        88
# of untested testcases        22
# of unsupported tests        6
/usr2/src/gcc-3.2-obj/gcc/testsuite/../g++ version 3.2

        === gcc tests ===


Running target unix

        === gcc Summary ===

# of expected passes        226
/usr2/src/gcc-3.2-obj/gcc/xgcc version 3.2


Compiler version: 3.2 
Platform: alpha-unknown-linux-gnu
configure flags: --host=alpha-unknown-linux-gnu --prefix=/usr/local/gcc-3.2 --enable-languages=c++


Index Nav: [Date Index] [Subject Index] [Author Index] [Thread Index]
Message Nav: [Date Prev] [Date Next] [Thread Prev] [Thread Next]