This is the mail archive of the
gcc-testresults@gcc.gnu.org
mailing list for the GCC project.
Results for 3.3 20020902 (experimental) testsuite on sparc64-unknown-netbsd
- From: thorpej at shagadelic dot org (Jason R Thorpe)
- To: gcc-testresults at gcc dot gnu dot org
- Date: Wed, 4 Sep 2002 16:03:14 -0700 (PDT)
- Subject: Results for 3.3 20020902 (experimental) testsuite on sparc64-unknown-netbsd
LAST_UPDATED: Mon Sep 2 18:45:28 UTC 2002
Native configuration is sparc64-unknown-netbsd
=== g++ tests ===
Running target unix
FAIL: g++.dg/parse/stack1.C (test for excess errors)
FAIL: g++.dg/warn/Wunused-2.C (test for warnings, line 5)
FAIL: 57: expected branch percentages not found: 25
FAIL: 70: expected branch percentages not found: 32
FAIL: 114: expected branch percentages not found: 7
FAIL: 174: expected branch percentages not found: 17
FAIL: 201: expected branch percentages not found: 27 25
FAIL: 207: expected branch percentages not found: 40
FAIL: 213: expected branch percentages not found: 9 11
FAIL: 258: expected branch percentages not found: 25
FAIL: g++.dg/gcov/gcov-1.C gcov: 0 failures in line counts, 8 in branch percentages, 0 in return percentages
FAIL: g++.oliva/typeof1.C (test for excess errors)
=== g++ Summary ===
# of expected passes 7481
# of unexpected failures 12
# of expected failures 90
# of untested testcases 23
# of unsupported tests 5
/nfs-frau-farbissina-u2/hack/gnu-toolchain/gcc/build/sparc64-sparc64/gcc/testsuite/../g++ version 3.3 20020902 (experimental)
=== g77 tests ===
Running target unix
FAIL: 135: expected branch percentages not found: 5
FAIL: 249: expected branch percentages not found: 25
FAIL: 262: expected branch percentages not found: 40
FAIL: 371: expected branch percentages not found: 17
FAIL: 406: expected branch percentages not found: 27 25
FAIL: 413: expected branch percentages not found: 40
FAIL: 422: expected branch percentages not found: 9 11
FAIL: g77.dg/gcov/gcov-1.f gcov: 0 failures in line counts, 7 in branch percentages, 0 in return percentages
=== g77 Summary ===
# of expected passes 1625
# of unexpected failures 8
# of unsupported tests 8
/nfs-frau-farbissina-u2/hack/gnu-toolchain/gcc/build/sparc64-sparc64/gcc/testsuite/../g77 version 3.3 20020902 (experimental)
=== gcc tests ===
Running target unix
WARNING: program timed out.
FAIL: gcc.c-torture/compile/20001226-1.c, -O0
WARNING: program timed out.
FAIL: gcc.c-torture/compile/20001226-1.c, -O1
WARNING: program timed out.
FAIL: gcc.c-torture/compile/20001226-1.c, -O2
WARNING: program timed out.
FAIL: gcc.c-torture/compile/20001226-1.c, -O3 -fomit-frame-pointer
WARNING: program timed out.
FAIL: gcc.c-torture/compile/20001226-1.c, -O3 -g
WARNING: program timed out.
FAIL: gcc.c-torture/compile/20001226-1.c, -Os
XPASS: gcc.c-torture/execute/20020227-1.c execution, -O0
XPASS: gcc.c-torture/execute/20020227-1.c execution, -O1
FAIL: gcc.c-torture/execute/20020720-1.c compilation, -O1
UNRESOLVED: gcc.c-torture/execute/20020720-1.c execution, -O1
FAIL: gcc.c-torture/execute/20020720-1.c compilation, -O2
UNRESOLVED: gcc.c-torture/execute/20020720-1.c execution, -O2
FAIL: gcc.c-torture/execute/20020720-1.c compilation, -O3 -fomit-frame-pointer
UNRESOLVED: gcc.c-torture/execute/20020720-1.c execution, -O3 -fomit-frame-pointer
FAIL: gcc.c-torture/execute/20020720-1.c compilation, -O3 -g
UNRESOLVED: gcc.c-torture/execute/20020720-1.c execution, -O3 -g
FAIL: gcc.c-torture/execute/20020720-1.c compilation, -Os
UNRESOLVED: gcc.c-torture/execute/20020720-1.c execution, -Os
FAIL: gcc.c-torture/execute/930921-1.c compilation, -O3 -fomit-frame-pointer -funroll-loops
UNRESOLVED: gcc.c-torture/execute/930921-1.c execution, -O3 -fomit-frame-pointer -funroll-loops
FAIL: gcc.c-torture/execute/930921-1.c compilation, -O3 -fomit-frame-pointer -funroll-all-loops -finline-functions
UNRESOLVED: gcc.c-torture/execute/930921-1.c execution, -O3 -fomit-frame-pointer -funroll-all-loops -finline-functions
FAIL: gcc.c-torture/execute/960218-1.c compilation, -O0
UNRESOLVED: gcc.c-torture/execute/960218-1.c execution, -O0
FAIL: gcc.c-torture/execute/960218-1.c compilation, -O1
UNRESOLVED: gcc.c-torture/execute/960218-1.c execution, -O1
FAIL: gcc.c-torture/execute/960218-1.c compilation, -O2
UNRESOLVED: gcc.c-torture/execute/960218-1.c execution, -O2
FAIL: gcc.c-torture/execute/960218-1.c compilation, -O3 -fomit-frame-pointer
UNRESOLVED: gcc.c-torture/execute/960218-1.c execution, -O3 -fomit-frame-pointer
FAIL: gcc.c-torture/execute/960218-1.c compilation, -O3 -fomit-frame-pointer -funroll-loops
UNRESOLVED: gcc.c-torture/execute/960218-1.c execution, -O3 -fomit-frame-pointer -funroll-loops
FAIL: gcc.c-torture/execute/960218-1.c compilation, -O3 -fomit-frame-pointer -funroll-all-loops -finline-functions
UNRESOLVED: gcc.c-torture/execute/960218-1.c execution, -O3 -fomit-frame-pointer -funroll-all-loops -finline-functions
FAIL: gcc.c-torture/execute/960218-1.c compilation, -O3 -g
UNRESOLVED: gcc.c-torture/execute/960218-1.c execution, -O3 -g
FAIL: gcc.c-torture/execute/960218-1.c compilation, -Os
UNRESOLVED: gcc.c-torture/execute/960218-1.c execution, -Os
FAIL: gcc.c-torture/execute/conversion.c execution, -O0
FAIL: gcc.c-torture/execute/conversion.c execution, -O1
FAIL: gcc.c-torture/execute/conversion.c execution, -O2
FAIL: gcc.c-torture/execute/conversion.c execution, -O3 -fomit-frame-pointer
FAIL: gcc.c-torture/execute/conversion.c execution, -O3 -g
FAIL: gcc.c-torture/execute/conversion.c execution, -Os
FAIL: gcc.c-torture/execute/ieee/20010226-1.c execution, -O0
FAIL: gcc.c-torture/execute/ieee/20010226-1.c execution, -O1
FAIL: gcc.c-torture/execute/ieee/20010226-1.c execution, -O2
FAIL: gcc.c-torture/execute/ieee/20010226-1.c execution, -O3 -fomit-frame-pointer
FAIL: gcc.c-torture/execute/ieee/20010226-1.c execution, -O3 -g
FAIL: gcc.c-torture/execute/ieee/20010226-1.c execution, -Os
FAIL: gcc.c-torture/execute/ieee/rbug.c execution, -O0
FAIL: gcc.c-torture/execute/ieee/rbug.c execution, -O1
FAIL: gcc.c-torture/execute/ieee/rbug.c execution, -O2
FAIL: gcc.c-torture/execute/ieee/rbug.c execution, -O3 -fomit-frame-pointer
FAIL: gcc.c-torture/execute/ieee/rbug.c execution, -O3 -g
FAIL: gcc.c-torture/execute/ieee/rbug.c execution, -Os
FAIL: gcc.dg/cpp/Wunused.c (test for excess errors)
FAIL: gcc.dg/cpp/trad/Wunused.c (test for excess errors)
FAIL: gcc.dg/20001013-1.c (test for excess errors)
WARNING: gcc.dg/20001013-1.c compilation failed to produce executable
FAIL: gcc.dg/20001101-1.c (test for excess errors)
WARNING: gcc.dg/20001101-1.c compilation failed to produce executable
FAIL: gcc.dg/20001102-1.c (test for excess errors)
WARNING: gcc.dg/20001102-1.c compilation failed to produce executable
FAIL: gcc.dg/20020425-1.c (test for excess errors)
WARNING: program timed out.
WARNING: program timed out.
FAIL: gcc.dg/c99-intconst-1.c (test for excess errors)
FAIL: gcc.dg/noncompile/incomplete-1.c (test for excess errors)
FAIL: 24: expected branch percentages not found: 25
FAIL: 37: expected branch percentages not found: 32
FAIL: 79: expected branch percentages not found: 7
FAIL: 133: expected branch percentages not found: 17
FAIL: 155: expected branch percentages not found: 27 25
FAIL: 160: expected branch percentages not found: 40
FAIL: 165: expected branch percentages not found: 9 11
FAIL: 209: expected branch percentages not found: 25
FAIL: gcc.misc-tests/gcov-4b.c gcov: 0 failures in line counts, 8 in branch percentages, 0 in return percentages
FAIL: 34: expected return percentages not found: 75
FAIL: gcc.misc-tests/gcov-6.c gcov: 0 failures in line counts, 0 in branch percentages, 1 in return percentages
FAIL: 74: expected branch percentages not found: 33
FAIL: 79: expected return percentages not found: 33
FAIL: gcc.misc-tests/gcov-7.c gcov: 0 failures in line counts, 1 in branch percentages, 1 in return percentages
=== gcc Summary ===
# of expected passes 20145
# of unexpected failures 61
# of unexpected successes 2
# of expected failures 68
# of unresolved testcases 15
# of unsupported tests 130
/nfs-frau-farbissina-u2/hack/gnu-toolchain/gcc/build/sparc64-sparc64/gcc/xgcc version 3.3 20020902 (experimental)
=== objc tests ===
Running target unix
=== objc Summary ===
# of expected passes 1055
# of expected failures 6
/nfs-frau-farbissina-u2/hack/gnu-toolchain/gcc/build/sparc64-sparc64/gcc/xgcc version 3.3 20020902 (experimental)
=== libstdc++-v3 tests ===
Running target unix
XPASS: 22_locale/collate_members_wchar_t.cc execution test
XPASS: 22_locale/ctype_is_wchar_t.cc execution test
XPASS: 22_locale/money_get_members_wchar_t.cc execution test
XPASS: 22_locale/money_put_members_wchar_t.cc execution test
XPASS: 22_locale/moneypunct_members_wchar_t.cc execution test
XPASS: 22_locale/num_get_members_wchar_t.cc execution test
XPASS: 22_locale/num_put_members_wchar_t.cc execution test
XPASS: 22_locale/numpunct_members_wchar_t.cc execution test
XPASS: 22_locale/time_get_members_wchar_t.cc execution test
XPASS: 22_locale/time_put_members_wchar_t.cc execution test
WARNING: program timed out.
FAIL: 26_numerics/valarray_name_lookup.cc (test for excess errors)
=== libstdc++-v3 Summary ===
# of expected passes 405
# of unexpected failures 1
# of unexpected successes 10
# of expected failures 17
# of unsupported tests 6
Compiler version: 3.3 20020902 (experimental)
Platform: sparc64-unknown-netbsd
configure flags: --prefix=/usr/local/gnu --disable-shared --host=sparc64-unknown-netbsd --target=sparc64-unknown-netbsd