This is the mail archive of the gcc-testresults@gcc.gnu.org mailing list for the GCC project.


Index Nav: [Date Index] [Subject Index] [Author Index] [Thread Index]
Message Nav: [Date Prev] [Date Next] [Thread Prev] [Thread Next]
Other format: [Raw text]

Results for 3.3 20020903 (experimental) testsuite on i686-pc-linux-gnu


LAST_UPDATED: Tue Sep  3 19:08:15 UTC 2002

Native configuration is i686-pc-linux-gnu

		=== g++ tests ===


Running target unix
FAIL: g++.dg/warn/Wunused-2.C  (test for warnings, line 5)
FAIL: g++.oliva/typeof1.C (test for excess errors)

		=== g++ Summary ===

# of expected passes		7510
# of unexpected failures	2
# of expected failures		90
# of untested testcases		9
# of unsupported tests		3
/home/dave/gnu/gcc-3.3/objdir/gcc/testsuite/../g++ version 3.3 20020903 (experimental)

		=== g77 tests ===


Running target unix

		=== g77 Summary ===

# of expected passes		1642
/home/dave/gnu/gcc-3.3/objdir/gcc/testsuite/../g77 version 3.3 20020903 (experimental)

		=== gcc tests ===


Running target unix
FAIL: gcc.dg/format/ext-1.c printf_unlocked (test for warnings, line 125)
FAIL: gcc.dg/format/ext-1.c (test for excess errors)
FAIL: gcc.dg/format/ext-3.c bad %-0 (test for warnings, line 212)
FAIL: gcc.dg/format/ext-3.c bad %_0 (test for warnings, line 213)
FAIL: gcc.dg/format/ext-3.c bad %^# (test for warnings, line 215)
FAIL: gcc.dg/format/ext-3.c (test for excess errors)
FAIL: gcc.dg/noncompile/incomplete-1.c (test for excess errors)

		=== gcc Summary ===

# of expected passes		20373
# of unexpected failures	7
# of expected failures		65
# of unsupported tests		62
/home/dave/gnu/gcc-3.3/objdir/gcc/xgcc version 3.3 20020903 (experimental)

		=== objc tests ===


Running target unix

		=== objc Summary ===

# of expected passes		1067
# of expected failures		6
/home/dave/gnu/gcc-3.3/objdir/gcc/xgcc version 3.3 20020903 (experimental)

		=== libjava tests ===


Running target unix
FAIL: PR1343 compilation from bytecode
FAIL: PR1343 -O compilation from bytecode
FAIL: Array_3 compilation from bytecode
FAIL: Array_3 -O execution - source compiled test
FAIL: Array_3 -O compilation from bytecode

		=== libjava Summary ===

# of expected passes		2687
# of unexpected failures	5
# of expected failures		14
# of untested testcases		13
		=== libstdc++-v3 tests ===


Running target unix
FAIL: 18_support/numeric_limits.cc execution test
XPASS: 22_locale/ctype_is_wchar_t.cc execution test
XPASS: 22_locale/time_put_members_char.cc execution test
XPASS: 22_locale/time_put_members_wchar_t.cc execution test
FAIL: 26_numerics/c99_classification_macros_c.cc (test for excess errors)

		=== libstdc++-v3 Summary ===

# of expected passes		416
# of unexpected failures	2
# of unexpected successes	3
# of expected failures		24

Compiler version: 3.3 20020903 (experimental) 
Platform: i686-pc-linux-gnu
configure flags: --host=i686-pc-linux-gnu --with-gnu-as --with-as=/usr/local/bin/as --with-gnu-ld --with-ld=/usr/local/bin/ld --enable-shared --disable-nls --prefix=/usr/local --enable-threads=posix


Index Nav: [Date Index] [Subject Index] [Author Index] [Thread Index]
Message Nav: [Date Prev] [Date Next] [Thread Prev] [Thread Next]