This is the mail archive of the
gcc-testresults@gcc.gnu.org
mailing list for the GCC project.
Results for 3.2.1 20020830 (prerelease) testsuite on mips-sgi-irix6.5
- From: "Billinghurst, David (CRTS)" <David dot Billinghurst at riotinto dot com>
- To: <gcc-testresults at gcc dot gnu dot org>
- Date: Mon, 2 Sep 2002 09:42:32 +1000
- Subject: Results for 3.2.1 20020830 (prerelease) testsuite on mips-sgi-irix6.5
LAST_UPDATED: Fri Aug 30 07:42:38 2002
Native configuration is mips-sgi-irix6.5
=== g77 tests ===
Running target unix
=== gcc tests ===
Running target unix
WARNING: program timed out.
FAIL: gcc.c-torture/compile/20001226-1.c, -O2
WARNING: program timed out.
FAIL: gcc.c-torture/compile/20001226-1.c, -O3 -fomit-frame-pointer
WARNING: program timed out.
FAIL: gcc.c-torture/compile/20001226-1.c, -O3 -g
WARNING: program timed out.
FAIL: gcc.c-torture/compile/20001226-1.c, -Os
FAIL: gcc.c-torture/execute/20020307-2.c execution, -O0
FAIL: gcc.c-torture/execute/20020307-2.c execution, -O1
FAIL: gcc.c-torture/execute/20020307-2.c execution, -O2
FAIL: gcc.c-torture/execute/20020307-2.c execution, -O3 -fomit-frame-pointer
FAIL: gcc.c-torture/execute/20020307-2.c execution, -O3 -fomit-frame-pointer -funroll-loops
FAIL: gcc.c-torture/execute/20020307-2.c execution, -O3 -fomit-frame-pointer -funroll-all-loops -finline-functions
FAIL: gcc.c-torture/execute/20020307-2.c execution, -O3 -g
FAIL: gcc.c-torture/execute/20020307-2.c execution, -Os
=== gcc Summary for unix ===
# of expected passes 18039
# of unexpected failures 12
# of expected failures 101
# of unsupported tests 124
Running target unix/-mabi=64
WARNING: program timed out.
FAIL: gcc.c-torture/compile/20001226-1.c, -O2
WARNING: program timed out.
FAIL: gcc.c-torture/compile/20001226-1.c, -O3 -fomit-frame-pointer
WARNING: program timed out.
FAIL: gcc.c-torture/compile/20001226-1.c, -O3 -g
WARNING: program timed out.
FAIL: gcc.c-torture/compile/20001226-1.c, -Os
FAIL: gcc.c-torture/compile/980511-1.c, -O3 -g
FAIL: gcc.c-torture/compile/980511-1.c, -Os
FAIL: gcc.c-torture/compile/980701-1.c, -O0
FAIL: gcc.c-torture/compile/980701-1.c, -O1
FAIL: gcc.c-torture/compile/980701-1.c, -O2
FAIL: gcc.c-torture/compile/980701-1.c, -O3 -fomit-frame-pointer
FAIL: gcc.c-torture/compile/980701-1.c, -O3 -g
FAIL: gcc.c-torture/compile/980701-1.c, -Os
FAIL: gcc.c-torture/compile/980821-1.c, -O0
FAIL: gcc.c-torture/compile/980821-1.c, -O1
FAIL: gcc.c-torture/compile/980821-1.c, -O2
FAIL: gcc.c-torture/compile/980821-1.c, -O3 -fomit-frame-pointer
FAIL: gcc.c-torture/compile/980821-1.c, -O3 -fomit-frame-pointer -funroll-loops
FAIL: gcc.c-torture/compile/980821-1.c, -O3 -fomit-frame-pointer -funroll-all-loops -finline-functions
FAIL: gcc.c-torture/compile/980821-1.c, -O3 -g
FAIL: gcc.c-torture/compile/980821-1.c, -Os
FAIL: gcc.c-torture/compile/981001-3.c, -O0
FAIL: gcc.c-torture/compile/981001-3.c, -O1
FAIL: gcc.c-torture/compile/981001-3.c, -O2
FAIL: gcc.c-torture/compile/981001-3.c, -O3 -fomit-frame-pointer
FAIL: gcc.c-torture/compile/981001-3.c, -O3 -g
FAIL: gcc.c-torture/compile/981001-3.c, -Os
FAIL: gcc.c-torture/compile/981001-2.c, -O0
FAIL: gcc.c-torture/compile/981001-2.c, -O1
FAIL: gcc.c-torture/compile/981001-2.c, -O2
FAIL: gcc.c-torture/execute/20000706-2.c compilation, -O3 -fomit-frame-pointer
UNRESOLVED: gcc.c-torture/execute/20000706-2.c execution, -O3 -fomit-frame-pointer
FAIL: gcc.c-torture/execute/20000706-2.c compilation, -O3 -g
UNRESOLVED: gcc.c-torture/execute/20000706-2.c execution, -O3 -g
FAIL: gcc.c-torture/execute/20000706-2.c compilation, -Os
UNRESOLVED: gcc.c-torture/execute/20000706-2.c execution, -Os
FAIL: gcc.c-torture/execute/20000706-3.c compilation, -O0
UNRESOLVED: gcc.c-torture/execute/20000706-3.c execution, -O0
FAIL: gcc.c-torture/execute/20000706-3.c compilation, -O1
UNRESOLVED: gcc.c-torture/execute/20000706-3.c execution, -O1
FAIL: gcc.c-torture/execute/20000706-3.c compilation, -O2
UNRESOLVED: gcc.c-torture/execute/20000706-3.c execution, -O2
FAIL: gcc.c-torture/execute/20000706-3.c compilation, -O3 -fomit-frame-pointer
UNRESOLVED: gcc.c-torture/execute/20000706-3.c execution, -O3 -fomit-frame-pointer
FAIL: gcc.c-torture/execute/20000706-3.c compilation, -O3 -g
UNRESOLVED: gcc.c-torture/execute/20000706-3.c execution, -O3 -g
FAIL: gcc.c-torture/execute/20000706-3.c compilation, -Os
UNRESOLVED: gcc.c-torture/execute/20000706-3.c execution, -Os
FAIL: gcc.c-torture/execute/20000706-4.c compilation, -O0
UNRESOLVED: gcc.c-torture/execute/20000706-4.c execution, -O0
FAIL: gcc.c-torture/execute/20000706-4.c compilation, -O1
UNRESOLVED: gcc.c-torture/execute/20000706-4.c execution, -O1
FAIL: gcc.c-torture/execute/20000706-4.c compilation, -O2
UNRESOLVED: gcc.c-torture/execute/20000706-4.c execution, -O2
FAIL: gcc.c-torture/execute/20000706-4.c compilation, -O3 -fomit-frame-pointer
UNRESOLVED: gcc.c-torture/execute/20000706-4.c execution, -O3 -fomit-frame-pointer
FAIL: gcc.c-torture/execute/20000706-4.c compilation, -O3 -g
UNRESOLVED: gcc.c-torture/execute/20000706-4.c execution, -O3 -g
FAIL: gcc.c-torture/execute/20000706-4.c compilation, -Os
UNRESOLVED: gcc.c-torture/execute/20000706-4.c execution, -Os
FAIL: gcc.c-torture/execute/20000706-5.c compilation, -O0
UNRESOLVED: gcc.c-torture/execute/20000706-5.c execution, -O0
FAIL: gcc.c-torture/execute/20000706-5.c compilation, -O1
UNRESOLVED: gcc.c-torture/execute/20000706-5.c execution, -O1
FAIL: gcc.c-torture/execute/20000706-5.c compilation, -O2
UNRESOLVED: gcc.c-torture/execute/20000706-5.c execution, -O2
FAIL: gcc.c-torture/execute/20000706-5.c compilation, -O3 -fomit-frame-pointer
UNRESOLVED: gcc.c-torture/execute/20000706-5.c execution, -O3 -fomit-frame-pointer
FAIL: gcc.c-torture/execute/20000706-5.c compilation, -O3 -g
UNRESOLVED: gcc.c-torture/execute/20000706-5.c execution, -O3 -g
FAIL: gcc.c-torture/execute/20000706-5.c compilation, -Os
UNRESOLVED: gcc.c-torture/execute/20000706-5.c execution, -Os
FAIL: gcc.c-torture/execute/20000707-1.c compilation, -O0
UNRESOLVED: gcc.c-torture/execute/20000707-1.c execution, -O0
FAIL: gcc.c-torture/execute/20000707-1.c compilation, -O1
UNRESOLVED: gcc.c-torture/execute/20000707-1.c execution, -O1
FAIL: gcc.c-torture/execute/20000707-1.c compilation, -O2
UNRESOLVED: gcc.c-torture/execute/20000707-1.c execution, -O2
FAIL: gcc.c-torture/execute/20000707-1.c compilation, -O3 -fomit-frame-pointer
UNRESOLVED: gcc.c-torture/execute/20000707-1.c execution, -O3 -fomit-frame-pointer
FAIL: gcc.c-torture/execute/20000707-1.c compilation, -O3 -g
UNRESOLVED: gcc.c-torture/execute/20000707-1.c execution, -O3 -g
FAIL: gcc.c-torture/execute/20000707-1.c compilation, -Os
UNRESOLVED: gcc.c-torture/execute/20000707-1.c execution, -Os
FAIL: gcc.c-torture/execute/20020307-2.c execution, -O0
FAIL: gcc.c-torture/execute/20020307-2.c execution, -O1
FAIL: gcc.c-torture/execute/20020307-2.c execution, -O2
FAIL: gcc.c-torture/execute/20020307-2.c execution, -O3 -fomit-frame-pointer
FAIL: gcc.c-torture/execute/20020307-2.c execution, -O3 -fomit-frame-pointer -funroll-loops
FAIL: gcc.c-torture/execute/20020307-2.c execution, -O3 -fomit-frame-pointer -funroll-all-loops -finline-functions
FAIL: gcc.c-torture/execute/20020307-2.c execution, -O3 -g
FAIL: gcc.c-torture/execute/20020307-2.c execution, -Os
XPASS: gcc.dg/c99-intconst-1.c (test for excess errors)
=== gcc Summary for unix/-mabi=64 ===
# of expected passes 17960
# of unexpected failures 64
# of unexpected successes 1
# of expected failures 100
# of unresolved testcases 27
# of unsupported tests 124
=== gcc Summary ===
# of expected passes 35999
# of unexpected failures 76
# of unexpected successes 1
# of expected failures 201
# of unresolved testcases 27
# of unsupported tests 248
/exd6/billingd/obj/gcc-3.2/gcc/xgcc version 3.2.1 20020830 (prerelease)
=== g++ tests ===
Running target unix
=== g++ Summary for unix ===
# of expected passes 7069
# of expected failures 96
# of untested testcases 23
# of unsupported tests 6
Running target unix/-mabi=64
FAIL: g++.oliva/delete5.C (test for excess errors)
FAIL: g++.oliva/expr2.C (test for excess errors)
ERROR: tcl error sourcing /exd2/billingd/src/gcc-3.2/gcc/testsuite/g++.old-deja/old-deja.exp.
ERROR: couldn't fork child process: resource temporarily unavailable
=== g++ Summary for unix/-mabi=64 ===
# of expected passes 4371
# of unexpected failures 2
# of expected failures 50
# of untested testcases 10
# of unsupported tests 6
=== g++ Summary ===
# of expected passes 11440
# of unexpected failures 2
# of expected failures 146
# of untested testcases 33
# of unsupported tests 12
WARNING: g++_version failed:
=== objc tests ===
Running target unix
FAIL: objc/execute/class-6.m compilation, -O0
UNRESOLVED: objc/execute/class-6.m execution, -O0
FAIL: objc/execute/class-6.m compilation, -O1
UNRESOLVED: objc/execute/class-6.m execution, -O1
=== objc Summary for unix ===
# of expected passes 1031
# of unexpected failures 2
# of expected failures 6
# of unresolved testcases 2
Running target unix/-mabi=64
FAIL: objc/execute/bf-11.m compilation, -O3 -fomit-frame-pointer
UNRESOLVED: objc/execute/bf-11.m execution, -O3 -fomit-frame-pointer
FAIL: objc/execute/bf-11.m compilation, -O3 -g
UNRESOLVED: objc/execute/bf-11.m execution, -O3 -g
FAIL: objc/execute/bf-11.m compilation, -Os
UNRESOLVED: objc/execute/bf-11.m execution, -Os
FAIL: objc/execute/bf-12.m compilation, -O0
UNRESOLVED: objc/execute/bf-12.m execution, -O0
FAIL: objc/execute/bf-12.m compilation, -O1
UNRESOLVED: objc/execute/bf-12.m execution, -O1
=== objc Summary for unix/-mabi=64 ===
# of expected passes 1025
# of unexpected failures 5
# of expected failures 6
# of unresolved testcases 5
=== objc Summary ===
# of expected passes 2056
# of unexpected failures 7
# of expected failures 12
# of unresolved testcases 7
/exd6/billingd/obj/gcc-3.2/gcc/xgcc version 3.2.1 20020830 (prerelease)
=== libjava tests ===
Running target unix
FAIL: TLtest compilation from bytecode
FAIL: TLtest -O compilation from bytecode
FAIL: Throw_2 execution from source compiled test
FAIL: Throw_2 execution from bytecode->native test
FAIL: Throw_2 -O execution from source compiled test
FAIL: Throw_2 -O execution from bytecode->native test
FAIL: FileHandleGcTest execution from source compiled test
FAIL: FileHandleGcTest execution from bytecode->native test
FAIL: FileHandleGcTest -O execution from source compiled test
FAIL: FileHandleGcTest -O execution from bytecode->native test
FAIL: invokethrow execution from source compiled test
FAIL: invokethrow execution from bytecode->native test
FAIL: invokethrow -O execution from source compiled test
FAIL: invokethrow -O execution from bytecode->native test
=== libjava Summary for unix ===
# of expected passes 1969
# of unexpected failures 14
# of expected failures 18
# of untested testcases 106
Running target unix/-mabi=64
FAIL: calls output
FAIL: martin output
FAIL: throwit output
FAIL: TLtest compilation from bytecode
FAIL: TLtest -O compilation from bytecode
FAIL: InvokeReturn output from source compiled test
FAIL: InvokeReturn output from bytecode->native test
FAIL: InvokeReturn -O output from source compiled test
FAIL: InvokeReturn -O output from bytecode->native test
FAIL: Throw_2 execution from source compiled test
FAIL: Throw_2 execution from bytecode->native test
FAIL: Throw_2 -O execution from source compiled test
FAIL: Throw_2 -O execution from bytecode->native test
FAIL: FileHandleGcTest execution from source compiled test
FAIL: FileHandleGcTest execution from bytecode->native test
FAIL: FileHandleGcTest -O execution from source compiled test
FAIL: FileHandleGcTest -O execution from bytecode->native test
FAIL: invokethrow output from source compiled test
FAIL: invokethrow output from bytecode->native test
FAIL: invokethrow -O output from source compiled test
FAIL: invokethrow -O output from bytecode->native test
=== libjava Summary for unix/-mabi=64 ===
# of expected passes 1966
# of unexpected failures 21
# of expected failures 18
# of untested testcases 102
=== libjava Summary ===
# of expected passes 3935
# of unexpected failures 35
# of expected failures 36
# of untested testcases 208
=== libstdc++-v3 tests ===
Running target unix
XPASS: 22_locale/collate_members_wchar_t.cc execution test
XPASS: 22_locale/ctype_is_wchar_t.cc execution test
XPASS: 22_locale/money_get_members_wchar_t.cc execution test
XPASS: 22_locale/money_put_members_wchar_t.cc execution test
XPASS: 22_locale/moneypunct_members_wchar_t.cc execution test
XPASS: 22_locale/num_get_members_wchar_t.cc execution test
XPASS: 22_locale/num_put_members_wchar_t.cc execution test
XPASS: 22_locale/numpunct_members_wchar_t.cc execution test
XPASS: 22_locale/time_get_members_wchar_t.cc execution test
XPASS: 22_locale/time_put_members_wchar_t.cc execution test
FAIL: 27_io/ios_base_storage.cc execution test
FAIL: 27_io/ostream_inserter_arith.cc execution test
=== libstdc++-v3 Summary for unix ===
# of expected passes 395
# of unexpected failures 2
# of unexpected successes 10
# of expected failures 16
# of unsupported tests 6
Running target unix/-mabi=64
XPASS: 22_locale/collate_members_wchar_t.cc execution test
XPASS: 22_locale/ctype_is_wchar_t.cc execution test
XPASS: 22_locale/money_get_members_wchar_t.cc execution test
XPASS: 22_locale/money_put_members_wchar_t.cc execution test
XPASS: 22_locale/moneypunct_members_wchar_t.cc execution test
XPASS: 22_locale/num_get_members_wchar_t.cc execution test
XPASS: 22_locale/num_put_members_wchar_t.cc execution test
XPASS: 22_locale/numpunct_members_wchar_t.cc execution test
XPASS: 22_locale/time_get_members_wchar_t.cc execution test
XPASS: 22_locale/time_put_members_wchar_t.cc execution test
FAIL: 27_io/ostream_inserter_arith.cc execution test
=== libstdc++-v3 Summary for unix/-mabi=64 ===
# of expected passes 396
# of unexpected failures 1
# of unexpected successes 10
# of expected failures 16
# of unsupported tests 6
=== libstdc++-v3 Summary ===
# of expected passes 791
# of unexpected failures 3
# of unexpected successes 20
# of expected failures 32
# of unsupported tests 12
Compiler version: 3.2.1 20020830 (prerelease)
Platform: mips-sgi-irix6.5
configure flags: --host=mips-sgi-irix6.5 --enable-shared --enable-haifa --enable-libgcj --enable-threads=single --disable-nls --prefix=/exd6/billingd/tmp/gcc-3.2
Counting all warnings,
there are 56 warnings in stage3 of this bootstrap.
Number of warnings per file:
18 gcc/combine.c
11 gcc/config/mips/mips.md
6 gcc/loop.c
6 gcc/gcc.c
4 gcc/reload.c
3 gcc/regclass.c
2 gcc/fold-const.c
1 gcc/sched-deps.c
1 gcc/objc/lang-specs.h
1 gcc/java/jvspec.c
1 gcc/cp/lang-specs.h
1 gcc/cp/init.c
1 gcc/cp/class.c
Number of warning types:
30 comparison between signed and unsigned
9 string length \`???' is greater than the length \`???' ISO C89 compilers are required to support
6 operand 1 missing mode?
5 operand 0 missing mode?
2 unused variable \`???'
2 signed and unsigned type in conditional expression
1 unused parameter \`???'
1 pointer targets in passing arg ??? of \`???' differ in signedness