This is the mail archive of the
gcc-testresults@gcc.gnu.org
mailing list for the GCC project.
Results for 3.320020823(experimental) testsuite on armv5l-unknown-linux-gnu
- From: Jeroen Dobbelaere <jdobbelaere at acunia dot com>
- To: gcc-testresults at gcc dot gnu dot org
- Date: Mon, 26 Aug 2002 13:30:58 +0200
- Subject: Results for 3.320020823(experimental) testsuite on armv5l-unknown-linux-gnu
kernel : 2.4.16-rmk1-xng1
binutils-2.12.90.0.11
glibc-2.2.5 + arm patch
LAST_UPDATED: Sat Aug 24 06:06:51 UTC 2002
Native configuration is armv5l-unknown-linux-gnu
=== libstdc++-v3 tests ===
Running target unix
FAIL: 18_support/numeric_limits.cc execution test
XPASS: 22_locale/ctype_is_wchar_t.cc execution test
FAIL: 26_numerics/c99_classification_macros_c.cc (test for excess errors)
=== libstdc++-v3 Summary ===
# of expected passes 416
# of unexpected failures 2
# of unexpected successes 1
# of expected failures 26
=== g++ tests ===
Running target unix
FAIL: g++.dg/warn/Wunused-2.C (test for warnings, line 5)
FAIL: 258: expected branch percentages not found: 25
FAIL: g++.dg/gcov/gcov-1.C gcov: 0 failures in line counts, 1 in branch percentages, 0 in return percentages
=== g++ Summary ===
# of expected passes 7470
# of unexpected failures 3
# of expected failures 92
# of untested testcases 23
# of unsupported tests 6
/usr/src/cvs-others/gcc-trees/gcc-head/build-tmp-0/gcc/testsuite/../g++ version 3.3 20020823 (experimental)
=== g77 tests ===
Running target unix
FAIL: g77.f-torture/execute/19981119-0.f compilation, -O3 -fomit-frame-pointer
FAIL: g77.f-torture/execute/19981119-0.f compilation, -O3 -g
FAIL: g77.f-torture/execute/6367.f execution, -O0
FAIL: g77.f-torture/execute/6367.f execution, -O1
FAIL: g77.f-torture/execute/6367.f execution, -O2
FAIL: g77.f-torture/execute/6367.f execution, -O3 -fomit-frame-pointer
FAIL: g77.f-torture/execute/6367.f execution, -O3 -fomit-frame-pointer -funroll-loops
FAIL: g77.f-torture/execute/6367.f execution, -O3 -fomit-frame-pointer -funroll-all-loops -finline-functions
FAIL: g77.f-torture/execute/6367.f execution, -O3 -g
FAIL: g77.f-torture/execute/6367.f execution, -Os
=== g77 Summary ===
# of expected passes 1614
# of unexpected failures 10
# of untested testcases 2
# of unsupported tests 8
/usr/src/cvs-others/gcc-trees/gcc-head/build-tmp-0/gcc/testsuite/../g77 version 3.3 20020823 (experimental)
=== gcc tests ===
Running target unix
WARNING: program timed out.
FAIL: gcc.c-torture/compile/20001226-1.c, -O3 -g
WARNING: program timed out.
FAIL: gcc.c-torture/compile/20001226-1.c, -Os
FAIL: gcc.c-torture/execute/20020201-1.c execution, -O0
FAIL: gcc.c-torture/execute/20020201-1.c execution, -O1
FAIL: gcc.c-torture/execute/20020201-1.c execution, -O2
FAIL: gcc.c-torture/execute/20020201-1.c execution, -O3 -fomit-frame-pointer
FAIL: gcc.c-torture/execute/20020201-1.c execution, -O3 -g
FAIL: gcc.c-torture/execute/20020201-1.c execution, -Os
FAIL: gcc.c-torture/execute/20020412-1.c execution, -O0
FAIL: gcc.c-torture/execute/20020412-1.c execution, -O1
FAIL: gcc.c-torture/execute/20020412-1.c execution, -O2
FAIL: gcc.c-torture/execute/20020412-1.c execution, -O3 -fomit-frame-pointer
FAIL: gcc.c-torture/execute/20020412-1.c execution, -O3 -fomit-frame-pointer -funroll-loops
FAIL: gcc.c-torture/execute/20020412-1.c execution, -O3 -fomit-frame-pointer -funroll-all-loops -finline-functions
FAIL: gcc.c-torture/execute/20020412-1.c execution, -O3 -g
FAIL: gcc.c-torture/execute/20020412-1.c execution, -Os
FAIL: gcc.c-torture/execute/920501-2.c execution, -O0
FAIL: gcc.c-torture/execute/920501-2.c execution, -O1
FAIL: gcc.c-torture/execute/920501-2.c execution, -O2
FAIL: gcc.c-torture/execute/920501-2.c execution, -O3 -fomit-frame-pointer
FAIL: gcc.c-torture/execute/920501-2.c execution, -O3 -fomit-frame-pointer -funroll-loops
FAIL: gcc.c-torture/execute/920501-2.c execution, -O3 -fomit-frame-pointer -funroll-all-loops -finline-functions
FAIL: gcc.c-torture/execute/920501-2.c execution, -O3 -g
FAIL: gcc.c-torture/execute/920501-2.c execution, -Os
FAIL: gcc.c-torture/execute/920501-6.c execution, -O0
FAIL: gcc.c-torture/execute/920501-6.c execution, -O1
FAIL: gcc.c-torture/execute/920501-6.c execution, -O2
FAIL: gcc.c-torture/execute/920501-6.c execution, -O3 -fomit-frame-pointer
FAIL: gcc.c-torture/execute/920501-6.c execution, -O3 -fomit-frame-pointer -funroll-loops
FAIL: gcc.c-torture/execute/920501-6.c execution, -O3 -fomit-frame-pointer -funroll-all-loops -finline-functions
FAIL: gcc.c-torture/execute/920501-6.c execution, -O3 -g
FAIL: gcc.c-torture/execute/920501-6.c execution, -Os
FAIL: gcc.c-torture/execute/920604-1.c execution, -O0
FAIL: gcc.c-torture/execute/961213-1.c compilation, -O3 -fomit-frame-pointer -funroll-loops
UNRESOLVED: gcc.c-torture/execute/961213-1.c execution, -O3 -fomit-frame-pointer -funroll-loops
FAIL: gcc.c-torture/execute/961213-1.c compilation, -O3 -fomit-frame-pointer -funroll-all-loops -finline-functions
UNRESOLVED: gcc.c-torture/execute/961213-1.c execution, -O3 -fomit-frame-pointer -funroll-all-loops -finline-functions
FAIL: gcc.c-torture/execute/990208-1.c execution, -O3 -fomit-frame-pointer
FAIL: gcc.c-torture/execute/990208-1.c execution, -O3 -g
FAIL: gcc.c-torture/execute/arith-rand-ll.c execution, -O0
FAIL: gcc.c-torture/execute/arith-rand-ll.c execution, -O1
FAIL: gcc.c-torture/execute/arith-rand-ll.c execution, -O2
FAIL: gcc.c-torture/execute/arith-rand-ll.c execution, -O3 -fomit-frame-pointer
FAIL: gcc.c-torture/execute/arith-rand-ll.c execution, -O3 -fomit-frame-pointer -funroll-loops
FAIL: gcc.c-torture/execute/arith-rand-ll.c execution, -O3 -fomit-frame-pointer -funroll-all-loops -finline-functions
FAIL: gcc.c-torture/execute/arith-rand-ll.c execution, -O3 -g
FAIL: gcc.c-torture/execute/arith-rand-ll.c execution, -Os
FAIL: gcc.c-torture/execute/divconst-3.c execution, -O0
FAIL: gcc.c-torture/execute/divconst-3.c execution, -O1
FAIL: gcc.c-torture/execute/divconst-3.c execution, -O2
FAIL: gcc.c-torture/execute/divconst-3.c execution, -O3 -fomit-frame-pointer
FAIL: gcc.c-torture/execute/divconst-3.c execution, -O3 -g
FAIL: gcc.c-torture/execute/divconst-3.c execution, -Os
FAIL: gcc.dg/nest.c execution test
FAIL: gcc.dg/pack-test-1.c (test for excess errors)
FAIL: gcc.dg/pack-test-2.c (test for errors, line 7)
FAIL: gcc.dg/pack-test-2.c (test for errors, line 14)
FAIL: gcc.dg/pack-test-2.c (test for errors, line 19)
FAIL: gcc.dg/pack-test-2.c (test for excess errors)
FAIL: gcc.dg/typespec-1.c unsigned long long int short (test for errors, line 930)
FAIL: gcc.dg/typespec-1.c unsigned long long int int (test for errors, line 931)
FAIL: gcc.dg/typespec-1.c unsigned long long int long (test for errors, line 932)
FAIL: gcc.dg/typespec-1.c unsigned long long int float (test for errors, line 933)
FAIL: gcc.dg/typespec-1.c unsigned long long int double (test for errors, line 934)
FAIL: gcc.dg/typespec-1.c unsigned long long int signed (test for errors, line 935)
FAIL: gcc.dg/typespec-1.c unsigned long long int unsigned (test for errors, line 936)
FAIL: gcc.dg/typespec-1.c unsigned long long int _Bool (test for errors, line 937)
FAIL: gcc.dg/noncompile/incomplete-1.c (test for excess errors)
FAIL: 209: expected branch percentages not found: 25
FAIL: gcc.misc-tests/gcov-4b.c gcov: 0 failures in line counts, 1 in branch percentages, 0 in return percentages
=== gcc Summary ===
# of expected passes 20141
# of unexpected failures 68
# of expected failures 64
# of unresolved testcases 2
# of unsupported tests 136
/usr/src/cvs-others/gcc-trees/gcc-head/build-tmp-0/gcc/xgcc version 3.3 20020823 (experimental)
=== objc tests ===
Running target unix
FAIL: objc.dg/bitfield-2.m execution test
=== objc Summary ===
# of expected passes 1049
# of unexpected failures 1
# of expected failures 6
/usr/src/cvs-others/gcc-trees/gcc-head/build-tmp-0/gcc/xgcc version 3.3 20020823 (experimental)
Compiler version: 3.320020823(experimental)
Platform: armv5l-unknown-linux-gnu
configure flags: --host=armv5l-unknown-linux-gnu --prefix=/usr/local/gcc-3.3-cvs --with-cpu=xscale