This is the mail archive of the gcc-testresults@gcc.gnu.org mailing list for the GCC project.


Index Nav: [Date Index] [Subject Index] [Author Index] [Thread Index]
Message Nav: [Date Prev] [Date Next] [Thread Prev] [Thread Next]
Other format: [Raw text]

Results for 3.320020820(experimental) testsuite on i686-pc-linux-gnu


The configure/build/test log and libstdc++-v3 regression plots can be
found at http://www.devphil.com/build/

Host was specified as athlon_mp-pc-linux-gnu.



LAST_UPDATED: Wed Aug 21 08:45:07 UTC 2002

Native configuration is i686-pc-linux-gnu

		=== libstdc++-v3 tests ===


Running target unix
XPASS: 22_locale/ctype_is_wchar_t.cc execution test
FAIL: 23_containers/map_operators.cc (test for excess errors)
WARNING: 23_containers/map_operators.cc compilation failed to produce executable
FAIL: 26_numerics/c99_classification_macros_c.cc (test for excess errors)

		=== libstdc++-v3 Summary ===

# of expected passes		415
# of unexpected failures	2
# of unexpected successes	1
# of expected failures		26
		=== g++ tests ===


Running target unix
FAIL: g++.dg/warn/Wunused-2.C  (test for warnings, line 5)
XPASS: g++.other/init5.C  Execution test

		=== g++ Summary ===

# of expected passes		7521
# of unexpected failures	1
# of unexpected successes	1
# of expected failures		91
# of untested testcases		9
# of unsupported tests		3
/home/pme/build/build-2002-08-22-trunk/gcc/testsuite/../g++ version 3.3 20020820 (experimental)


Compiler version: 3.320020820(experimental) 
Platform: i686-pc-linux-gnu
configure flags: --prefix=/home/pme/build/install-2002-08-22-trunk --enable-shared --disable-nls --host=athlon_mp-pc-linux-gnu --enable-threads=posix --enable-__cxa_atexit --enable-languages=c++ --with-dwarf2 --enable-install-libiberty --enable-concept-checks --enable-gdbtk --enable-cxx-flags=-march=athlon-mp


Index Nav: [Date Index] [Subject Index] [Author Index] [Thread Index]
Message Nav: [Date Prev] [Date Next] [Thread Prev] [Thread Next]