This is the mail archive of the gcc-testresults@gcc.gnu.org mailing list for the GCC project.


Index Nav: [Date Index] [Subject Index] [Author Index] [Thread Index]
Message Nav: [Date Prev] [Date Next] [Thread Prev] [Thread Next]
Other format: [Raw text]

Results for 3.2 testsuite on alphaev67-dec-osf4.0f


LAST_UPDATED: 
Native configuration is alphaev67-dec-osf4.0f

		=== libstdc++-v3 tests ===


Running target unix
XPASS: 22_locale/collate_members_wchar_t.cc execution test
XPASS: 22_locale/ctype_is_wchar_t.cc execution test
XPASS: 22_locale/money_get_members_wchar_t.cc execution test
XPASS: 22_locale/money_put_members_wchar_t.cc execution test
XPASS: 22_locale/moneypunct_members_wchar_t.cc execution test
XPASS: 22_locale/num_get_members_wchar_t.cc execution test
XPASS: 22_locale/num_put_members_wchar_t.cc execution test
XPASS: 22_locale/numpunct_members_wchar_t.cc execution test
XPASS: 22_locale/time_get_members_wchar_t.cc execution test
XPASS: 22_locale/time_put_members_wchar_t.cc execution test
FAIL: 27_io/istream_extractor_arith.cc execution test

		=== libstdc++-v3 Summary ===

# of expected passes		396
# of unexpected failures	1
# of unexpected successes	10
# of expected failures		16
# of unsupported tests		6
		=== g++ tests ===


Running target unix
FAIL: g++.dg/special/conpr-1.C execution test
FAIL: g++.dg/special/conpr-2.C execution test
FAIL: g++.dg/special/conpr-3.C execution test
FAIL: g++.dg/special/conpr-3.C execution test
FAIL: g++.dg/special/initp1.C execution test

		=== g++ Summary ===

# of expected passes		7236
# of unexpected failures	5
# of expected failures		90
# of untested testcases		22
# of unsupported tests		6
/tmp_mnt/proj/cad_csv/local/alpha-osf4.0f/build/gcc-3.2/gcc/testsuite/../g++ version 3.2

		=== g77 tests ===


Running target unix

		=== g77 Summary ===

# of expected passes		1452
# of unsupported tests		8
/tmp_mnt/proj/cad_csv/local/alpha-osf4.0f/build/gcc-3.2/gcc/testsuite/../g77 version 3.2

		=== gcc tests ===


Running target unix
FAIL: gcc.c-torture/compile/20001226-1.c,  -O0  
FAIL: gcc.c-torture/compile/labels-3.c,  -O0  
FAIL: gcc.c-torture/compile/labels-3.c,  -O1  
FAIL: gcc.c-torture/compile/labels-3.c,  -O2  
FAIL: gcc.c-torture/compile/labels-3.c,  -O3 -fomit-frame-pointer  
FAIL: gcc.c-torture/compile/labels-3.c,  -O3 -g  
FAIL: gcc.c-torture/compile/labels-3.c,  -Os  
FAIL: gcc.dg/cpp/wchar-1.c execution test
XPASS: gcc.dg/c99-intconst-1.c (test for excess errors)
FAIL: gcc.dg/inline-2.c scan-assembler bsr

		=== gcc Summary ===

# of expected passes		18401
# of unexpected failures	9
# of unexpected successes	1
# of expected failures		76
# of unsupported tests		119
/tmp_mnt/proj/cad_csv/local/alpha-osf4.0f/build/gcc-3.2/gcc/xgcc version 3.2


Compiler version: 3.2
 
Platform: alphaev67-dec-osf4.0f
configure flags: --host=alphaev67-dec-osf4.0f --enable-shared --enable-threads --enable-languages=c,c++,f77 --prefix=/proj/cad_csv/local/alpha-osf4.0f/gcc-3.2


Index Nav: [Date Index] [Subject Index] [Author Index] [Thread Index]
Message Nav: [Date Prev] [Date Next] [Thread Prev] [Thread Next]