This is the mail archive of the gcc-testresults@gcc.gnu.org mailing list for the GCC project.


Index Nav: [Date Index] [Subject Index] [Author Index] [Thread Index]
Message Nav: [Date Prev] [Date Next] [Thread Prev] [Thread Next]
Other format: [Raw text]

Results for 3.2 testsuite on hppa64-hp-hpux11.00


LAST_UPDATED: 
Native configuration is hppa64-hp-hpux11.00

		=== g++ tests ===


Running target unix
FAIL: g++.dg/special/conpr-1.C execution test
FAIL: g++.dg/special/conpr-2.C execution test
FAIL: g++.dg/special/conpr-3.C execution test
FAIL: g++.dg/special/conpr-3.C execution test
FAIL: g++.dg/special/initp1.C execution test
FAIL: g++.ext/attrib5.C (test for excess errors)
FAIL: g++.law/profile1.C (test for excess errors)
XPASS: g++.mike/eh33.C (test for excess errors)
XPASS: g++.mike/eh33.C  Execution test
XPASS: g++.mike/eh50.C (test for excess errors)
XPASS: g++.mike/eh50.C  Execution test
FAIL: g++.other/inline23.C (test for excess errors)
FAIL: g++.pt/instantiate4.C (test for excess errors)
FAIL: g++.pt/repo3.C (test for excess errors)
XPASS: g++.pt/static3.C (test for excess errors)
XPASS: g++.pt/static3.C  Execution test
XPASS: g++.pt/static6.C (test for excess errors)

		=== g++ Summary ===

# of expected passes		7060
# of unexpected failures	10
# of unexpected successes	7
# of expected failures		90
# of untested testcases		23
# of unsupported tests		6
/proj/cad_csv/local/hppa64-hpux11.00/build/gcc-3.2/gcc/testsuite/../g++ version 3.2

		=== g77 tests ===


Running target unix

		=== g77 Summary ===

# of expected passes		1452
# of unsupported tests		8
/proj/cad_csv/local/hppa64-hpux11.00/build/gcc-3.2/gcc/testsuite/../g77 version 3.2

		=== gcc tests ===


Running target unix
FAIL: gcc.c-torture/execute/20020307-2.c compilation,  -O0 
UNRESOLVED: gcc.c-torture/execute/20020307-2.c execution,  -O0 
FAIL: gcc.c-torture/execute/20020307-2.c compilation,  -O1 
UNRESOLVED: gcc.c-torture/execute/20020307-2.c execution,  -O1 
FAIL: gcc.c-torture/execute/20020307-2.c compilation,  -O2 
UNRESOLVED: gcc.c-torture/execute/20020307-2.c execution,  -O2 
FAIL: gcc.c-torture/execute/20020307-2.c compilation,  -O3 -fomit-frame-pointer 
UNRESOLVED: gcc.c-torture/execute/20020307-2.c execution,  -O3 -fomit-frame-pointer 
FAIL: gcc.c-torture/execute/20020307-2.c compilation,  -O3 -fomit-frame-pointer -funroll-loops 
UNRESOLVED: gcc.c-torture/execute/20020307-2.c execution,  -O3 -fomit-frame-pointer -funroll-loops 
FAIL: gcc.c-torture/execute/20020307-2.c compilation,  -O3 -fomit-frame-pointer -funroll-all-loops -finline-functions 
UNRESOLVED: gcc.c-torture/execute/20020307-2.c execution,  -O3 -fomit-frame-pointer -funroll-all-loops -finline-functions 
FAIL: gcc.c-torture/execute/20020307-2.c compilation,  -O3 -g 
UNRESOLVED: gcc.c-torture/execute/20020307-2.c execution,  -O3 -g 
FAIL: gcc.c-torture/execute/20020307-2.c compilation,  -Os 
UNRESOLVED: gcc.c-torture/execute/20020307-2.c execution,  -Os 
XPASS: gcc.c-torture/execute/strct-stdarg-1.c execution,  -O0 
XPASS: gcc.c-torture/execute/strct-stdarg-1.c execution,  -O1 
XPASS: gcc.c-torture/execute/strct-stdarg-1.c execution,  -O2 
XPASS: gcc.c-torture/execute/strct-stdarg-1.c execution,  -O3 -fomit-frame-pointer 
XPASS: gcc.c-torture/execute/strct-stdarg-1.c execution,  -O3 -fomit-frame-pointer -funroll-loops 
XPASS: gcc.c-torture/execute/strct-stdarg-1.c execution,  -O3 -fomit-frame-pointer -funroll-all-loops -finline-functions 
XPASS: gcc.c-torture/execute/strct-stdarg-1.c execution,  -O3 -g 
XPASS: gcc.c-torture/execute/strct-stdarg-1.c execution,  -Os 
FAIL: gcc.c-torture/execute/va-arg-22.c execution,  -O0 
FAIL: gcc.c-torture/execute/va-arg-22.c execution,  -O1 
FAIL: gcc.c-torture/execute/va-arg-22.c execution,  -O2 
FAIL: gcc.c-torture/execute/va-arg-22.c execution,  -O3 -fomit-frame-pointer 
FAIL: gcc.c-torture/execute/va-arg-22.c execution,  -O3 -fomit-frame-pointer -funroll-loops 
FAIL: gcc.c-torture/execute/va-arg-22.c execution,  -O3 -fomit-frame-pointer -funroll-all-loops -finline-functions 
FAIL: gcc.c-torture/execute/va-arg-22.c execution,  -O3 -g 
FAIL: gcc.c-torture/execute/va-arg-22.c execution,  -Os 
FAIL: gcc.c-torture/execute/ieee/rbug.c execution,  -O3 -fomit-frame-pointer 
FAIL: gcc.c-torture/execute/ieee/rbug.c execution,  -O3 -g 
FAIL: gcc.dg/20020219-1.c execution test
FAIL: gcc.dg/20020312-2.c (test for excess errors)
WARNING: gcc.dg/20020312-2.c compilation failed to produce executable
FAIL: gcc.dg/asm-fs-1.c scan-assembler-not \\*_bar
FAIL: gcc.dg/asm-fs-1.c scan-assembler-not \\*_baz
FAIL: gcc.dg/asm-names.c (test for excess errors)
XPASS: gcc.dg/c99-intconst-1.c (test for excess errors)
FAIL: gcc.dg/inline-1.c scan-assembler-not xyzzy
FAIL: gcc.dg/weak-1.c scan-assembler weak[^ 	]*[ 	]_?a
FAIL: gcc.dg/weak-1.c scan-assembler weak[^ 	]*[ 	]_?b
FAIL: gcc.dg/weak-1.c scan-assembler weak[^ 	]*[ 	]_?c
FAIL: gcc.dg/weak-1.c scan-assembler weak[^ 	]*[ 	]_?d
FAIL: gcc.dg/weak-1.c scan-assembler weak[^ 	]*[ 	]_?e
FAIL: gcc.dg/weak-1.c scan-assembler weak[^ 	]*[ 	]_?g
FAIL: gcc.dg/weak-1.c scan-assembler weak[^ 	]*[ 	]_?j
FAIL: gcc.dg/weak-2.c applying #pragma weak (test for warnings, line 33)
FAIL: gcc.dg/weak-2.c scan-assembler weak[^ 	]*[ 	]ffoo1a
FAIL: gcc.dg/weak-2.c scan-assembler weak[^ 	]*[ 	]ffoo1b
FAIL: gcc.dg/weak-2.c scan-assembler weak[^ 	]*[ 	]ffoo1c
FAIL: gcc.dg/weak-2.c scan-assembler weak[^ 	]*[ 	]ffoo1e
FAIL: gcc.dg/weak-3.c (test for excess errors)
FAIL: gcc.dg/weak-4.c applying #pragma weak (test for warnings, line 41)
FAIL: gcc.dg/weak-4.c applying #pragma weak (test for warnings, line 73)
FAIL: gcc.dg/weak-4.c scan-assembler weak[^ 	]*[ 	]vfoo1a
FAIL: gcc.dg/weak-4.c scan-assembler weak[^ 	]*[ 	]vfoo1b
FAIL: gcc.dg/weak-4.c scan-assembler weak[^ 	]*[ 	]vfoo1c
FAIL: gcc.dg/weak-4.c scan-assembler weak[^ 	]*[ 	]vfoo1d
FAIL: gcc.dg/weak-4.c scan-assembler weak[^ 	]*[ 	]vfoo1e
FAIL: gcc.dg/weak-4.c scan-assembler weak[^ 	]*[ 	]vfoo1f
FAIL: gcc.dg/weak-4.c scan-assembler weak[^ 	]*[ 	]vfoo1g
FAIL: gcc.dg/weak-4.c scan-assembler weak[^ 	]*[ 	]vfoo1h
FAIL: gcc.dg/weak-4.c scan-assembler weak[^ 	]*[ 	]vfoo1i
FAIL: gcc.dg/weak-4.c scan-assembler weak[^ 	]*[ 	]vfoo1j
FAIL: gcc.dg/weak-4.c scan-assembler weak[^ 	]*[ 	]vfoo1k
FAIL: gcc.dg/weak-5.c (test for excess errors)
FAIL: gcc.dg/weak-6.c  (test for errors, line 4)
FAIL: gcc.dg/weak-9.c (test for excess errors)
FAIL: gcc.dg/weak-9.c scan-assembler weak[^ 	]*[ 	]_?f3
FAIL: gcc.dg/weak-9.c scan-assembler weak[^ 	]*[ 	]_?f4
FAIL: gcc.dg/weak-9.c scan-assembler notf1
FAIL: gcc.dg/weak-9.c scan-assembler notf2
FAIL: gcc.dg/weak-9.c scan-assembler notf3
FAIL: gcc.dg/weak-9.c scan-assembler notf4
FAIL: alias-1.c
FAIL: alias-2.c
FAIL: wkali-1.c
FAIL: wkali-2a.o
FAIL: 20000419-2.c
FAIL: linkage.c

		=== gcc Summary ===

# of expected passes		17987
# of unexpected failures	65
# of unexpected successes	9
# of expected failures		71
# of unresolved testcases	8
# of unsupported tests		119
/proj/cad_csv/local/hppa64-hpux11.00/build/gcc-3.2/gcc/xgcc version 3.2

		=== libstdc++-v3 tests ===


Running target unix
XPASS: 22_locale/collate_members_wchar_t.cc execution test
XPASS: 22_locale/ctype_is_wchar_t.cc execution test
XPASS: 22_locale/money_get_members_wchar_t.cc execution test
XPASS: 22_locale/money_put_members_wchar_t.cc execution test
XPASS: 22_locale/moneypunct_members_wchar_t.cc execution test
XPASS: 22_locale/num_get_members_wchar_t.cc execution test
XPASS: 22_locale/num_put_members_wchar_t.cc execution test
XPASS: 22_locale/numpunct_members_wchar_t.cc execution test
XPASS: 22_locale/time_get_members_wchar_t.cc execution test
XPASS: 22_locale/time_put_members_wchar_t.cc execution test
FAIL: 26_numerics/c99_classification_macros_c.cc (test for excess errors)
FAIL: 26_numerics/complex_inserters_extractors.cc execution test
FAIL: 27_io/istream_extractor_arith.cc execution test
WARNING: program timed out.
FAIL: 27_io/ofstream_members.cc execution test
FAIL: 27_io/ostream_inserter_arith.cc execution test

		=== libstdc++-v3 Summary ===

# of expected passes		392
# of unexpected failures	5
# of unexpected successes	10
# of expected failures		16
# of unsupported tests		6

Compiler version: 3.2 
Platform: hppa64-hp-hpux11.00
configure flags: --host=hppa64-hp-hpux11.00 --disable-shared --enable-languages=c,c++,f77 --prefix=/proj/cad_csv/local/hppa64-hpux11.00/gcc-3.2 --with-gnu-as --with-as=/proj/cad_csv/local/hppa64-hpux11.00/hppa64-hp-hpux11.00/bin/as --with-gnu-ld --with-ld=/proj/cad_csv/local/hppa64-hpux11.00/hppa64-hp-hpux11.00/bin/ld


Index Nav: [Date Index] [Subject Index] [Author Index] [Thread Index]
Message Nav: [Date Prev] [Date Next] [Thread Prev] [Thread Next]