This is the mail archive of the gcc-testresults@gcc.gnu.org mailing list for the GCC project.


Index Nav: [Date Index] [Subject Index] [Author Index] [Thread Index]
Message Nav: [Date Prev] [Date Next] [Thread Prev] [Thread Next]
Other format: [Raw text]

Results for 3.2 testsuite on alphapca56-unknown-linux-gnu


libjava tests run after installation.
LAST_UPDATED: 
Native configuration is alphapca56-unknown-linux-gnu

		=== libjava tests ===


Running target unix
FAIL: StringBuffer_1 execution from source compiled test
FAIL: StringBuffer_1 execution from bytecode->native test
FAIL: StringBuffer_1 -O execution from source compiled test
FAIL: StringBuffer_1 -O execution from bytecode->native test

		=== libjava Summary ===

# of expected passes		2067
# of unexpected failures	4
# of expected failures		18
# of untested testcases		18
		=== libstdc++-v3 tests ===


Running target unix
XPASS: 22_locale/collate_members_wchar_t.cc execution test
XPASS: 22_locale/ctype_is_wchar_t.cc execution test
XPASS: 22_locale/money_get_members_wchar_t.cc execution test
XPASS: 22_locale/money_put_members_wchar_t.cc execution test
XPASS: 22_locale/moneypunct_members_wchar_t.cc execution test
XPASS: 22_locale/num_get_members_wchar_t.cc execution test
XPASS: 22_locale/num_put_members_wchar_t.cc execution test
XPASS: 22_locale/numpunct_members_wchar_t.cc execution test
XPASS: 22_locale/time_get_members_wchar_t.cc execution test
XPASS: 22_locale/time_put_members_wchar_t.cc execution test
FAIL: 26_numerics/c99_classification_macros_c.cc (test for excess errors)
WARNING: program timed out.
FAIL: thread/pthread4.cc execution test

		=== libstdc++-v3 Summary ===

# of expected passes		407
# of unexpected failures	2
# of unexpected successes	10
# of expected failures		16
		=== g++ tests ===


Running target unix

		=== g++ Summary ===

# of expected passes		7243
# of expected failures		88
# of untested testcases		22
# of unsupported tests		6
/export/lorien/tmp2/cpp/gcc-3.2/build/gcc/testsuite/../g++ version 3.2

		=== g77 tests ===


Running target unix

		=== g77 Summary ===

# of expected passes		1452
# of unsupported tests		8
/export/lorien/tmp2/cpp/gcc-3.2/build/gcc/testsuite/../g77 version 3.2

		=== gcc tests ===


Running target unix
XPASS: gcc.dg/c99-intconst-1.c (test for excess errors)

		=== gcc Summary ===

# of expected passes		18428
# of unexpected successes	1
# of expected failures		75
# of unsupported tests		112
/export/lorien/tmp2/cpp/gcc-3.2/build/gcc/xgcc version 3.2

		=== objc tests ===


Running target unix

		=== objc Summary ===

# of expected passes		1035
# of expected failures		6
/export/lorien/tmp2/cpp/gcc-3.2/build/gcc/xgcc version 3.2


Compiler version: 3.2 
Platform: alphapca56-unknown-linux-gnu
configure flags: --host=alphapca56-unknown-linux-gnu --prefix=/usr/local/gcc-3.2 --with-as=/usr/local/alphapca56-unknown-linux-gnu/bin/as --with-gnu-as --with-ld=/usr/local/alphapca56-unknown-linux-gnu/bin/ld --with-gnu-ld --enable-threads=posix --disable-nls --enable-shared


Index Nav: [Date Index] [Subject Index] [Author Index] [Thread Index]
Message Nav: [Date Prev] [Date Next] [Thread Prev] [Thread Next]