This is the mail archive of the gcc-testresults@gcc.gnu.org mailing list for the GCC project.


Index Nav: [Date Index] [Subject Index] [Author Index] [Thread Index]
Message Nav: [Date Prev] [Date Next] [Thread Prev] [Thread Next]
Other format: [Raw text]

Results for 3.2 testsuite on i686-pc-linux-gnu


LAST_UPDATED:
Native configuration is i686-pc-linux-gnu

		=== g++ tests ===


Running target unix
XPASS: g++.other/init5.C  Execution test

		=== g++ Summary ===

# of expected passes		7270
# of unexpected successes	1
# of expected failures		87
# of untested testcases		9
# of unsupported tests		3
/Local/Users/xam/gcc-3.2/gcc/testsuite/../g++ version 3.2

		=== g77 tests ===


Running target unix

		=== g77 Summary ===

# of expected passes		1468
/Local/Users/xam/gcc-3.2/gcc/testsuite/../g77 version 3.2

		=== gcc tests ===


Running target unix
FAIL: gcc.c-torture/execute/20020307-2.c execution,  -O1
FAIL: gcc.c-torture/execute/20020307-2.c execution,  -O2
FAIL: gcc.c-torture/execute/20020307-2.c execution,  -O3 -fomit-frame-pointer
FAIL: gcc.c-torture/execute/20020307-2.c execution,  -O3 -fomit-frame-pointer -funroll-loops
FAIL: gcc.c-torture/execute/20020307-2.c execution,  -O3 -fomit-frame-pointer -funroll-all-loops -finline-functions
FAIL: gcc.c-torture/execute/20020307-2.c execution,  -O3 -g
FAIL: gcc.dg/noncompile/920923-1.c  (test for errors, line 111)
FAIL: gcc.dg/noncompile/920923-1.c (test for excess errors)

		=== gcc Summary ===

# of expected passes		18587
# of unexpected failures	8
# of expected failures		68
# of unsupported tests		44
/Local/Users/xam/gcc-3.2/gcc/xgcc version 3.2

		=== objc tests ===


Running target unix

		=== objc Summary ===

# of expected passes		1035
# of expected failures		6
/Local/Users/xam/gcc-3.2/gcc/xgcc version 3.2

		=== libjava tests ===


Running target unix

		=== libjava Summary ===

# of expected passes		2075
# of expected failures		18
# of untested testcases		14
		=== libstdc++-v3 tests ===


Running target unix
XPASS: 22_locale/ctype_is_wchar_t.cc execution test
FAIL: 26_numerics/c99_classification_macros_c.cc (test for excess errors)

		=== libstdc++-v3 Summary ===

# of expected passes		408
# of unexpected failures	1
# of unexpected successes	1
# of expected failures		25

Compiler version: 3.2
Platform: i686-pc-linux-gnu
configure flags: --host=i686-linux --with-system-zlib --enable-long-long --enable-nls --without-included-gettext --enable-__cxa_atexit --enable-threads=posix --enable-java-gc=boehm --prefix=/usr/local --enable-shared --program-suffix=-3.2


Index Nav: [Date Index] [Subject Index] [Author Index] [Thread Index]
Message Nav: [Date Prev] [Date Next] [Thread Prev] [Thread Next]