This is the mail archive of the gcc-testresults@gcc.gnu.org mailing list for the GCC project.


Index Nav: [Date Index] [Subject Index] [Author Index] [Thread Index]
Message Nav: [Date Prev] [Date Next] [Thread Prev] [Thread Next]
Other format: [Raw text]

Results for 3.3 20020814 (experimental) testsuite on arm-unknown-netbsd1.5Y


LAST_UPDATED: Wed Aug 14 22:01:08 UTC 2002

Native configuration is arm-unknown-netbsd1.5Y

		=== libstdc++-v3 tests ===


Running target unix
FAIL: 18_support/numeric_limits.cc execution test
XPASS: 22_locale/collate_members_wchar_t.cc execution test
XPASS: 22_locale/ctype_is_wchar_t.cc execution test
XPASS: 22_locale/money_get_members_wchar_t.cc execution test
XPASS: 22_locale/money_put_members_wchar_t.cc execution test
XPASS: 22_locale/moneypunct_members_wchar_t.cc execution test
XPASS: 22_locale/num_get_members_wchar_t.cc execution test
XPASS: 22_locale/num_put_members_wchar_t.cc execution test
XPASS: 22_locale/numpunct_members_wchar_t.cc execution test
XPASS: 22_locale/time_get_members_wchar_t.cc execution test
XPASS: 22_locale/time_put_members_wchar_t.cc execution test

		=== libstdc++-v3 Summary ===

# of expected passes		405
# of unexpected failures	1
# of unexpected successes	10
# of expected failures		17
# of unsupported tests		6
		=== g++ tests ===


Running target unix
FAIL: g++.dg/bprob/bprob-1.C compilation,  -g  -fprofile-arcs
UNRESOLVED: g++.dg/bprob/bprob-1.C execution,    -g  -fprofile-arcs
UNRESOLVED: g++.dg/bprob/bprob-1.C compilation,  -g  -fbranch-probabilities
UNRESOLVED: g++.dg/bprob/bprob-1.C execution,    -g  -fbranch-probabilities
FAIL: g++.dg/bprob/bprob-1.C compilation,  -O0  -fprofile-arcs
UNRESOLVED: g++.dg/bprob/bprob-1.C execution,    -O0  -fprofile-arcs
UNRESOLVED: g++.dg/bprob/bprob-1.C compilation,  -O0  -fbranch-probabilities
UNRESOLVED: g++.dg/bprob/bprob-1.C execution,    -O0  -fbranch-probabilities
FAIL: g++.dg/bprob/bprob-1.C compilation,  -O1  -fprofile-arcs
UNRESOLVED: g++.dg/bprob/bprob-1.C execution,    -O1  -fprofile-arcs
UNRESOLVED: g++.dg/bprob/bprob-1.C compilation,  -O1  -fbranch-probabilities
UNRESOLVED: g++.dg/bprob/bprob-1.C execution,    -O1  -fbranch-probabilities
FAIL: g++.dg/bprob/bprob-1.C compilation,  -O2  -fprofile-arcs
UNRESOLVED: g++.dg/bprob/bprob-1.C execution,    -O2  -fprofile-arcs
UNRESOLVED: g++.dg/bprob/bprob-1.C compilation,  -O2  -fbranch-probabilities
UNRESOLVED: g++.dg/bprob/bprob-1.C execution,    -O2  -fbranch-probabilities
FAIL: g++.dg/bprob/bprob-1.C compilation,  -O3  -fprofile-arcs
UNRESOLVED: g++.dg/bprob/bprob-1.C execution,    -O3  -fprofile-arcs
UNRESOLVED: g++.dg/bprob/bprob-1.C compilation,  -O3  -fbranch-probabilities
UNRESOLVED: g++.dg/bprob/bprob-1.C execution,    -O3  -fbranch-probabilities
FAIL: g++.dg/bprob/bprob-1.C compilation,  -O3 -g  -fprofile-arcs
UNRESOLVED: g++.dg/bprob/bprob-1.C execution,    -O3 -g  -fprofile-arcs
UNRESOLVED: g++.dg/bprob/bprob-1.C compilation,  -O3 -g  -fbranch-probabilities
UNRESOLVED: g++.dg/bprob/bprob-1.C execution,    -O3 -g  -fbranch-probabilities
FAIL: g++.dg/bprob/bprob-1.C compilation,  -Os  -fprofile-arcs
UNRESOLVED: g++.dg/bprob/bprob-1.C execution,    -Os  -fprofile-arcs
UNRESOLVED: g++.dg/bprob/bprob-1.C compilation,  -Os  -fbranch-probabilities
UNRESOLVED: g++.dg/bprob/bprob-1.C execution,    -Os  -fbranch-probabilities
FAIL: g++.dg/abi/bitfield4.C execution test
FAIL: g++.dg/ext/attrib5.C (test for excess errors)
FAIL: g++.dg/ext/instantiate2.C scan-assembler 
WARNING: program timed out.
FAIL: g++.dg/parse/stack1.C (test for excess errors)
FAIL: g++.dg/warn/Wunused-2.C  (test for warnings, line 5)
FAIL: g++.dg/gcov/gcov-1.C (test for excess errors)
WARNING: g++.dg/gcov/gcov-1.C compilation failed to produce executable
FAIL: 33:is #####:should be 1
FAIL: 39:is #####:should be 1
FAIL: 41:is #####:should be 1
FAIL: 55:is #####:should be 3
FAIL: 58:is #####:should be 9
FAIL: 59:is #####:should be 3
FAIL: 66:is #####:should be 6
FAIL: 73:is #####:should be 81
FAIL: 74:is #####:should be 6
FAIL: 100:is #####:should be 2
FAIL: 102:is #####:should be 1
FAIL: 103:is #####:should be 1
FAIL: 105:is #####:should be 1
FAIL: 113:is #####:should be 15
FAIL: 115:is #####:should be 14
FAIL: 116:is #####:should be 1
FAIL: 118:is #####:should be 1
FAIL: 141:is #####:should be 5
FAIL: 143:is #####:should be 3
FAIL: 145:is #####:should be 3
FAIL: 150:is #####:should be 2
FAIL: 152:is #####:should be 1
FAIL: 154:is #####:should be 1
FAIL: 156:is #####:should be 5
FAIL: 158:is #####:should be 1
FAIL: 160:is #####:should be 5
FAIL: 162:is #####:should be 1
FAIL: 164:is #####:should be 1
FAIL: 165:is #####:should be 5
FAIL: 173:is #####:should be 6
FAIL: 175:is #####:should be 1
FAIL: 177:is #####:should be 6
FAIL: 181:is #####:should be 6
FAIL: 183:is #####:should be 3
FAIL: 185:is #####:should be 6
FAIL: 187:is #####:should be 2
FAIL: 189:is #####:should be 4
FAIL: 192:is #####:should be 4
FAIL: 200:is #####:should be 11
FAIL: 202:is #####:should be 1
FAIL: 204:is #####:should be 11
FAIL: 206:is #####:should be 5
FAIL: 208:is #####:should be 2
FAIL: 210:is #####:should be 1
FAIL: 212:is #####:should be 11
FAIL: 214:is #####:should be 3
FAIL: 215:is #####:should be 11
FAIL: 254:is #####:should be 5
FAIL: 257:is #####:should be 5
FAIL: 261:is #####:should be 1
FAIL: 269:is #####:should be 3
FAIL: 271:is #####:should be 1
FAIL: 272:is #####:should be 2
FAIL: 275:is #####:should be 1
FAIL: 276:is #####:should be 1
FAIL: 279:is #####:should be 4
FAIL: 57: expected branch percentages not found: 25
FAIL: 68: expected branch percentages not found: 30
FAIL: 70: expected branch percentages not found: 32
FAIL: 72: expected branch percentages not found: 27
FAIL: 101: expected branch percentages not found: 50
FAIL: 114: expected branch percentages not found: 7
FAIL: 142: expected branch percentages not found: 40
FAIL: 144: expected branch percentages not found: 0
FAIL: 151: expected branch percentages not found: 50
FAIL: 157: expected branch percentages not found: 20
FAIL: 161: expected branch percentages not found: 20
FAIL: 163: expected branch percentages not found: 0
FAIL: 174: expected branch percentages not found: 17
FAIL: 178: expected branch percentages not found: 0
FAIL: 182: expected branch percentages not found: 50
FAIL: 186: expected branch percentages not found: 33
FAIL: 190: expected branch percentages not found: 0
FAIL: 201: expected branch percentages not found: 27 50 25
FAIL: 205: expected branch percentages not found: 45
FAIL: 207: expected branch percentages not found: 40
FAIL: 209: expected branch percentages not found: 50
FAIL: 213: expected branch percentages not found: 9 10 11
FAIL: 258: expected branch percentages not found: 20 25
FAIL: 270: expected branch percentages not found: 33
FAIL: g++.dg/gcov/gcov-1.C gcov: 56 failures in line counts, 24 in branch percentages, 0 in return percentages
FAIL: g++.dg/gcov/gcov-2.C (test for excess errors)
WARNING: g++.dg/gcov/gcov-2.C compilation failed to produce executable
FAIL: 10:is #####:should be 1
FAIL: 15:is #####:should be 1
FAIL: 23:is #####:should be 1
FAIL: 24:is #####:should be 1
FAIL: 29:is #####:should be 1
FAIL: g++.dg/gcov/gcov-2.C gcov: 5 failures in line counts, 0 in branch percentages, 0 in return percentages
FAIL: g++.dg/gcov/gcov-3.C (test for excess errors)
WARNING: g++.dg/gcov/gcov-3.C compilation failed to produce executable
FAIL: 14:is #####:should be 1
FAIL: g++.dg/gcov/gcov-3.C gcov: 1 failures in line counts, 0 in branch percentages, 0 in return percentages
FAIL: g++.law/profile1.C (test for excess errors)
FAIL: g++.robertl/eb83.C (test for excess errors)

		=== g++ Summary ===

# of expected passes		7310
# of unexpected failures	106
# of expected failures		88
# of unresolved testcases	21
# of untested testcases		23
# of unsupported tests		6
/gcctmp/gcc020814/build/gcc/testsuite/../g++ version 3.3 20020814 (experimental)

		=== g77 tests ===


Running target unix
FAIL: g77.dg/bprob/bprob-1.f compilation,  -g  -fprofile-arcs
UNRESOLVED: g77.dg/bprob/bprob-1.f execution,    -g  -fprofile-arcs
UNRESOLVED: g77.dg/bprob/bprob-1.f compilation,  -g  -fbranch-probabilities
UNRESOLVED: g77.dg/bprob/bprob-1.f execution,    -g  -fbranch-probabilities
FAIL: g77.dg/bprob/bprob-1.f compilation,  -O0  -fprofile-arcs
UNRESOLVED: g77.dg/bprob/bprob-1.f execution,    -O0  -fprofile-arcs
UNRESOLVED: g77.dg/bprob/bprob-1.f compilation,  -O0  -fbranch-probabilities
UNRESOLVED: g77.dg/bprob/bprob-1.f execution,    -O0  -fbranch-probabilities
FAIL: g77.dg/bprob/bprob-1.f compilation,  -O1  -fprofile-arcs
UNRESOLVED: g77.dg/bprob/bprob-1.f execution,    -O1  -fprofile-arcs
UNRESOLVED: g77.dg/bprob/bprob-1.f compilation,  -O1  -fbranch-probabilities
UNRESOLVED: g77.dg/bprob/bprob-1.f execution,    -O1  -fbranch-probabilities
FAIL: g77.dg/bprob/bprob-1.f compilation,  -O2  -fprofile-arcs
UNRESOLVED: g77.dg/bprob/bprob-1.f execution,    -O2  -fprofile-arcs
UNRESOLVED: g77.dg/bprob/bprob-1.f compilation,  -O2  -fbranch-probabilities
UNRESOLVED: g77.dg/bprob/bprob-1.f execution,    -O2  -fbranch-probabilities
FAIL: g77.dg/bprob/bprob-1.f compilation,  -O3  -fprofile-arcs
UNRESOLVED: g77.dg/bprob/bprob-1.f execution,    -O3  -fprofile-arcs
UNRESOLVED: g77.dg/bprob/bprob-1.f compilation,  -O3  -fbranch-probabilities
UNRESOLVED: g77.dg/bprob/bprob-1.f execution,    -O3  -fbranch-probabilities
FAIL: g77.dg/bprob/bprob-1.f compilation,  -O3 -g  -fprofile-arcs
UNRESOLVED: g77.dg/bprob/bprob-1.f execution,    -O3 -g  -fprofile-arcs
UNRESOLVED: g77.dg/bprob/bprob-1.f compilation,  -O3 -g  -fbranch-probabilities
UNRESOLVED: g77.dg/bprob/bprob-1.f execution,    -O3 -g  -fbranch-probabilities
FAIL: g77.dg/bprob/bprob-1.f compilation,  -Os  -fprofile-arcs
UNRESOLVED: g77.dg/bprob/bprob-1.f execution,    -Os  -fprofile-arcs
UNRESOLVED: g77.dg/bprob/bprob-1.f compilation,  -Os  -fbranch-probabilities
UNRESOLVED: g77.dg/bprob/bprob-1.f execution,    -Os  -fbranch-probabilities
FAIL: g77.dg/gcov/gcov-1.f (test for excess errors)
WARNING: g77.dg/gcov/gcov-1.f compilation failed to produce executable
FAIL: 16:is #####:should be 1
FAIL: 18:is #####:should be 1
FAIL: 20:is #####:should be 1
FAIL: 32:is #####:should be 18
FAIL: 41:is #####:should be 1
FAIL: 42:is #####:should be 1
FAIL: 44:is #####:should be 1
FAIL: 46:is #####:should be 1
FAIL: 49:is #####:should be 1
FAIL: 55:is #####:should be 1
FAIL: 57:is #####:should be 1
FAIL: 59:is #####:should be 1
FAIL: 62:is #####:should be 1
FAIL: 68:is #####:should be 1
FAIL: 70:is #####:should be 1
FAIL: 72:is #####:should be 1
FAIL: 75:is #####:should be 1
FAIL: 82:is #####:should be 1
FAIL: 84:is #####:should be 1
FAIL: 86:is #####:should be 1
FAIL: 88:is #####:should be 1
FAIL: 91:is #####:should be 1
FAIL: 97:is #####:should be 1
FAIL: 99:is #####:should be 1
FAIL: 101:is #####:should be 1
FAIL: 103:is #####:should be 1
FAIL: 106:is #####:should be 1
FAIL: 118:is #####:should be 2
FAIL: 120:is #####:should be 1
FAIL: 122:is #####:should be 1
FAIL: 124:is #####:should be 1
FAIL: 125:is #####:should be 2
FAIL: 136:is #####:should be 19
FAIL: 138:is #####:should be 1
FAIL: 140:is #####:should be 1
FAIL: 142:is #####:should be 1
FAIL: 143:is #####:should be 2
FAIL: 150:is #####:should be 2
FAIL: 151:is #####:should be 1
FAIL: 153:is #####:should be 1
FAIL: 159:is #####:should be 1
FAIL: 161:is #####:should be 1
FAIL: 165:is #####:should be 2
FAIL: 173:is #####:should be 3
FAIL: 174:is #####:should be 3
FAIL: 175:is #####:should be 3
FAIL: 176:is #####:should be 3
FAIL: 177:is #####:should be 1
FAIL: 178:is #####:should be 1
FAIL: 179:is #####:should be 1
FAIL: 180:is #####:should be 1
FAIL: 181:is #####:should be 1
FAIL: 182:is #####:should be 3
FAIL: 189:is #####:should be 3
FAIL: 191:is #####:should be 3
FAIL: 193:is #####:should be 1
FAIL: 194:is #####:should be 1
FAIL: 195:is #####:should be 1
FAIL: 196:is #####:should be 1
FAIL: 197:is #####:should be 1
FAIL: 198:is #####:should be 3
FAIL: 207:is #####:should be 1
FAIL: 208:is #####:should be 1
FAIL: 210:is #####:should be 1
FAIL: 212:is #####:should be 1
FAIL: 214:is #####:should be 1
FAIL: 216:is #####:should be 1
FAIL: 221:is #####:should be 1
FAIL: 223:is #####:should be 1
FAIL: 225:is #####:should be 1
FAIL: 227:is #####:should be 1
FAIL: 229:is #####:should be 1
FAIL: 231:is #####:should be 1
FAIL: 233:is #####:should be 1
FAIL: 235:is #####:should be 1
FAIL: 246:is #####:should be 3
FAIL: 250:is #####:should be 9
FAIL: 259:is #####:should be 6
FAIL: 267:is #####:should be 81
FAIL: 279:is #####:should be 1
FAIL: 280:is #####:should be 1
FAIL: 282:is #####:should be 1
FAIL: 283:is #####:should be 1
FAIL: 284:is #####:should be 1
FAIL: 285:is #####:should be 1
FAIL: 286:is #####:should be 1
FAIL: 287:is #####:should be 1
FAIL: 293:is #####:should be 1
FAIL: 294:is #####:should be 1
FAIL: 295:is #####:should be 1
FAIL: 296:is #####:should be 1
FAIL: 297:is #####:should be 1
FAIL: 298:is #####:should be 1
FAIL: 299:is #####:should be 1
FAIL: 305:is #####:should be 1
FAIL: 306:is #####:should be 1
FAIL: 307:is #####:should be 1
FAIL: 308:is #####:should be 1
FAIL: 309:is #####:should be 1
FAIL: 310:is #####:should be 1
FAIL: 311:is #####:should be 1
FAIL: 312:is #####:should be 1
FAIL: 313:is #####:should be 1
FAIL: 314:is #####:should be 1
FAIL: 315:is #####:should be 1
FAIL: 316:is #####:should be 1
FAIL: 328:is #####:should be 5
FAIL: 330:is #####:should be 5
FAIL: 332:is #####:should be 3
FAIL: 334:is #####:should be 3
FAIL: 340:is #####:should be 2
FAIL: 342:is #####:should be 1
FAIL: 344:is #####:should be 1
FAIL: 348:is #####:should be 5
FAIL: 353:is #####:should be 5
FAIL: 355:is #####:should be 1
FAIL: 357:is #####:should be 1
FAIL: 367:is #####:should be 6
FAIL: 370:is #####:should be 6
FAIL: 372:is #####:should be 1
FAIL: 375:is #####:should be 6
FAIL: 380:is #####:should be 6
FAIL: 382:is #####:should be 3
FAIL: 385:is #####:should be 6
FAIL: 387:is #####:should be 2
FAIL: 390:is #####:should be 6
FAIL: 403:is #####:should be 11
FAIL: 405:is #####:should be 11
FAIL: 407:is #####:should be 1
FAIL: 410:is #####:should be 11
FAIL: 412:is #####:should be 5
FAIL: 414:is #####:should be 2
FAIL: 416:is #####:should be 1
FAIL: 421:is #####:should be 11
FAIL: 423:is #####:should be 3
FAIL: 50: expected branch percentages not found: 0
FAIL: 63: expected branch percentages not found: 0
FAIL: 76: expected branch percentages not found: 0
FAIL: 92: expected branch percentages not found: 0
FAIL: 107: expected branch percentages not found: 0
FAIL: 119: expected branch percentages not found: 50
FAIL: 123: expected branch percentages not found: 0
FAIL: 135: expected branch percentages not found: 5
FAIL: 141: expected branch percentages not found: 0
FAIL: 154: expected branch percentages not found: 0
FAIL: 162: expected branch percentages not found: 0
FAIL: 192: expected branch percentages not found: 33 50
FAIL: 249: expected branch percentages not found: 25
FAIL: 262: expected branch percentages not found: 40
FAIL: 264: expected branch percentages not found: 23
FAIL: 266: expected branch percentages not found: 27
FAIL: 331: expected branch percentages not found: 40
FAIL: 333: expected branch percentages not found: 0
FAIL: 341: expected branch percentages not found: 50
FAIL: 349: expected branch percentages not found: 20
FAIL: 354: expected branch percentages not found: 20
FAIL: 356: expected branch percentages not found: 0
FAIL: 371: expected branch percentages not found: 17
FAIL: 376: expected branch percentages not found: 0
FAIL: 381: expected branch percentages not found: 50
FAIL: 386: expected branch percentages not found: 33
FAIL: 391: expected branch percentages not found: 0
FAIL: 406: expected branch percentages not found: 27 50 25
FAIL: 411: expected branch percentages not found: 45
FAIL: 413: expected branch percentages not found: 40
FAIL: 415: expected branch percentages not found: 50
FAIL: 422: expected branch percentages not found: 9 10 11
FAIL: 17: expected return percentages not found: 100
FAIL: 19: expected return percentages not found: 100
FAIL: 21: expected return percentages not found: 100
FAIL: 45: expected return percentages not found: 100
FAIL: 47: expected return percentages not found: 100
FAIL: 58: expected return percentages not found: 100
FAIL: 60: expected return percentages not found: 100
FAIL: 71: expected return percentages not found: 100
FAIL: 73: expected return percentages not found: 100
FAIL: 85: expected return percentages not found: 100
FAIL: 87: expected return percentages not found: 100
FAIL: 89: expected return percentages not found: 100
FAIL: 100: expected return percentages not found: 100
FAIL: 102: expected return percentages not found: 100
FAIL: 104: expected return percentages not found: 100
FAIL: 211: expected return percentages not found: 100
FAIL: 213: expected return percentages not found: 100
FAIL: 215: expected return percentages not found: 100
FAIL: 224: expected return percentages not found: 100
FAIL: 226: expected return percentages not found: 100
FAIL: 228: expected return percentages not found: 100
FAIL: 230: expected return percentages not found: 100
FAIL: 232: expected return percentages not found: 100
FAIL: 234: expected return percentages not found: 100
FAIL: g77.dg/gcov/gcov-1.f gcov: 135 failures in line counts, 32 in branch percentages, 24 in return percentages
FAIL: g77.f-torture/execute/6367.f execution,  -O0 
FAIL: g77.f-torture/execute/6367.f execution,  -O1 
FAIL: g77.f-torture/execute/6367.f execution,  -O2 
FAIL: g77.f-torture/execute/6367.f execution,  -O3 -fomit-frame-pointer 
FAIL: g77.f-torture/execute/6367.f execution,  -O3 -fomit-frame-pointer -funroll-loops 
FAIL: g77.f-torture/execute/6367.f execution,  -O3 -fomit-frame-pointer -funroll-all-loops -finline-functions 
FAIL: g77.f-torture/execute/6367.f execution,  -O3 -g 
FAIL: g77.f-torture/execute/6367.f execution,  -Os 

		=== g77 Summary ===

# of expected passes		1587
# of unexpected failures	208
# of unresolved testcases	21
# of unsupported tests		8
/gcctmp/gcc020814/build/gcc/testsuite/../g77 version 3.3 20020814 (experimental)

		=== gcc tests ===


Running target unix
WARNING: program timed out.
FAIL: gcc.c-torture/compile/20001226-1.c,  -O0  
WARNING: program timed out.
FAIL: gcc.c-torture/compile/20001226-1.c,  -O1  
WARNING: program timed out.
FAIL: gcc.c-torture/compile/20001226-1.c,  -O2  
WARNING: program timed out.
FAIL: gcc.c-torture/compile/20001226-1.c,  -O3 -fomit-frame-pointer  
WARNING: program timed out.
FAIL: gcc.c-torture/compile/20001226-1.c,  -O3 -g  
WARNING: program timed out.
FAIL: gcc.c-torture/compile/20001226-1.c,  -Os  
FAIL: gcc.c-torture/execute/20000822-1.c execution,  -O0 
FAIL: gcc.c-torture/execute/20000822-1.c execution,  -O1 
FAIL: gcc.c-torture/execute/20000822-1.c execution,  -O2 
FAIL: gcc.c-torture/execute/20000822-1.c execution,  -O3 -fomit-frame-pointer 
FAIL: gcc.c-torture/execute/20000822-1.c execution,  -O3 -g 
FAIL: gcc.c-torture/execute/20000822-1.c execution,  -Os 
FAIL: gcc.c-torture/execute/20001017-1.c compilation,  -O3 -g 
UNRESOLVED: gcc.c-torture/execute/20001017-1.c execution,  -O3 -g 
FAIL: gcc.c-torture/execute/20020412-1.c execution,  -O0 
FAIL: gcc.c-torture/execute/20020412-1.c execution,  -O1 
FAIL: gcc.c-torture/execute/20020412-1.c execution,  -O2 
FAIL: gcc.c-torture/execute/20020412-1.c execution,  -O3 -fomit-frame-pointer 
FAIL: gcc.c-torture/execute/20020412-1.c execution,  -O3 -fomit-frame-pointer -funroll-loops 
FAIL: gcc.c-torture/execute/20020412-1.c execution,  -O3 -fomit-frame-pointer -funroll-all-loops -finline-functions 
FAIL: gcc.c-torture/execute/20020412-1.c execution,  -O3 -g 
FAIL: gcc.c-torture/execute/20020412-1.c execution,  -Os 
FAIL: gcc.c-torture/execute/20020720-1.c compilation,  -O1 
UNRESOLVED: gcc.c-torture/execute/20020720-1.c execution,  -O1 
FAIL: gcc.c-torture/execute/20020720-1.c compilation,  -O2 
UNRESOLVED: gcc.c-torture/execute/20020720-1.c execution,  -O2 
FAIL: gcc.c-torture/execute/20020720-1.c compilation,  -O3 -fomit-frame-pointer 
UNRESOLVED: gcc.c-torture/execute/20020720-1.c execution,  -O3 -fomit-frame-pointer 
FAIL: gcc.c-torture/execute/20020720-1.c compilation,  -O3 -g 
UNRESOLVED: gcc.c-torture/execute/20020720-1.c execution,  -O3 -g 
FAIL: gcc.c-torture/execute/20020720-1.c compilation,  -Os 
UNRESOLVED: gcc.c-torture/execute/20020720-1.c execution,  -Os 
FAIL: gcc.c-torture/execute/921215-1.c execution,  -O0 
FAIL: gcc.c-torture/execute/921215-1.c execution,  -O1 
FAIL: gcc.c-torture/execute/921215-1.c execution,  -O2 
FAIL: gcc.c-torture/execute/921215-1.c execution,  -O3 -fomit-frame-pointer 
FAIL: gcc.c-torture/execute/921215-1.c execution,  -O3 -g 
FAIL: gcc.c-torture/execute/921215-1.c execution,  -Os 
FAIL: gcc.c-torture/execute/931002-1.c execution,  -O0 
FAIL: gcc.c-torture/execute/931002-1.c execution,  -O1 
FAIL: gcc.c-torture/execute/931002-1.c execution,  -O2 
FAIL: gcc.c-torture/execute/931002-1.c execution,  -O3 -fomit-frame-pointer 
FAIL: gcc.c-torture/execute/931002-1.c execution,  -O3 -g 
FAIL: gcc.c-torture/execute/931002-1.c execution,  -Os 
FAIL: gcc.c-torture/execute/990208-1.c execution,  -O3 -fomit-frame-pointer 
FAIL: gcc.c-torture/execute/990208-1.c execution,  -O3 -g 
FAIL: gcc.c-torture/execute/nestfunc-1.c execution,  -O0 
FAIL: gcc.c-torture/execute/nestfunc-1.c execution,  -O1 
FAIL: gcc.c-torture/execute/nestfunc-1.c execution,  -O2 
FAIL: gcc.c-torture/execute/nestfunc-1.c execution,  -O3 -fomit-frame-pointer 
FAIL: gcc.c-torture/execute/nestfunc-1.c execution,  -O3 -g 
FAIL: gcc.c-torture/execute/nestfunc-1.c execution,  -Os 
FAIL: gcc.c-torture/execute/nestfunc-2.c execution,  -O0 
FAIL: gcc.c-torture/execute/nestfunc-2.c execution,  -O1 
FAIL: gcc.c-torture/execute/nestfunc-2.c execution,  -O2 
FAIL: gcc.c-torture/execute/nestfunc-2.c execution,  -O3 -fomit-frame-pointer 
FAIL: gcc.c-torture/execute/nestfunc-2.c execution,  -O3 -fomit-frame-pointer -funroll-loops 
FAIL: gcc.c-torture/execute/nestfunc-2.c execution,  -O3 -fomit-frame-pointer -funroll-all-loops -finline-functions 
FAIL: gcc.c-torture/execute/nestfunc-2.c execution,  -O3 -g 
FAIL: gcc.c-torture/execute/nestfunc-2.c execution,  -Os 
FAIL: gcc.c-torture/execute/nestfunc-3.c execution,  -O0 
FAIL: gcc.c-torture/execute/nestfunc-3.c execution,  -O1 
FAIL: gcc.c-torture/execute/nestfunc-3.c execution,  -O2 
FAIL: gcc.c-torture/execute/nestfunc-3.c execution,  -O3 -fomit-frame-pointer 
FAIL: gcc.c-torture/execute/nestfunc-3.c execution,  -O3 -fomit-frame-pointer -funroll-loops 
FAIL: gcc.c-torture/execute/nestfunc-3.c execution,  -O3 -fomit-frame-pointer -funroll-all-loops -finline-functions 
FAIL: gcc.c-torture/execute/nestfunc-3.c execution,  -O3 -g 
FAIL: gcc.c-torture/execute/nestfunc-3.c execution,  -Os 
FAIL: gcc.c-torture/execute/ieee/fp-cmp-4.c compilation,  -O0 
UNRESOLVED: gcc.c-torture/execute/ieee/fp-cmp-4.c execution,  -O0 
FAIL: gcc.c-torture/execute/ieee/fp-cmp-4.c compilation,  -O1 
UNRESOLVED: gcc.c-torture/execute/ieee/fp-cmp-4.c execution,  -O1 
FAIL: gcc.c-torture/execute/ieee/fp-cmp-4.c compilation,  -O2 
UNRESOLVED: gcc.c-torture/execute/ieee/fp-cmp-4.c execution,  -O2 
FAIL: gcc.c-torture/execute/ieee/fp-cmp-4.c compilation,  -O3 -fomit-frame-pointer 
UNRESOLVED: gcc.c-torture/execute/ieee/fp-cmp-4.c execution,  -O3 -fomit-frame-pointer 
FAIL: gcc.c-torture/execute/ieee/fp-cmp-4.c compilation,  -O3 -fomit-frame-pointer -funroll-loops 
UNRESOLVED: gcc.c-torture/execute/ieee/fp-cmp-4.c execution,  -O3 -fomit-frame-pointer -funroll-loops 
FAIL: gcc.c-torture/execute/ieee/fp-cmp-4.c compilation,  -O3 -fomit-frame-pointer -funroll-all-loops -finline-functions 
UNRESOLVED: gcc.c-torture/execute/ieee/fp-cmp-4.c execution,  -O3 -fomit-frame-pointer -funroll-all-loops -finline-functions 
FAIL: gcc.c-torture/execute/ieee/fp-cmp-4.c compilation,  -O3 -g 
UNRESOLVED: gcc.c-torture/execute/ieee/fp-cmp-4.c execution,  -O3 -g 
FAIL: gcc.c-torture/execute/ieee/fp-cmp-4.c compilation,  -Os 
UNRESOLVED: gcc.c-torture/execute/ieee/fp-cmp-4.c execution,  -Os 
FAIL: gcc.c-torture/execute/ieee/fp-cmp-5.c compilation,  -O0 
UNRESOLVED: gcc.c-torture/execute/ieee/fp-cmp-5.c execution,  -O0 
FAIL: gcc.c-torture/execute/ieee/fp-cmp-5.c compilation,  -O1 
UNRESOLVED: gcc.c-torture/execute/ieee/fp-cmp-5.c execution,  -O1 
FAIL: gcc.c-torture/execute/ieee/fp-cmp-5.c compilation,  -O2 
UNRESOLVED: gcc.c-torture/execute/ieee/fp-cmp-5.c execution,  -O2 
FAIL: gcc.c-torture/execute/ieee/fp-cmp-5.c compilation,  -O3 -fomit-frame-pointer 
UNRESOLVED: gcc.c-torture/execute/ieee/fp-cmp-5.c execution,  -O3 -fomit-frame-pointer 
FAIL: gcc.c-torture/execute/ieee/fp-cmp-5.c compilation,  -O3 -fomit-frame-pointer -funroll-loops 
UNRESOLVED: gcc.c-torture/execute/ieee/fp-cmp-5.c execution,  -O3 -fomit-frame-pointer -funroll-loops 
FAIL: gcc.c-torture/execute/ieee/fp-cmp-5.c compilation,  -O3 -fomit-frame-pointer -funroll-all-loops -finline-functions 
UNRESOLVED: gcc.c-torture/execute/ieee/fp-cmp-5.c execution,  -O3 -fomit-frame-pointer -funroll-all-loops -finline-functions 
FAIL: gcc.c-torture/execute/ieee/fp-cmp-5.c compilation,  -O3 -g 
UNRESOLVED: gcc.c-torture/execute/ieee/fp-cmp-5.c execution,  -O3 -g 
FAIL: gcc.c-torture/execute/ieee/fp-cmp-5.c compilation,  -Os 
UNRESOLVED: gcc.c-torture/execute/ieee/fp-cmp-5.c execution,  -Os 
FAIL: gcc.dg/20020201-1.c (test for excess errors)
WARNING: gcc.dg/20020201-1.c compilation failed to produce executable
FAIL: gcc.dg/bitfld-3.c execution test
FAIL: gcc.dg/bitfld-4.c execution test
WARNING: program timed out.
FAIL: gcc.dg/c99-intconst-1.c (test for excess errors)
FAIL: gcc.dg/nest.c (test for excess errors)
WARNING: gcc.dg/nest.c compilation failed to produce executable
XPASS: gcc.dg/setjmp-1.c spurious clobbered warning (test for bogus messages, line 16)
FAIL: gcc.dg/format/c99-scanf-3.c vfscanf (test for warnings, line 21)
FAIL: gcc.dg/format/c99-scanf-3.c vfscanf (test for warnings, line 21)
FAIL: gcc.dg/format/ext-6.c vfscanf (test for warnings, line 42)
FAIL: gcc.dg/format/ext-6.c vfscanf (test for warnings, line 42)
FAIL: gcc.dg/special/weak-1.c execution test
FAIL: gcc.misc-tests/bprob-1.c compilation,  -g  -fprofile-arcs
UNRESOLVED: gcc.misc-tests/bprob-1.c execution,    -g  -fprofile-arcs
UNRESOLVED: gcc.misc-tests/bprob-1.c compilation,  -g  -fbranch-probabilities
UNRESOLVED: gcc.misc-tests/bprob-1.c execution,    -g  -fbranch-probabilities
FAIL: gcc.misc-tests/bprob-1.c compilation,  -O0  -fprofile-arcs
UNRESOLVED: gcc.misc-tests/bprob-1.c execution,    -O0  -fprofile-arcs
UNRESOLVED: gcc.misc-tests/bprob-1.c compilation,  -O0  -fbranch-probabilities
UNRESOLVED: gcc.misc-tests/bprob-1.c execution,    -O0  -fbranch-probabilities
FAIL: gcc.misc-tests/bprob-1.c compilation,  -O1  -fprofile-arcs
UNRESOLVED: gcc.misc-tests/bprob-1.c execution,    -O1  -fprofile-arcs
UNRESOLVED: gcc.misc-tests/bprob-1.c compilation,  -O1  -fbranch-probabilities
UNRESOLVED: gcc.misc-tests/bprob-1.c execution,    -O1  -fbranch-probabilities
FAIL: gcc.misc-tests/bprob-1.c compilation,  -O2 -DPERFTIME  -fprofile-arcs
UNRESOLVED: gcc.misc-tests/bprob-1.c execution,    -O2 -DPERFTIME  -fprofile-arcs
UNRESOLVED: gcc.misc-tests/bprob-1.c compilation,  -O2 -DPERFTIME  -fbranch-probabilities
UNRESOLVED: gcc.misc-tests/bprob-1.c execution,    -O2 -DPERFTIME  -fbranch-probabilities
FAIL: gcc.misc-tests/bprob-1.c compilation,  -O3 -DPERFTIME  -fprofile-arcs
UNRESOLVED: gcc.misc-tests/bprob-1.c execution,    -O3 -DPERFTIME  -fprofile-arcs
UNRESOLVED: gcc.misc-tests/bprob-1.c compilation,  -O3 -DPERFTIME  -fbranch-probabilities
UNRESOLVED: gcc.misc-tests/bprob-1.c execution,    -O3 -DPERFTIME  -fbranch-probabilities
FAIL: gcc.misc-tests/bprob-1.c compilation,  -O3 -g -DPERFTIME  -fprofile-arcs
UNRESOLVED: gcc.misc-tests/bprob-1.c execution,    -O3 -g -DPERFTIME  -fprofile-arcs
UNRESOLVED: gcc.misc-tests/bprob-1.c compilation,  -O3 -g -DPERFTIME  -fbranch-probabilities
UNRESOLVED: gcc.misc-tests/bprob-1.c execution,    -O3 -g -DPERFTIME  -fbranch-probabilities
FAIL: gcc.misc-tests/bprob-1.c compilation,  -Os  -fprofile-arcs
UNRESOLVED: gcc.misc-tests/bprob-1.c execution,    -Os  -fprofile-arcs
UNRESOLVED: gcc.misc-tests/bprob-1.c compilation,  -Os  -fbranch-probabilities
UNRESOLVED: gcc.misc-tests/bprob-1.c execution,    -Os  -fbranch-probabilities
FAIL: gcc.misc-tests/bprob-2.c compilation,  -g  -fprofile-arcs
UNRESOLVED: gcc.misc-tests/bprob-2.c execution,    -g  -fprofile-arcs
UNRESOLVED: gcc.misc-tests/bprob-2.c compilation,  -g  -fbranch-probabilities
UNRESOLVED: gcc.misc-tests/bprob-2.c execution,    -g  -fbranch-probabilities
FAIL: gcc.misc-tests/bprob-2.c compilation,  -O0  -fprofile-arcs
UNRESOLVED: gcc.misc-tests/bprob-2.c execution,    -O0  -fprofile-arcs
UNRESOLVED: gcc.misc-tests/bprob-2.c compilation,  -O0  -fbranch-probabilities
UNRESOLVED: gcc.misc-tests/bprob-2.c execution,    -O0  -fbranch-probabilities
FAIL: gcc.misc-tests/bprob-2.c compilation,  -O1  -fprofile-arcs
UNRESOLVED: gcc.misc-tests/bprob-2.c execution,    -O1  -fprofile-arcs
UNRESOLVED: gcc.misc-tests/bprob-2.c compilation,  -O1  -fbranch-probabilities
UNRESOLVED: gcc.misc-tests/bprob-2.c execution,    -O1  -fbranch-probabilities
FAIL: gcc.misc-tests/bprob-2.c compilation,  -O2 -DPERFTIME  -fprofile-arcs
UNRESOLVED: gcc.misc-tests/bprob-2.c execution,    -O2 -DPERFTIME  -fprofile-arcs
UNRESOLVED: gcc.misc-tests/bprob-2.c compilation,  -O2 -DPERFTIME  -fbranch-probabilities
UNRESOLVED: gcc.misc-tests/bprob-2.c execution,    -O2 -DPERFTIME  -fbranch-probabilities
FAIL: gcc.misc-tests/bprob-2.c compilation,  -O3 -DPERFTIME  -fprofile-arcs
UNRESOLVED: gcc.misc-tests/bprob-2.c execution,    -O3 -DPERFTIME  -fprofile-arcs
UNRESOLVED: gcc.misc-tests/bprob-2.c compilation,  -O3 -DPERFTIME  -fbranch-probabilities
UNRESOLVED: gcc.misc-tests/bprob-2.c execution,    -O3 -DPERFTIME  -fbranch-probabilities
FAIL: gcc.misc-tests/bprob-2.c compilation,  -O3 -g -DPERFTIME  -fprofile-arcs
UNRESOLVED: gcc.misc-tests/bprob-2.c execution,    -O3 -g -DPERFTIME  -fprofile-arcs
UNRESOLVED: gcc.misc-tests/bprob-2.c compilation,  -O3 -g -DPERFTIME  -fbranch-probabilities
UNRESOLVED: gcc.misc-tests/bprob-2.c execution,    -O3 -g -DPERFTIME  -fbranch-probabilities
FAIL: gcc.misc-tests/bprob-2.c compilation,  -Os  -fprofile-arcs
UNRESOLVED: gcc.misc-tests/bprob-2.c execution,    -Os  -fprofile-arcs
UNRESOLVED: gcc.misc-tests/bprob-2.c compilation,  -Os  -fbranch-probabilities
UNRESOLVED: gcc.misc-tests/bprob-2.c execution,    -Os  -fbranch-probabilities
FAIL: gcc.misc-tests/gcov-1.c (test for excess errors)
WARNING: gcc.misc-tests/gcov-1.c compilation failed to produce executable
FAIL: 14:is #####:should be 11
FAIL: 15:is #####:should be 10
FAIL: 17:is #####:should be 1
FAIL: gcc.misc-tests/gcov-1.c gcov: 3 failures in line counts, 0 in branch percentages, 0 in return percentages
FAIL: gcc.misc-tests/gcov-2.c (test for excess errors)
WARNING: gcc.misc-tests/gcov-2.c compilation failed to produce executable
FAIL: 14:is #####:should be 11
FAIL: 15:is #####:should be 10
FAIL: 17:is #####:should be 1
FAIL: gcc.misc-tests/gcov-2.c gcov: 3 failures in line counts, 0 in branch percentages, 0 in return percentages
FAIL: gcc.misc-tests/gcov-3.c (test for excess errors)
WARNING: gcc.misc-tests/gcov-3.c compilation failed to produce executable
FAIL: 37:is #####:should be 1
FAIL: 42:is #####:should be 1
FAIL: gcc.misc-tests/gcov-3.c gcov: 2 failures in line counts, 0 in branch percentages, 0 in return percentages
FAIL: gcc.misc-tests/gcov-4.c (test for excess errors)
WARNING: gcc.misc-tests/gcov-4.c compilation failed to produce executable
FAIL: 31:is #####:should be 1
FAIL: 37:is #####:should be 1
FAIL: 39:is #####:should be 1
FAIL: 53:is #####:should be 3
FAIL: 55:is #####:should be 9
FAIL: 56:is #####:should be 3
FAIL: 63:is #####:should be 6
FAIL: 67:is #####:should be 81
FAIL: 68:is #####:should be 6
FAIL: 93:is #####:should be 2
FAIL: 94:is #####:should be 1
FAIL: 95:is #####:should be 1
FAIL: 97:is #####:should be 1
FAIL: 104:is #####:should be 15
FAIL: 105:is #####:should be 14
FAIL: 106:is #####:should be 1
FAIL: 108:is #####:should be 1
FAIL: 130:is #####:should be 5
FAIL: 131:is #####:should be 3
FAIL: 132:is #####:should be 3
FAIL: 136:is #####:should be 2
FAIL: 137:is #####:should be 1
FAIL: 139:is #####:should be 1
FAIL: 140:is #####:should be 5
FAIL: 141:is #####:should be 1
FAIL: 142:is #####:should be 5
FAIL: 143:is #####:should be 1
FAIL: 144:is #####:should be 1
FAIL: 145:is #####:should be 5
FAIL: 152:is #####:should be 6
FAIL: 153:is #####:should be 1
FAIL: 154:is #####:should be 6
FAIL: 156:is #####:should be 6
FAIL: 157:is #####:should be 3
FAIL: 158:is #####:should be 6
FAIL: 159:is #####:should be 2
FAIL: 160:is #####:should be 4
FAIL: 162:is #####:should be 4
FAIL: 169:is #####:should be 11
FAIL: 170:is #####:should be 1
FAIL: 171:is #####:should be 11
FAIL: 172:is #####:should be 5
FAIL: 173:is #####:should be 2
FAIL: 174:is #####:should be 1
FAIL: 175:is #####:should be 11
FAIL: 176:is #####:should be 3
FAIL: 177:is #####:should be 11
FAIL: 216:is #####:should be 5
FAIL: 218:is #####:should be 5
FAIL: 221:is #####:should be 1
FAIL: 228:is #####:should be 3
FAIL: 229:is #####:should be 1
FAIL: 230:is #####:should be 2
FAIL: 233:is #####:should be 1
FAIL: 234:is #####:should be 1
FAIL: 237:is #####:should be 4
FAIL: gcc.misc-tests/gcov-4.c gcov: 56 failures in line counts, 0 in branch percentages, 0 in return percentages
FAIL: gcc.misc-tests/gcov-4b.c (test for excess errors)
WARNING: gcc.misc-tests/gcov-4b.c compilation failed to produce executable
FAIL: 24: expected branch percentages not found: 25
FAIL: 35: expected branch percentages not found: 30
FAIL: 37: expected branch percentages not found: 32
FAIL: 39: expected branch percentages not found: 27
FAIL: 67: expected branch percentages not found: 50
FAIL: 79: expected branch percentages not found: 7
FAIL: 106: expected branch percentages not found: 40
FAIL: 108: expected branch percentages not found: 0
FAIL: 114: expected branch percentages not found: 50
FAIL: 119: expected branch percentages not found: 20
FAIL: 122: expected branch percentages not found: 20
FAIL: 132: expected branch percentages not found: 0
FAIL: 133: expected branch percentages not found: 17
FAIL: 136: expected branch percentages not found: 0
FAIL: 139: expected branch percentages not found: 50
FAIL: 142: expected branch percentages not found: 33
FAIL: 145: expected branch percentages not found: 0
FAIL: 155: expected branch percentages not found: 27 50 25
FAIL: 158: expected branch percentages not found: 45
FAIL: 160: expected branch percentages not found: 40
FAIL: 162: expected branch percentages not found: 50
FAIL: 165: expected branch percentages not found: 9 10 11
FAIL: 209: expected branch percentages not found: 20 25
FAIL: 220: expected branch percentages not found: 33
FAIL: gcc.misc-tests/gcov-4b.c gcov: 0 failures in line counts, 24 in branch percentages, 0 in return percentages
FAIL: gcc.misc-tests/gcov-5b.c (test for excess errors)
WARNING: gcc.misc-tests/gcov-5b.c compilation failed to produce executable
FAIL: gcc.misc-tests/gcov-6.c (test for excess errors)
WARNING: gcc.misc-tests/gcov-6.c compilation failed to produce executable
FAIL: 15:is #####:should be 5
FAIL: 18:is #####:should be 1
FAIL: 20:is #####:should be 4
FAIL: 29:is #####:should be 1
FAIL: 33:is #####:should be 4
FAIL: 16: expected branch percentages not found: 20
FAIL: 19: expected return percentages not found: 0
FAIL: 30: expected return percentages not found: 100
FAIL: 34: expected return percentages not found: 75
FAIL: gcc.misc-tests/gcov-6.c gcov: 5 failures in line counts, 1 in branch percentages, 3 in return percentages
FAIL: gcc.misc-tests/gcov-7.c (test for excess errors)
WARNING: gcc.misc-tests/gcov-7.c compilation failed to produce executable
FAIL: 17:is #####:should be 3
FAIL: 21:is #####:should be 1
FAIL: 25:is #####:should be 2
FAIL: 30:is #####:should be 3
FAIL: 34:is #####:should be 1
FAIL: 38:is #####:should be 2
FAIL: 40:is #####:should be 1
FAIL: 43:is #####:should be 1
FAIL: 75:is #####:should be 2
FAIL: 78:is #####:should be 3
FAIL: 80:is #####:should be 1
FAIL: 20: expected branch percentages not found: 33
FAIL: 33: expected branch percentages not found: 33
FAIL: 74: expected branch percentages not found: 33
FAIL: 39: expected return percentages not found: 50
FAIL: 41: expected return percentages not found: 100
FAIL: 79: expected return percentages not found: 33
FAIL: 81: expected return percentages not found: 0
FAIL: gcc.misc-tests/gcov-7.c gcov: 11 failures in line counts, 3 in branch percentages, 4 in return percentages
FAIL: gcc.misc-tests/gcov-8.c (test for excess errors)
WARNING: gcc.misc-tests/gcov-8.c compilation failed to produce executable
FAIL: 20: expected branch percentages not found: 1
FAIL: 28: expected branch percentages not found: 0
FAIL: 30: expected branch percentages not found: 1
FAIL: 47: expected branch percentages not found: 0
FAIL: gcc.misc-tests/gcov-8.c gcov: 0 failures in line counts, 4 in branch percentages, 0 in return percentages

		=== gcc Summary ===

# of expected passes		18956
# of unexpected failures	238
# of unexpected successes	1
# of expected failures		62
# of unresolved testcases	64
# of unsupported tests		139
/gcctmp/gcc020814/build/gcc/xgcc version 3.3 20020814 (experimental)

		=== objc tests ===


Running target unix

		=== objc Summary ===

# of expected passes		1045
# of expected failures		6
/gcctmp/gcc020814/build/gcc/xgcc version 3.3 20020814 (experimental)


Compiler version: 3.3 20020814 (experimental) 
Platform: arm-unknown-netbsd1.5Y
configure flags: --host=arm-unknown-netbsd1.5Y


Index Nav: [Date Index] [Subject Index] [Author Index] [Thread Index]
Message Nav: [Date Prev] [Date Next] [Thread Prev] [Thread Next]