This is the mail archive of the gcc-testresults@gcc.gnu.org mailing list for the GCC project.


Index Nav: [Date Index] [Subject Index] [Author Index] [Thread Index]
Message Nav: [Date Prev] [Date Next] [Thread Prev] [Thread Next]
Other format: [Raw text]

Results for 3.2 testsuite on i686-pc-linux-gnu


gcc-3.2 was build on a Pentium III 1GHz running SuSE 7.1, kernel 2.4.5, glibc 2.2-17, binutils 2.13.
Gcc was configured with --enable-threads.

LAST_UPDATED: 
Native configuration is i686-pc-linux-gnu

		=== gcc tests ===


Running target unix
FAIL: gcc.c-torture/execute/20020307-2.c execution,  -O1 
FAIL: gcc.c-torture/execute/20020307-2.c execution,  -O2 
FAIL: gcc.c-torture/execute/20020307-2.c execution,  -O3 -fomit-frame-pointer 
FAIL: gcc.c-torture/execute/20020307-2.c execution,  -O3 -fomit-frame-pointer -funroll-loops 
FAIL: gcc.c-torture/execute/20020307-2.c execution,  -O3 -fomit-frame-pointer -funroll-all-loops -finline-functions 
FAIL: gcc.c-torture/execute/20020307-2.c execution,  -O3 -g 

		=== gcc Summary ===

# of expected passes		18589
# of unexpected failures	6
# of expected failures		68
# of unsupported tests		44
/cg/disks/kagran/people/ceh/Projects/gcc/ix86gcc32/gcc/xgcc version 3.2

		=== objc tests ===


Running target unix

		=== objc Summary ===

# of expected passes		1035
# of expected failures		6
/cg/disks/kagran/people/ceh/Projects/gcc/ix86gcc32/gcc/xgcc version 3.2


Compiler version: 3.2 
Platform: i686-pc-linux-gnu
configure flags: --host=i686-pc-linux-gnu --prefix=/usr/local/gcc-3.2 --with-as=/usr/local/bin/as --with-ld=/usr/local/bin/ld --enable-threads


Index Nav: [Date Index] [Subject Index] [Author Index] [Thread Index]
Message Nav: [Date Prev] [Date Next] [Thread Prev] [Thread Next]