This is the mail archive of the gcc-testresults@gcc.gnu.org mailing list for the GCC project.


Index Nav: [Date Index] [Subject Index] [Author Index] [Thread Index]
Message Nav: [Date Prev] [Date Next] [Thread Prev] [Thread Next]
Other format: [Raw text]

Results for 3.2 testsuite on sparc-suse-linux-gnu


LAST_UPDATED: Wed Aug 14 22:20:19 UTC 2002

Native configuration is sparc-suse-linux-gnu

		=== g++ tests ===


Running target unix
XPASS: g++.other/init5.C  Execution test

		=== g++ Summary ===

# of expected passes		7245
# of unexpected successes	1
# of expected failures		87
# of untested testcases		22
# of unsupported tests		5
/local/gccbuild/gcc/testsuite/../g++ version 3.2

		=== g77 tests ===


Running target unix

		=== g77 Summary ===

# of expected passes		1452
# of unsupported tests		8
/local/gccbuild/gcc/testsuite/../g77 version 3.2

		=== gcc tests ===


Running target unix

		=== gcc Summary ===

# of expected passes		18442
# of expected failures		66
# of unsupported tests		110
/local/gccbuild/gcc/xgcc version 3.2

		=== objc tests ===


Running target unix

		=== objc Summary ===

# of expected passes		1035
# of expected failures		6
/local/gccbuild/gcc/xgcc version 3.2

		=== libstdc++-v3 tests ===


Running target unix
XPASS: 22_locale/ctype_is_wchar_t.cc execution test
XPASS: 22_locale/time_put_members_char.cc execution test
XPASS: 22_locale/time_put_members_wchar_t.cc execution test
FAIL: 26_numerics/c99_classification_macros_c.cc (test for excess errors)

		=== libstdc++-v3 Summary ===

# of expected passes		408
# of unexpected failures	1
# of unexpected successes	3
# of expected failures		23

Compiler version: 3.2 
Platform: sparc-suse-linux-gnu
configure flags: --host=sparc-suse-linux --enable-threads=posix --prefix=/opt/Pkg/Linux/sparc64/gcc32 --enable-languages=c,c++,f77,objc --disable-libgcj --with-gxx-include-dir=/opt/Pkg/Linux/sparc64/gcc32/include/g++ --with-system-zlib --enable-shared --enable-__cxa_atexit


Index Nav: [Date Index] [Subject Index] [Author Index] [Thread Index]
Message Nav: [Date Prev] [Date Next] [Thread Prev] [Thread Next]