This is the mail archive of the
gcc-testresults@gcc.gnu.org
mailing list for the GCC project.
Results for 3.3 20020810 (experimental) testsuite on i686-pc-linux-gnu
- From: Mark Wielaard <mark at wildebeest dot org>
- To: gcc-testresults at gcc dot gnu dot org
- Date: Sun, 11 Aug 2002 13:38:33 +0200
- Subject: Results for 3.3 20020810 (experimental) testsuite on i686-pc-linux-gnu
Debian GNU/Linux testing/unstable
Linux 2.4.18
binutils Version: 2.12.90.0.15-1
glibc Version: 2.2.5-13
LAST_UPDATED: Sun Aug 11 03:36:53 UTC 2002
Native configuration is i686-pc-linux-gnu
=== g++ tests ===
Running target unix
FAIL: g++.dg/warn/Wunused-2.C (test for warnings, line 5)
=== g++ Summary ===
# of expected passes 7513
# of unexpected failures 1
# of expected failures 86
# of untested testcases 9
# of unsupported tests 3
/opt/src/gcc-3.2/obj/gcc/testsuite/../g++ version 3.3 20020810 (experimental)
=== gcc tests ===
Running target unix
FAIL: gcc.c-torture/execute/20020412-1.c execution, -O1
FAIL: gcc.c-torture/execute/20020412-1.c execution, -O2
FAIL: gcc.c-torture/execute/20020412-1.c execution, -O3 -fomit-frame-pointer
FAIL: gcc.c-torture/execute/20020412-1.c execution, -O3 -fomit-frame-pointer -funroll-loops
FAIL: gcc.c-torture/execute/20020412-1.c execution, -O3 -fomit-frame-pointer -funroll-all-loops -finline-functions
FAIL: gcc.c-torture/execute/20020412-1.c execution, -O3 -g
FAIL: cmdlne-dM-M.c: #define line not printed
FAIL: gcc.dg/format/ext-3.c bad %^# (test for warnings, line 215)
FAIL: gcc.dg/format/ext-3.c (test for excess errors)
FAIL: gcc.dg/format/ext-3.c bad %^# (test for warnings, line 215)
FAIL: gcc.dg/format/ext-3.c (test for excess errors)
FAIL: gcc.dg/tls/diag-3.c (test for errors, line 4)
FAIL: gcc.dg/tls/diag-3.c (test for excess errors)
=== gcc Summary ===
# of expected passes 19513
# of unexpected failures 13
# of expected failures 65
# of unsupported tests 62
/opt/src/gcc-3.2/obj/gcc/xgcc version 3.3 20020810 (experimental)
=== libjava tests ===
Running target unix
FAIL: PR1343 compilation from bytecode
FAIL: PR1343 -O compilation from bytecode
FAIL: Array_3 compilation from bytecode
FAIL: Array_3 -O execution - source compiled test
FAIL: Array_3 -O compilation from bytecode
FAIL: Compile DejaGNUTestHarness.java
=== libjava Summary ===
# of expected passes 2683
# of unexpected failures 6
# of expected failures 14
# of untested testcases 13
=== libstdc++-v3 tests ===
Running target unix
FAIL: 22_locale/codecvt_members_char_char.cc execution test
FAIL: 22_locale/codecvt_members_wchar_t_char.cc execution test
FAIL: 22_locale/ctor_copy_dtor.cc execution test
FAIL: 22_locale/ctype_to_char.cc execution test
FAIL: 22_locale/ctype_to_wchar_t.cc execution test
FAIL: 26_numerics/c99_classification_macros_c.cc (test for excess errors)
FAIL: 27_io/ostream_inserter_arith.cc execution test
=== libstdc++-v3 Summary ===
# of expected passes 410
# of unexpected failures 7
# of expected failures 27
Compiler version: 3.3 20020810 (experimental)
Platform: i686-pc-linux-gnu
configure flags: --host=i686-pc-linux-gnu --enable-clocale=gnu --enable-shared --enable-threads=posix --enable-languages=c++,java --prefix=/usr/local/gcc32