This is the mail archive of the
gcc-testresults@gcc.gnu.org
mailing list for the GCC project.
Results for 3.2 2002-07-26 (prerelease) testsuite on sparc-sun-solaris2.9
- From: Mark Mitchell (admin) <mitchell at dbai dot tuwien dot ac dot at>
- To: gcc-testresults at gcc dot gnu dot org
- Date: Fri, 9 Aug 2002 09:33:03 +0200 (CEST)
- Subject: Results for 3.2 2002-07-26 (prerelease) testsuite on sparc-sun-solaris2.9
LAST_UPDATED: Thu Aug 8 23:54:09 UTC 2002
Native configuration is sparc-sun-solaris2.9
=== g++ tests ===
Running target unix
FAIL: g++.dg/special/conpr-2.C execution test
FAIL: g++.dg/special/conpr-3.C execution test
FAIL: g++.dg/special/initp1.C execution test
FAIL: g++.brendan/crash58.C (syntax|parse) error.* (test for errors, line 8)
FAIL: g++.brendan/crash58.C (test for excess errors)
FAIL: g++.brendan/overload8.C cannot pass non pod (test for warnings, line 9)
=== g++ Summary ===
# of expected passes 7237
# of unexpected failures 6
# of expected failures 88
# of untested testcases 21
# of unsupported tests 3
/files/mitchell/gcc_auto_build/gcc/sparc-sun-solaris2.9/gcc/testsuite/../g++ version 3.2 2002-07-26 (prerelease)
=== g77 tests ===
Running target unix
=== g77 Summary ===
# of expected passes 1452
# of unsupported tests 8
/files/mitchell/gcc_auto_build/gcc/sparc-sun-solaris2.9/gcc/testsuite/../g77 version 3.2 2002-07-26 (prerelease)
=== gcc tests ===
Running target unix
UNRESOLVED: weak-1.c
UNRESOLVED: weak-2.c
UNRESOLVED: wkali-1.c
UNRESOLVED: wkali-2.c
=== gcc Summary ===
# of expected passes 18412
# of expected failures 66
# of unresolved testcases 4
# of unsupported tests 110
/files/mitchell/gcc_auto_build/gcc/sparc-sun-solaris2.9/gcc/xgcc version 3.2 2002-07-26 (prerelease)
=== objc tests ===
Running target unix
=== objc Summary ===
# of expected passes 1035
# of expected failures 6
/files/mitchell/gcc_auto_build/gcc/sparc-sun-solaris2.9/gcc/xgcc version 3.2 2002-07-26 (prerelease)
=== libjava tests ===
Running target unix
ERROR: No \`main' given in program Class_1
UNRESOLVED: Divide_1 compilation from source
FAIL: FileHandleGcTest execution from source compiled test
FAIL: FileHandleGcTest execution from bytecode->native test
FAIL: FileHandleGcTest -O execution from source compiled test
FAIL: FileHandleGcTest -O execution from bytecode->native test
FAIL: Thread_Alive -O compilation from bytecode
ERROR: No \`main' given in program Thread_Monitor
UNRESOLVED: Thread_Sleep compilation from source
FAIL: Throw_2 execution from source compiled test
FAIL: Throw_2 execution from bytecode->native test
FAIL: Throw_2 -O execution from source compiled test
FAIL: Throw_2 -O execution from bytecode->native test
=== libjava Summary ===
# of expected passes 2048
# of unexpected failures 9
# of expected failures 18
# of unresolved testcases 2
# of untested testcases 24
=== libstdc++-v3 tests ===
Running target unix
XPASS: 22_locale/collate_members_wchar_t.cc execution test
XPASS: 22_locale/ctype_is_wchar_t.cc execution test
XPASS: 22_locale/money_get_members_wchar_t.cc execution test
XPASS: 22_locale/money_put_members_wchar_t.cc execution test
XPASS: 22_locale/moneypunct_members_wchar_t.cc execution test
XPASS: 22_locale/num_get_members_wchar_t.cc execution test
XPASS: 22_locale/num_put_members_wchar_t.cc execution test
XPASS: 22_locale/numpunct_members_wchar_t.cc execution test
XPASS: 22_locale/time_get_members_wchar_t.cc execution test
XPASS: 22_locale/time_put_members_wchar_t.cc execution test
FAIL: 27_io/istream_extractor_arith.cc execution test
=== libstdc++-v3 Summary ===
# of expected passes 397
# of unexpected failures 1
# of unexpected successes 10
# of expected failures 16
Compiler version: 3.2 2002-07-26 (prerelease)
Platform: sparc-sun-solaris2.9
configure flags: --host=sparc-sun-solaris2.9 --prefix=/files/mitchell/gcc_auto_build/install/sparc-sun-solaris2.9