This is the mail archive of the gcc-testresults@gcc.gnu.org mailing list for the GCC project.


Index Nav: [Date Index] [Subject Index] [Author Index] [Thread Index]
Message Nav: [Date Prev] [Date Next] [Thread Prev] [Thread Next]
Other format: [Raw text]

Results for 3.1.1 testsuite on mips-sgi-irix6.2 (RTL check)


LAST_UPDATED: 
Native configuration is mips-sgi-irix6.2

		=== g++ tests ===


Running target unix/-mabi=64

		=== g++ Summary for unix/-mabi=64 ===

# of expected passes		7057
# of expected failures		96
# of untested testcases		23
# of unsupported tests		5

Running target unix/-mips4

		=== g++ Summary for unix/-mips4 ===

# of expected passes		7057
# of expected failures		96
# of untested testcases		23
# of unsupported tests		5

Running target unix

		=== g++ Summary for unix ===

# of expected passes		7057
# of expected failures		96
# of untested testcases		23
# of unsupported tests		5

		=== g++ Summary ===

# of expected passes		21171
# of expected failures		288
# of untested testcases		69
# of unsupported tests		15
/caip/u99/ghazi/gcc-testing/branch/build/gcc/testsuite/../g++ version 3.1.1

		=== g77 tests ===


Running target unix/-mabi=64

		=== g77 Summary for unix/-mabi=64 ===

# of expected passes		1452
# of unsupported tests		8

Running target unix/-mips4

		=== g77 Summary for unix/-mips4 ===

# of expected passes		1452
# of unsupported tests		8

Running target unix

		=== g77 Summary for unix ===

# of expected passes		1452
# of unsupported tests		8

		=== g77 Summary ===

# of expected passes		4356
# of unsupported tests		24
/caip/u99/ghazi/gcc-testing/branch/build/gcc/testsuite/../g77 version 3.1.1

		=== gcc tests ===


Running target unix/-mabi=64
WARNING: program timed out.
FAIL: gcc.c-torture/compile/20001226-1.c,  -O2  
WARNING: program timed out.
FAIL: gcc.c-torture/compile/20001226-1.c,  -O3 -fomit-frame-pointer  
WARNING: program timed out.
FAIL: gcc.c-torture/compile/20001226-1.c,  -O3 -g  
WARNING: program timed out.
FAIL: gcc.c-torture/compile/20001226-1.c,  -Os  
FAIL: gcc.c-torture/execute/20020307-2.c execution,  -O0 
FAIL: gcc.c-torture/execute/20020307-2.c execution,  -O1 
FAIL: gcc.c-torture/execute/20020307-2.c execution,  -O2 
FAIL: gcc.c-torture/execute/20020307-2.c execution,  -O3 -fomit-frame-pointer 
FAIL: gcc.c-torture/execute/20020307-2.c execution,  -O3 -fomit-frame-pointer -funroll-loops 
FAIL: gcc.c-torture/execute/20020307-2.c execution,  -O3 -fomit-frame-pointer -funroll-all-loops -finline-functions 
FAIL: gcc.c-torture/execute/20020307-2.c execution,  -O3 -g 
FAIL: gcc.c-torture/execute/20020307-2.c execution,  -Os 
XPASS: gcc.dg/c99-intconst-1.c (test for excess errors)

		=== gcc Summary for unix/-mabi=64 ===

# of expected passes		18014
# of unexpected failures	12
# of unexpected successes	1
# of expected failures		100
# of unsupported tests		123

Running target unix/-mips4
WARNING: program timed out.
FAIL: gcc.c-torture/compile/20001226-1.c,  -O2  
WARNING: program timed out.
FAIL: gcc.c-torture/compile/20001226-1.c,  -O3 -fomit-frame-pointer  
WARNING: program timed out.
FAIL: gcc.c-torture/compile/20001226-1.c,  -O3 -g  
WARNING: program timed out.
FAIL: gcc.c-torture/compile/20001226-1.c,  -Os  
FAIL: gcc.c-torture/compile/920501-4.c,  -O1  
FAIL: gcc.c-torture/execute/20020307-2.c execution,  -O0 
FAIL: gcc.c-torture/execute/20020307-2.c execution,  -O1 
FAIL: gcc.c-torture/execute/20020307-2.c execution,  -O2 
FAIL: gcc.c-torture/execute/20020307-2.c execution,  -O3 -fomit-frame-pointer 
FAIL: gcc.c-torture/execute/20020307-2.c execution,  -O3 -fomit-frame-pointer -funroll-loops 
FAIL: gcc.c-torture/execute/20020307-2.c execution,  -O3 -fomit-frame-pointer -funroll-all-loops -finline-functions 
FAIL: gcc.c-torture/execute/20020307-2.c execution,  -O3 -g 
FAIL: gcc.c-torture/execute/20020307-2.c execution,  -Os 

		=== gcc Summary for unix/-mips4 ===

# of expected passes		18013
# of unexpected failures	13
# of expected failures		101
# of unsupported tests		123

Running target unix
WARNING: program timed out.
FAIL: gcc.c-torture/compile/20001226-1.c,  -O2  
WARNING: program timed out.
FAIL: gcc.c-torture/compile/20001226-1.c,  -O3 -fomit-frame-pointer  
WARNING: program timed out.
FAIL: gcc.c-torture/compile/20001226-1.c,  -O3 -g  
WARNING: program timed out.
FAIL: gcc.c-torture/compile/20001226-1.c,  -Os  
FAIL: gcc.c-torture/execute/20020307-2.c execution,  -O0 
FAIL: gcc.c-torture/execute/20020307-2.c execution,  -O1 
FAIL: gcc.c-torture/execute/20020307-2.c execution,  -O2 
FAIL: gcc.c-torture/execute/20020307-2.c execution,  -O3 -fomit-frame-pointer 
FAIL: gcc.c-torture/execute/20020307-2.c execution,  -O3 -fomit-frame-pointer -funroll-loops 
FAIL: gcc.c-torture/execute/20020307-2.c execution,  -O3 -fomit-frame-pointer -funroll-all-loops -finline-functions 
FAIL: gcc.c-torture/execute/20020307-2.c execution,  -O3 -g 
FAIL: gcc.c-torture/execute/20020307-2.c execution,  -Os 

		=== gcc Summary for unix ===

# of expected passes		18014
# of unexpected failures	12
# of expected failures		101
# of unsupported tests		123

		=== gcc Summary ===

# of expected passes		54041
# of unexpected failures	37
# of unexpected successes	1
# of expected failures		302
# of unsupported tests		369
/caip/u99/ghazi/gcc-testing/branch/build/gcc/xgcc version 3.1.1

		=== objc tests ===


Running target unix/-mabi=64

		=== objc Summary for unix/-mabi=64 ===

# of expected passes		1035
# of expected failures		6

Running target unix/-mips4

		=== objc Summary for unix/-mips4 ===

# of expected passes		1035
# of expected failures		6

Running target unix

		=== objc Summary for unix ===

# of expected passes		1035
# of expected failures		6

		=== objc Summary ===

# of expected passes		3105
# of expected failures		18
/caip/u99/ghazi/gcc-testing/branch/build/gcc/xgcc version 3.1.1

		=== libstdc++-v3 tests ===


Running target unix/-mabi=64
XPASS: 22_locale/collate_members_wchar_t.cc execution test
XPASS: 22_locale/ctype_is_wchar_t.cc execution test
XPASS: 22_locale/money_get_members_wchar_t.cc execution test
XPASS: 22_locale/money_put_members_wchar_t.cc execution test
XPASS: 22_locale/moneypunct_members_wchar_t.cc execution test
XPASS: 22_locale/num_get_members_wchar_t.cc execution test
XPASS: 22_locale/num_put_members_wchar_t.cc execution test
XPASS: 22_locale/numpunct_members_wchar_t.cc execution test
XPASS: 22_locale/time_get_members_wchar_t.cc execution test
XPASS: 22_locale/time_put_members_wchar_t.cc execution test
FAIL: 27_io/ostream_inserter_arith.cc execution test

		=== libstdc++-v3 Summary for unix/-mabi=64 ===

# of expected passes		385
# of unexpected failures	1
# of unexpected successes	10
# of expected failures		16
# of unsupported tests		6

Running target unix/-mips4
XPASS: 22_locale/collate_members_wchar_t.cc execution test
XPASS: 22_locale/ctype_is_wchar_t.cc execution test
XPASS: 22_locale/money_get_members_wchar_t.cc execution test
XPASS: 22_locale/money_put_members_wchar_t.cc execution test
XPASS: 22_locale/moneypunct_members_wchar_t.cc execution test
XPASS: 22_locale/num_get_members_wchar_t.cc execution test
XPASS: 22_locale/num_put_members_wchar_t.cc execution test
XPASS: 22_locale/numpunct_members_wchar_t.cc execution test
XPASS: 22_locale/time_get_members_wchar_t.cc execution test
XPASS: 22_locale/time_put_members_wchar_t.cc execution test
FAIL: 27_io/ios_base_storage.cc execution test
FAIL: 27_io/ostream_inserter_arith.cc execution test

		=== libstdc++-v3 Summary for unix/-mips4 ===

# of expected passes		384
# of unexpected failures	2
# of unexpected successes	10
# of expected failures		16
# of unsupported tests		6

Running target unix
XPASS: 22_locale/collate_members_wchar_t.cc execution test
XPASS: 22_locale/ctype_is_wchar_t.cc execution test
XPASS: 22_locale/money_get_members_wchar_t.cc execution test
XPASS: 22_locale/money_put_members_wchar_t.cc execution test
XPASS: 22_locale/moneypunct_members_wchar_t.cc execution test
XPASS: 22_locale/num_get_members_wchar_t.cc execution test
XPASS: 22_locale/num_put_members_wchar_t.cc execution test
XPASS: 22_locale/numpunct_members_wchar_t.cc execution test
XPASS: 22_locale/time_get_members_wchar_t.cc execution test
XPASS: 22_locale/time_put_members_wchar_t.cc execution test
FAIL: 27_io/ios_base_storage.cc execution test
FAIL: 27_io/ostream_inserter_arith.cc execution test

		=== libstdc++-v3 Summary for unix ===

# of expected passes		384
# of unexpected failures	2
# of unexpected successes	10
# of expected failures		16
# of unsupported tests		6

		=== libstdc++-v3 Summary ===

# of expected passes		1153
# of unexpected failures	5
# of unexpected successes	30
# of expected failures		48
# of unsupported tests		18

Compiler version: 3.1.1 
Platform: mips-sgi-irix6.2
configure flags: --host=mips-sgi-irix6.2 --verbose --enable-checking=misc,tree,rtl,gc


Index Nav: [Date Index] [Subject Index] [Author Index] [Thread Index]
Message Nav: [Date Prev] [Date Next] [Thread Prev] [Thread Next]