This is the mail archive of the
gcc-testresults@gcc.gnu.org
mailing list for the GCC project.
Results for 3.2 20020727 (experimental) testsuite on i586-pc-linux-gnu
- From: "H. J. Lu" <hjl at lucon dot org>
- To: gcc-testresults at gcc dot gnu dot org
- Date: Sat, 27 Jul 2002 18:45:05 -0700
- Subject: Results for 3.2 20020727 (experimental) testsuite on i586-pc-linux-gnu
LAST_UPDATED: Sat Jul 27 15:34:37 UTC 2002
Native configuration is i586-pc-linux-gnu
=== g++ tests ===
Running target unix
FAIL: g++.dg/warn/Wunused-2.C (test for warnings, line 5)
FAIL: g++.jason/pmf7.C Execution test
FAIL: g++.jason/template26.C Execution test
XPASS: g++.other/init5.C Execution test
=== g++ Summary ===
# of expected passes 7497
# of unexpected failures 3
# of unexpected successes 1
# of expected failures 86
# of untested testcases 9
# of unsupported tests 3
/export/build/gnu/gcc/build-i586-linux/gcc/testsuite/../g++ version 3.2 20020727 (experimental)
=== g77 tests ===
Running target unix
FAIL: g77.f-torture/execute/6367.f execution, -O0
FAIL: g77.f-torture/execute/6367.f execution, -O1
FAIL: g77.f-torture/execute/6367.f execution, -O2
FAIL: g77.f-torture/execute/6367.f execution, -O3 -fomit-frame-pointer
FAIL: g77.f-torture/execute/6367.f execution, -O3 -fomit-frame-pointer -funroll-loops
FAIL: g77.f-torture/execute/6367.f execution, -O3 -fomit-frame-pointer -funroll-all-loops -finline-functions
FAIL: g77.f-torture/execute/6367.f execution, -O3 -g
FAIL: g77.f-torture/execute/6367.f execution, -Os
=== g77 Summary ===
# of expected passes 1618
# of unexpected failures 8
# of unsupported tests 8
/export/build/gnu/gcc/build-i586-linux/gcc/testsuite/../g77 version 3.2 20020727 (experimental)
=== gcc tests ===
Running target unix
FAIL: gcc.c-torture/compile/20010903-1.c, -O3 -fomit-frame-pointer -funroll-loops
FAIL: gcc.c-torture/compile/20010903-1.c, -O3 -fomit-frame-pointer -funroll-all-loops -finline-functions
FAIL: gcc.c-torture/execute/960512-1.c execution, -O1
FAIL: cmdlne-dM-M.c: #define line not printed
FAIL: gcc.dg/20010822-1.c execution test
=== gcc Summary ===
# of expected passes 19488
# of unexpected failures 5
# of expected failures 65
# of unsupported tests 61
/export/build/gnu/gcc/build-i586-linux/gcc/xgcc version 3.2 20020727 (experimental)
=== objc tests ===
Running target unix
=== objc Summary ===
# of expected passes 1043
# of expected failures 6
/export/build/gnu/gcc/build-i586-linux/gcc/xgcc version 3.2 20020727 (experimental)
=== libjava tests ===
Running target unix
FAIL: PR1343 compilation from bytecode
FAIL: PR1343 -O compilation from bytecode
FAIL: Array_3 compilation from bytecode
FAIL: Array_3 -O execution - source compiled test
FAIL: Array_3 -O compilation from bytecode
=== libjava Summary ===
# of expected passes 2681
# of unexpected failures 5
# of expected failures 14
# of untested testcases 13
=== libstdc++-v3 tests ===
Running target unix
XPASS: 22_locale/collate_byname.cc execution test
XPASS: 22_locale/collate_members_char.cc execution test
XPASS: 22_locale/collate_members_wchar_t.cc execution test
XPASS: 22_locale/ctype_is_char.cc execution test
XPASS: 22_locale/ctype_is_wchar_t.cc execution test
XPASS: 22_locale/members.cc execution test
XPASS: 22_locale/messages_byname.cc execution test
XPASS: 22_locale/messages_members_char.cc execution test
XPASS: 22_locale/money_get_members_char.cc execution test
XPASS: 22_locale/money_get_members_wchar_t.cc execution test
XPASS: 22_locale/money_put_members_char.cc execution test
XPASS: 22_locale/money_put_members_wchar_t.cc execution test
XPASS: 22_locale/moneypunct_byname.cc execution test
XPASS: 22_locale/moneypunct_members_char.cc execution test
XPASS: 22_locale/moneypunct_members_wchar_t.cc execution test
XPASS: 22_locale/num_get_members_char.cc execution test
XPASS: 22_locale/num_get_members_wchar_t.cc execution test
XPASS: 22_locale/num_put_members_char.cc execution test
XPASS: 22_locale/num_put_members_wchar_t.cc execution test
XPASS: 22_locale/numpunct_byname.cc execution test
XPASS: 22_locale/numpunct_members_char.cc execution test
XPASS: 22_locale/numpunct_members_wchar_t.cc execution test
XPASS: 22_locale/time_get_members_char.cc execution test
XPASS: 22_locale/time_get_members_wchar_t.cc execution test
XPASS: 22_locale/time_put_members_char.cc execution test
XPASS: 22_locale/time_put_members_wchar_t.cc execution test
FAIL: 23_containers/bitset_ctor.cc (test for excess errors)
WARNING: 23_containers/bitset_ctor.cc compilation failed to produce executable
FAIL: 23_containers/bitset_members.cc (test for excess errors)
WARNING: 23_containers/bitset_members.cc compilation failed to produce executable
FAIL: 26_numerics/c99_classification_macros_c.cc (test for excess errors)
=== libstdc++-v3 Summary ===
# of expected passes 412
# of unexpected failures 3
# of unexpected successes 26
# of expected failures 1
Compiler version: 3.2 20020727 (experimental)
Platform: i586-pc-linux-gnu
configure flags: --host=i586-pc-linux-gnu --enable-clocale=gnu --enable-shared --enable-threads=posix --enable-haifa --disable-checking --prefix=/usr/gcc-3.3 --with-local-prefix=/usr/local