This is the mail archive of the gcc-testresults@gcc.gnu.org mailing list for the GCC project.


Index Nav: [Date Index] [Subject Index] [Author Index] [Thread Index]
Message Nav: [Date Prev] [Date Next] [Thread Prev] [Thread Next]
Other format: [Raw text]

Results for 3.2 2002-07-26 (prerelease) testsuite on i686-pc-linux-gnu


LAST_UPDATED: Fri Jul 26 23:54:03 UTC 2002

Native configuration is i686-pc-linux-gnu

		=== g77 tests ===


Running target unix

		=== g77 Summary ===

# of expected passes		1468
/export/build/gnu/gcc-3.2/build-i686-rearden-linux/gcc/testsuite/../g77 version 3.2 2002-07-26 (prerelease)

		=== gcc tests ===


Running target unix

		=== gcc Summary ===

# of expected passes		18591
# of expected failures		68
# of unsupported tests		44
/export/build/gnu/gcc-3.2/build-i686-rearden-linux/gcc/xgcc version 3.2 2002-07-26 (prerelease)

		=== g++ tests ===


Running target unix
XPASS: g++.other/init5.C  Execution test

		=== g++ Summary ===

# of expected passes		7269
# of unexpected successes	1
# of expected failures		87
# of untested testcases		9
# of unsupported tests		3
/export/build/gnu/gcc-3.2/build-i686-rearden-linux/gcc/testsuite/../g++ version 3.2 2002-07-26 (prerelease)

		=== objc tests ===


Running target unix

		=== objc Summary ===

# of expected passes		1035
# of expected failures		6
/export/build/gnu/gcc-3.2/build-i686-rearden-linux/gcc/xgcc version 3.2 2002-07-26 (prerelease)

		=== libjava tests ===


Running target unix
WARNING: program timed out.
FAIL: Thread_Alive -O execution from source compiled test

		=== libjava Summary ===

# of expected passes		2073
# of unexpected failures	1
# of expected failures		18
# of untested testcases		15
		=== libstdc++-v3 tests ===


Running target unix
FAIL: 22_locale/codecvt_members_char_char.cc execution test
FAIL: 22_locale/codecvt_members_wchar_t_char.cc execution test
FAIL: 22_locale/ctor_copy_dtor.cc execution test
FAIL: 22_locale/ctype_to_char.cc execution test
FAIL: 22_locale/ctype_to_wchar_t.cc execution test
FAIL: 26_numerics/c99_classification_macros_c.cc (test for excess errors)
FAIL: 27_io/ostream_inserter_arith.cc execution test

		=== libstdc++-v3 Summary ===

# of expected passes		402
# of unexpected failures	7
# of expected failures		26

Compiler version: 3.2 2002-07-26 (prerelease) 
Platform: i686-pc-linux-gnu
configure flags: --host=i686-pc-linux-gnu --enable-__cxa_atexit --enable-clocale=gnu --with-system-zlib --enable-shared --enable-threads=posix --enable-haifa --disable-checking --prefix=/usr/gcc-3.2 --with-local-prefix=/usr/local


Index Nav: [Date Index] [Subject Index] [Author Index] [Thread Index]
Message Nav: [Date Prev] [Date Next] [Thread Prev] [Thread Next]