This is the mail archive of the gcc-testresults@gcc.gnu.org mailing list for the GCC project.


Index Nav: [Date Index] [Subject Index] [Author Index] [Thread Index]
Message Nav: [Date Prev] [Date Next] [Thread Prev] [Thread Next]
Other format: [Raw text]

Results for 3.2 20020725 (experimental) testsuite on mmix-knuth-mmixware


Variations may appear at times due to local patches applied to GCC,
testsuite and DejaGNU.  Host compiler is pristine gcc-2.95.3, C only.

LAST_UPDATED: Thu Jul 25 23:42:32 UTC 2002

Target is mmix-knuth-mmixware
Host   is i586-pc-linux-gnu

		=== g++ tests ===


Running target mmixware-sim
FAIL: g++.dg/opt/vt1.C (test for excess errors)
FAIL: g++.dg/warn/Wunused-2.C  (test for warnings, line 5)

		=== g++ Summary ===

# of expected passes		7190
# of unexpected failures	2
# of expected failures		87
# of untested testcases		32
# of unsupported tests		8
/home/hp/builds2/mmixware-sim/gcc/testsuite/../g++ version 3.2 20020725 (experimental)

Host   is i586-pc-linux-gnu

		=== g77 tests ===


Running target mmixware-sim
FAIL: g77.f-torture/compile/20010321-1.f,  -O3 -g
FAIL: g77.f-torture/compile/cpp.F,  -O3 -g
FAIL: g77.f-torture/compile/cpp2.F,  -O3 -g
FAIL: g77.f-torture/execute/970625-2.f compilation,  -O1
FAIL: g77.f-torture/execute/erfc.f execution,  -O2
FAIL: g77.f-torture/execute/erfc.f execution,  -O3 -fomit-frame-pointer
FAIL: g77.f-torture/execute/erfc.f execution,  -O3 -g
FAIL: g77.f-torture/execute/erfc.f execution,  -Os
FAIL: g77.f-torture/execute/cpp.F compilation,  -O3 -g
FAIL: g77.f-torture/execute/cpp2.F compilation,  -O3 -g

		=== g77 Summary ===

# of expected passes		1454
# of unexpected failures	10
# of expected failures		80
# of untested testcases		51
# of unsupported tests		9
/home/hp/builds2/mmixware-sim/gcc/testsuite/../g77 version 3.2 20020725 (experimental)

Host   is i586-pc-linux-gnu

		=== gcc tests ===


Running target mmixware-sim
WARNING: program timed out.
FAIL: gcc.c-torture/compile/20001226-1.c,  -O0
WARNING: program timed out.
FAIL: gcc.c-torture/compile/20001226-1.c,  -O1
WARNING: program timed out.
FAIL: gcc.c-torture/compile/20001226-1.c,  -O2
WARNING: program timed out.
FAIL: gcc.c-torture/compile/20001226-1.c,  -O3 -fomit-frame-pointer
WARNING: program timed out.
FAIL: gcc.c-torture/compile/20001226-1.c,  -O3 -g
WARNING: program timed out.
FAIL: gcc.c-torture/compile/20001226-1.c,  -Os
FAIL: gcc.c-torture/compile/simd-1.c,  -O1
FAIL: gcc.c-torture/compile/simd-1.c,  -O2
FAIL: gcc.c-torture/compile/simd-1.c,  -O3 -fomit-frame-pointer
FAIL: gcc.c-torture/compile/simd-1.c,  -O3 -g
FAIL: gcc.c-torture/compile/simd-1.c,  -Os
WARNING: program timed out.
FAIL: gcc.c-torture/execute/20011008-3.c execution,  -O0
WARNING: program timed out.
FAIL: gcc.c-torture/execute/20011008-3.c execution,  -O1
WARNING: program timed out.
FAIL: gcc.c-torture/execute/20011008-3.c execution,  -Os
FAIL: gcc.c-torture/execute/20020720-1.c compilation,  -O1
UNRESOLVED: gcc.c-torture/execute/20020720-1.c execution,  -O1
FAIL: gcc.c-torture/execute/20020720-1.c compilation,  -O2
UNRESOLVED: gcc.c-torture/execute/20020720-1.c execution,  -O2
FAIL: gcc.c-torture/execute/20020720-1.c compilation,  -O3 -fomit-frame-pointer
UNRESOLVED: gcc.c-torture/execute/20020720-1.c execution,  -O3 -fomit-frame-pointer
FAIL: gcc.c-torture/execute/20020720-1.c compilation,  -O3 -g
UNRESOLVED: gcc.c-torture/execute/20020720-1.c execution,  -O3 -g
FAIL: gcc.c-torture/execute/20020720-1.c compilation,  -Os
UNRESOLVED: gcc.c-torture/execute/20020720-1.c execution,  -Os
FAIL: gcc.c-torture/execute/simd-2.c execution,  -O3 -fomit-frame-pointer
FAIL: gcc.c-torture/execute/simd-2.c execution,  -O3 -g
WARNING: program timed out.
FAIL: gcc.c-torture/execute/strncmp-1.c execution,  -O0
WARNING: program timed out.
FAIL: gcc.c-torture/execute/strncmp-1.c execution,  -O1
WARNING: program timed out.
FAIL: gcc.c-torture/execute/strncmp-1.c execution,  -O2
WARNING: program timed out.
FAIL: gcc.c-torture/execute/strncmp-1.c execution,  -O3 -fomit-frame-pointer
WARNING: program timed out.
FAIL: gcc.c-torture/execute/strncmp-1.c execution,  -O3 -fomit-frame-pointer -funroll-loops
WARNING: program timed out.
FAIL: gcc.c-torture/execute/strncmp-1.c execution,  -O3 -fomit-frame-pointer -funroll-all-loops -finline-functions
WARNING: program timed out.
FAIL: gcc.c-torture/execute/strncmp-1.c execution,  -O3 -g
WARNING: program timed out.
FAIL: gcc.c-torture/execute/strncmp-1.c execution,  -Os
FAIL: cmdlne-dM-M.c: #define line not printed
FAIL: gcc.dg/20010822-1.c execution test
WARNING: program timed out.
FAIL: gcc.dg/c99-intconst-1.c (test for excess errors)
FAIL: gcc.dg/nest.c (test for excess errors)
WARNING: gcc.dg/nest.c compilation failed to produce executable
FAIL: gcc.dg/uninit-A.c uninitialized variable warning (test for bogus messages, line 52)
FAIL: gcc.dg/uninit-A.c uninitialized variable warning (test for bogus messages, line 53)

		=== gcc Summary ===

# of expected passes		19257
# of unexpected failures	35
# of expected failures		71
# of unresolved testcases	5
# of unsupported tests		146
/home/hp/builds2/mmixware-sim/gcc/xgcc version 3.2 20020725 (experimental)

Host   is i586-pc-linux-gnu

		=== objc tests ===


Running target mmixware-sim

		=== objc Summary ===

# of expected passes		1043
# of expected failures		6
/home/hp/builds2/mmixware-sim/gcc/xgcc version 3.2 20020725 (experimental)


Compiler version: 3.2 20020725 (experimental)
Platform: mmix-knuth-mmixware
configure flags: --host=i586-pc-linux-gnu --target=mmix


Index Nav: [Date Index] [Subject Index] [Author Index] [Thread Index]
Message Nav: [Date Prev] [Date Next] [Thread Prev] [Thread Next]