This is the mail archive of the
gcc-testresults@gcc.gnu.org
mailing list for the GCC project.
Results for 3.2 20020713 (experimental) testsuite on sparc-suse-linux-gnu
- From: Robert Schiele <schiele at pi3 dot informatik dot uni-mannheim dot de>
- To: gcc-testresults at gcc dot gnu dot org
- Date: Sun, 14 Jul 2002 07:00:08 +0200
- Subject: Results for 3.2 20020713 (experimental) testsuite on sparc-suse-linux-gnu
LAST_UPDATED: Sat Jul 13 22:17:40 UTC 2002
Native configuration is sparc-suse-linux-gnu
=== g++ tests ===
Running target unix
FAIL: g++.dg/warn/Wunused-2.C (test for warnings, line 5)
XPASS: g++.other/init5.C Execution test
=== g++ Summary ===
# of expected passes 7423
# of unexpected failures 1
# of unexpected successes 1
# of expected failures 88
# of untested testcases 22
# of unsupported tests 4
/local/gccbuild/gcc/testsuite/../g++ version 3.2 20020713 (experimental)
=== g77 tests ===
Running target unix
FAIL: g77.f-torture/execute/6367.f execution, -O0
FAIL: g77.f-torture/execute/6367.f execution, -O1
FAIL: g77.f-torture/execute/6367.f execution, -O2
FAIL: g77.f-torture/execute/6367.f execution, -O3 -fomit-frame-pointer
FAIL: g77.f-torture/execute/6367.f execution, -O3 -fomit-frame-pointer -funroll-loops
FAIL: g77.f-torture/execute/6367.f execution, -O3 -fomit-frame-pointer -funroll-all-loops -finline-functions
FAIL: g77.f-torture/execute/6367.f execution, -O3 -g
FAIL: g77.f-torture/execute/6367.f execution, -Os
=== g77 Summary ===
# of expected passes 1618
# of unexpected failures 8
# of unsupported tests 8
/local/gccbuild/gcc/testsuite/../g77 version 3.2 20020713 (experimental)
=== gcc tests ===
Running target unix
FAIL: cmdlne-dM-M.c: #define line not printed
FAIL: gcc.dg/simd-1.c (test for excess errors)
FAIL: gcc.dg/noncompile/920923-1.c (test for errors, line 111)
FAIL: gcc.dg/noncompile/920923-1.c (test for excess errors)
=== gcc Summary ===
# of expected passes 19226
# of unexpected failures 4
# of expected failures 63
# of unsupported tests 124
/local/gccbuild/gcc/xgcc version 3.2 20020713 (experimental)
=== objc tests ===
Running target unix
=== objc Summary ===
# of expected passes 1043
# of expected failures 6
/local/gccbuild/gcc/xgcc version 3.2 20020713 (experimental)
=== libstdc++-v3 tests ===
Running target unix
XPASS: 22_locale/ctype_is_wchar_t.cc execution test
XPASS: 22_locale/time_put_members_char.cc execution test
XPASS: 22_locale/time_put_members_wchar_t.cc execution test
FAIL: 26_numerics/c99_classification_macros_c.cc (test for excess errors)
=== libstdc++-v3 Summary ===
# of expected passes 403
# of unexpected failures 1
# of unexpected successes 3
# of expected failures 24
Compiler version: 3.2 20020713 (experimental)
Platform: sparc-suse-linux-gnu
configure flags: --host=sparc-suse-linux --enable-threads=posix --prefix=/opt/Pkg/Linux/sparc64/gcc32 --enable-languages=c,c++,f77,objc --disable-libgcj --with-gxx-include-dir=/opt/Pkg/Linux/sparc64/gcc32/include/g++ --with-system-zlib --enable-shared --enable-__cxa_atexit --enable-checking