This is the mail archive of the
gcc-testresults@gcc.gnu.org
mailing list for the GCC project.
Results for 3.1.1 20020702 (prerelease) testsuite on i686-pc-linux-gnu
- From: Joe Buck <jbuck at synopsys dot com>
- To: gcc-testresults at gcc dot gnu dot org
- Date: Tue, 2 Jul 2002 14:37:17 -0700
- Subject: Results for 3.1.1 20020702 (prerelease) testsuite on i686-pc-linux-gnu
This is a Red Hat 6.2 system with all updates applied.
Linux kernel: 2.2.19-6.2.12
GNU C library: 2.1.3-23
binutils (for as and ld): rpm says 2.9.5.0.22-6, --version says 2.9.5
LAST_UPDATED: Tue Jul 2 17:02:38 UTC 2002
Native configuration is i686-pc-linux-gnu
=== g77 tests ===
Running target unix
=== g77 Summary ===
# of expected passes 1468
/home/joe/gccbuild/gcc/testsuite/../g77 version 3.1.1 20020702 (prerelease)
=== gcc tests ===
Running target unix
FAIL: gcc.c-torture/execute/20020307-2.c execution, -O1
FAIL: gcc.c-torture/execute/20020307-2.c execution, -O2
FAIL: gcc.c-torture/execute/20020307-2.c execution, -O3 -fomit-frame-pointer
FAIL: gcc.c-torture/execute/20020307-2.c execution, -O3 -fomit-frame-pointer -funroll-loops
FAIL: gcc.c-torture/execute/20020307-2.c execution, -O3 -fomit-frame-pointer -funroll-all-loops -finline-functions
FAIL: gcc.c-torture/execute/20020307-2.c execution, -O3 -g
=== gcc Summary ===
# of expected passes 18543
# of unexpected failures 6
# of expected failures 68
# of unsupported tests 44
/home/joe/gccbuild/gcc/xgcc version 3.1.1 20020702 (prerelease)
=== g++ tests ===
Running target unix
=== g++ Summary ===
# of expected passes 7199
# of expected failures 88
# of untested testcases 9
# of unsupported tests 3
/home/joe/gccbuild/gcc/testsuite/../g++ version 3.1.1 20020702 (prerelease)
=== objc tests ===
Running target unix
=== objc Summary ===
# of expected passes 1035
# of expected failures 6
/home/joe/gccbuild/gcc/xgcc version 3.1.1 20020702 (prerelease)
=== libstdc++-v3 tests ===
Running target unix
XPASS: 22_locale/collate_members_wchar_t.cc execution test
XPASS: 22_locale/ctype_is_wchar_t.cc execution test
XPASS: 22_locale/money_get_members_wchar_t.cc execution test
XPASS: 22_locale/money_put_members_wchar_t.cc execution test
XPASS: 22_locale/moneypunct_members_wchar_t.cc execution test
XPASS: 22_locale/num_get_members_wchar_t.cc execution test
XPASS: 22_locale/num_put_members_wchar_t.cc execution test
XPASS: 22_locale/numpunct_members_wchar_t.cc execution test
XPASS: 22_locale/time_get_members_wchar_t.cc execution test
XPASS: 22_locale/time_put_members_wchar_t.cc execution test
FAIL: 26_numerics/c99_classification_macros_c.cc (test for excess errors)
=== libstdc++-v3 Summary ===
# of expected passes 395
# of unexpected failures 1
# of unexpected successes 10
# of expected failures 16
Compiler version: 3.1.1 20020702 (prerelease)
Platform: i686-pc-linux-gnu
configure flags: --host=i686-pc-linux-gnu --prefix=/usr/local/gcc-3.1.1-pre --enable-languages=c,c++,objc,f77