This is the mail archive of the gcc-testresults@gcc.gnu.org mailing list for the GCC project.


Index Nav: [Date Index] [Subject Index] [Author Index] [Thread Index]
Message Nav: [Date Prev] [Date Next] [Thread Prev] [Thread Next]
Other format: [Raw text]

Results for 3.1.1 20020627 (prerelease) testsuite on ia64-suse-linux-gnu


LAST_UPDATED: Thu Jun 27 08:01:08 UTC 2002

Native configuration is ia64-suse-linux-gnu

		=== g++ tests ===


Running target unix

		=== g++ Summary ===

# of expected passes		7041
# of expected failures		88
# of untested testcases		23
# of unsupported tests		5
/tmp/cvs/gcc-20020627/Build/gcc/testsuite/../g++ version 3.1.1 20020627 (prerelease)

		=== g77 tests ===


Running target unix

		=== g77 Summary ===

# of expected passes		1452
# of unsupported tests		8
/tmp/cvs/gcc-20020627/Build/gcc/testsuite/../g77 version 3.1.1 20020627 (prerelease)

		=== gcc tests ===


Running target unix
XPASS: gcc.dg/c99-intconst-1.c (test for excess errors)

		=== gcc Summary ===

# of expected passes		18025
# of unexpected successes	1
# of expected failures		83
# of unsupported tests		108
/tmp/cvs/gcc-20020627/Build/gcc/xgcc version 3.1.1 20020627 (prerelease)

		=== objc tests ===


Running target unix

		=== objc Summary ===

# of expected passes		1035
# of expected failures		6
/tmp/cvs/gcc-20020627/Build/gcc/xgcc version 3.1.1 20020627 (prerelease)

		=== libjava tests ===


Running target unix
FAIL: Thread_Interrupt output from source compiled test

		=== libjava Summary ===

# of expected passes		2074
# of unexpected failures	1
# of expected failures		18
# of untested testcases		14
		=== libstdc++-v3 tests ===


Running target unix
XPASS: 22_locale/collate_byname.cc execution test
XPASS: 22_locale/collate_members_char.cc execution test
XPASS: 22_locale/collate_members_wchar_t.cc execution test
XPASS: 22_locale/ctype_is_char.cc execution test
XPASS: 22_locale/ctype_is_wchar_t.cc execution test
XPASS: 22_locale/members.cc execution test
XPASS: 22_locale/messages_byname.cc execution test
XPASS: 22_locale/messages_members_char.cc execution test
XPASS: 22_locale/money_get_members_char.cc execution test
XPASS: 22_locale/money_put_members_char.cc execution test
XPASS: 22_locale/moneypunct_byname.cc execution test
XPASS: 22_locale/moneypunct_members_char.cc execution test
XPASS: 22_locale/moneypunct_members_wchar_t.cc execution test
XPASS: 22_locale/num_get_members_char.cc execution test
XPASS: 22_locale/num_get_members_wchar_t.cc execution test
XPASS: 22_locale/num_put_members_char.cc execution test
XPASS: 22_locale/num_put_members_wchar_t.cc execution test
XPASS: 22_locale/numpunct_byname.cc execution test
XPASS: 22_locale/numpunct_members_char.cc execution test
XPASS: 22_locale/numpunct_members_wchar_t.cc execution test
XPASS: 22_locale/time_get_members_char.cc execution test
XPASS: 22_locale/time_get_members_wchar_t.cc execution test
XPASS: 22_locale/time_put_members_char.cc execution test
XPASS: 22_locale/time_put_members_wchar_t.cc execution test
FAIL: 26_numerics/c99_classification_macros_c.cc (test for excess errors)

		=== libstdc++-v3 Summary ===

# of expected passes		395
# of unexpected failures	1
# of unexpected successes	24
# of expected failures		2

Compiler version: 3.1.1 20020627 (prerelease) 
Platform: ia64-suse-linux-gnu
configure flags: --host=ia64-suse-linux --enable-shared --enable-threads --with-system-zlib


Index Nav: [Date Index] [Subject Index] [Author Index] [Thread Index]
Message Nav: [Date Prev] [Date Next] [Thread Prev] [Thread Next]