This is the mail archive of the
gcc-testresults@gcc.gnu.org
mailing list for the GCC project.
Results for 3.1.1 20020615 (prerelease) testsuite on cris-axis-elf
- From: Hans-Peter Nilsson <hp at bitrange dot com>
- To: <gcc-testresults at gcc dot gnu dot org>
- Date: Sun, 16 Jun 2002 08:49:23 -0400 (EDT)
- Subject: Results for 3.1.1 20020615 (prerelease) testsuite on cris-axis-elf
Variations may appear at times due to local patches applied to GCC,
testsuite and DejaGNU. Host compiler is pristine gcc-2.95.3, C only.
LAST_UPDATED: Sun Jun 16 05:35:54 GMT 2002
Target is cris-axis-elf
Host is cris-axis-elf
=== libstdc++-v3 tests ===
Running target cris-xsim
XPASS: 22_locale/collate_members_wchar_t.cc execution test
XPASS: 22_locale/ctype_is_wchar_t.cc execution test
XPASS: 22_locale/money_get_members_wchar_t.cc execution test
XPASS: 22_locale/money_put_members_wchar_t.cc execution test
XPASS: 22_locale/moneypunct_members_wchar_t.cc execution test
XPASS: 22_locale/num_get_members_wchar_t.cc execution test
XPASS: 22_locale/num_put_members_wchar_t.cc execution test
XPASS: 22_locale/numpunct_members_wchar_t.cc execution test
XPASS: 22_locale/time_get_members_wchar_t.cc execution test
XPASS: 22_locale/time_put_members_wchar_t.cc execution test
FAIL: 27_io/filebuf_members.cc (test for excess errors)
WARNING: 27_io/filebuf_members.cc compilation failed to produce executable
FAIL: 27_io/ios_base_storage.cc execution test
=== libstdc++-v3 Summary ===
# of expected passes 381
# of unexpected failures 2
# of unexpected successes 10
# of expected failures 16
# of unsupported tests 6
Host is i686-pc-linux-gnu
=== g77 tests ===
Running target cris-xsim
FAIL: g77.f-torture/execute/20010430.f execution, -O2
FAIL: g77.f-torture/execute/20010430.f execution, -O3 -fomit-frame-pointer
FAIL: g77.f-torture/execute/20010430.f execution, -O3 -fomit-frame-pointer -funroll-loops
FAIL: g77.f-torture/execute/20010430.f execution, -O3 -fomit-frame-pointer -funroll-all-loops -finline-functions
FAIL: g77.f-torture/execute/20010430.f execution, -O3 -g
=== g77 Summary ===
# of expected passes 1376
# of unexpected failures 5
# of expected failures 32
# of untested testcases 8
# of unsupported tests 9
/mnt/miscb4/builds3/b31/cris-xsim/gcc/testsuite/../g77 version 3.1.1 20020615 (prerelease)
Host is i686-pc-linux-gnu
=== gcc tests ===
Running target cris-xsim
FAIL: gcc.dg/cpp/lexident.c (test for excess errors)
FAIL: gcc.dg/debug/debug-1.c scan-assembler xyzzy
FAIL: gcc.dg/debug/debug-1.c scan-assembler xyzzy
FAIL: gcc.dg/debug/debug-1.c scan-assembler xyzzy
FAIL: gcc.dg/debug/debug-1.c scan-assembler xyzzy
FAIL: gcc.dg/debug/debug-2.c scan-assembler xyzzy
FAIL: gcc.dg/debug/debug-2.c scan-assembler xyzzy
FAIL: gcc.dg/debug/debug-2.c scan-assembler xyzzy
FAIL: gcc.dg/debug/debug-2.c scan-assembler xyzzy
WARNING: gcc.dg/20010912-1.c compilation failed to produce executable
FAIL: gcc.dg/20020304-1.c (test for excess errors)
FAIL: gcc.dg/20020312-2.c execution test
FAIL: gcc.dg/weak-2.c scan-assembler weak[^ ]*[ ]ffoo1a
FAIL: gcc.dg/weak-2.c scan-assembler weak[^ ]*[ ]ffoo1b
FAIL: gcc.dg/weak-2.c scan-assembler weak[^ ]*[ ]ffoo1c
FAIL: gcc.dg/weak-2.c scan-assembler weak[^ ]*[ ]ffoo1e
FAIL: gcc.dg/weak-3.c scan-assembler weak[^ ]*[ ]ffoo1a
FAIL: gcc.dg/weak-3.c scan-assembler weak[^ ]*[ ]ffoo1b
FAIL: gcc.dg/weak-3.c scan-assembler weak[^ ]*[ ]ffoo1c
FAIL: gcc.dg/weak-3.c scan-assembler weak[^ ]*[ ]ffoo1e
FAIL: gcc.dg/weak-3.c scan-assembler weak[^ ]*[ ]ffoo1f
FAIL: gcc.dg/weak-3.c scan-assembler weak[^ ]*[ ]ffoo1g
FAIL: gcc.dg/weak-4.c scan-assembler weak[^ ]*[ ]vfoo1a
FAIL: gcc.dg/weak-4.c scan-assembler weak[^ ]*[ ]vfoo1b
FAIL: gcc.dg/weak-4.c scan-assembler weak[^ ]*[ ]vfoo1c
FAIL: gcc.dg/weak-4.c scan-assembler weak[^ ]*[ ]vfoo1d
FAIL: gcc.dg/weak-4.c scan-assembler weak[^ ]*[ ]vfoo1e
FAIL: gcc.dg/weak-4.c scan-assembler weak[^ ]*[ ]vfoo1f
FAIL: gcc.dg/weak-4.c scan-assembler weak[^ ]*[ ]vfoo1g
FAIL: gcc.dg/weak-4.c scan-assembler weak[^ ]*[ ]vfoo1h
FAIL: gcc.dg/weak-4.c scan-assembler weak[^ ]*[ ]vfoo1i
FAIL: gcc.dg/weak-4.c scan-assembler weak[^ ]*[ ]vfoo1j
FAIL: gcc.dg/weak-4.c scan-assembler weak[^ ]*[ ]vfoo1k
UNRESOLVED: weak-1.c
UNRESOLVED: weak-2.c
UNRESOLVED: wkali-1.c
UNRESOLVED: wkali-2.c
=== gcc Summary ===
# of expected passes 18231
# of unexpected failures 32
# of expected failures 68
# of unresolved testcases 4
# of unsupported tests 126
/mnt/miscb4/builds3/b31/cris-xsim/gcc/xgcc version 3.1.1 20020615 (prerelease)
Host is i686-pc-linux-gnu
=== g++ tests ===
Running target cris-xsim
FAIL: g++.dg/opt/vt1.C (test for excess errors)
ERROR: g++.dg/opt/vt1.C: error executing dg-final: couldn't open "vt1.s": no such file or directory
UNRESOLVED: g++.dg/opt/vt1.C: error executing dg-final: couldn't open "vt1.s": no such file or directory
=== g++ Summary ===
# of expected passes 7179
# of unexpected failures 1
# of expected failures 88
# of unresolved testcases 1
# of untested testcases 30
# of unsupported tests 5
/mnt/miscb4/builds3/b31/cris-xsim/gcc/testsuite/../g++ version 3.1.1 20020615 (prerelease)
Host is i686-pc-linux-gnu
=== objc tests ===
Running target cris-xsim
=== objc Summary ===
# of expected passes 1035
# of expected failures 6
/mnt/miscb4/builds3/b31/cris-xsim/gcc/xgcc version 3.1.1 20020615 (prerelease)
Compiler version: 3.1.1 20020615 (prerelease)
Platform: cris-axis-elf
configure flags: --host=i686-pc-linux-gnu --enable-checking=yes --target=cris-elf --prefix=/home/hp/work/axis/build/gcc3testprefix