This is the mail archive of the
gcc-testresults@gcc.gnu.org
mailing list for the GCC project.
Results for 3.2 20020608 (experimental) testsuite on sparc-suse-linux-gnu
- From: Robert Schiele <schiele at pi3 dot informatik dot uni-mannheim dot de>
- To: gcc-testresults at gcc dot gnu dot org
- Date: Sun, 9 Jun 2002 07:45:21 +0200
- Subject: Results for 3.2 20020608 (experimental) testsuite on sparc-suse-linux-gnu
This includes the patch
http://gcc.gnu.org/ml/gcc-patches/2002-05/msg01802.html by Jakub
Jelinek which fixes a bug in a test case I made. My test case is also
included in the mentioned patch.
Robert
LAST_UPDATED: Sat Jun 8 22:17:47 UTC 2002
Native configuration is sparc-suse-linux-gnu
=== g++ tests ===
Running target unix
FAIL: g++.dg/template/typename2.C (test for excess errors)
FAIL: g++.dg/warn/Wunused-2.C (test for warnings, line 5)
=== g++ Summary ===
# of expected passes 7329
# of unexpected failures 2
# of expected failures 87
# of untested testcases 22
# of unsupported tests 4
/local/gccbuild/gcc/testsuite/../g++ version 3.2 20020608 (experimental)
=== g77 tests ===
Running target unix
FAIL: g77.f-torture/execute/6367.f execution, -O0
FAIL: g77.f-torture/execute/6367.f execution, -O1
FAIL: g77.f-torture/execute/6367.f execution, -O2
FAIL: g77.f-torture/execute/6367.f execution, -O3 -fomit-frame-pointer
FAIL: g77.f-torture/execute/6367.f execution, -O3 -fomit-frame-pointer -funroll-loops
FAIL: g77.f-torture/execute/6367.f execution, -O3 -fomit-frame-pointer -funroll-all-loops -finline-functions
FAIL: g77.f-torture/execute/6367.f execution, -O3 -g
FAIL: g77.f-torture/execute/6367.f execution, -Os
=== g77 Summary ===
# of expected passes 1618
# of unexpected failures 8
# of unsupported tests 8
/local/gccbuild/gcc/testsuite/../g77 version 3.2 20020608 (experimental)
=== gcc tests ===
Running target unix
FAIL: gcc.c-torture/compile/20011029-1.c, -O0
FAIL: gcc.c-torture/compile/20011029-1.c, -O1
FAIL: gcc.c-torture/compile/20011029-1.c, -O2
FAIL: gcc.c-torture/compile/20011029-1.c, -O3 -fomit-frame-pointer
FAIL: gcc.c-torture/compile/20011029-1.c, -O3 -g
FAIL: gcc.c-torture/compile/20011029-1.c, -Os
FAIL: cmdlne-dM-M.c: #define line not printed
FAIL: gcc.dg/debug/debug-6.c scan-assembler xyzzy
FAIL: gcc.dg/debug/debug-6.c scan-assembler xyzzy
FAIL: gcc.dg/debug/debug-6.c scan-assembler xyzzy
FAIL: gcc.dg/debug/debug-6.c scan-assembler xyzzy
FAIL: gcc.dg/debug/debug-6.c scan-assembler xyzzy
FAIL: gcc.dg/debug/debug-6.c scan-assembler xyzzy
FAIL: gcc.dg/uninit-A.c uninitialized variable warning (test for bogus messages, line 52)
FAIL: gcc.dg/uninit-A.c uninitialized variable warning (test for bogus messages, line 53)
=== gcc Summary ===
# of expected passes 18847
# of unexpected failures 15
# of expected failures 63
# of unsupported tests 121
/local/gccbuild/gcc/xgcc version 3.2 20020608 (experimental)
=== objc tests ===
Running target unix
=== objc Summary ===
# of expected passes 1035
# of expected failures 6
/local/gccbuild/gcc/xgcc version 3.2 20020608 (experimental)
=== libjava tests ===
Running target unix
FAIL: PR1343 compilation from bytecode
FAIL: PR1343 -O compilation from bytecode
FAIL: calls run
FAIL: field run
FAIL: final_method run
FAIL: findclass run
FAIL: invoke run
FAIL: martin run
FAIL: noclass run
FAIL: overload run
FAIL: register run
FAIL: simple_int run
FAIL: throwit run
FAIL: virtual run
WARNING: program timed out.
FAIL: cxxtest run
=== libjava Summary ===
# of expected passes 2168
# of unexpected failures 15
# of expected failures 14
# of untested testcases 21
=== libstdc++-v3 tests ===
Running target unix
XPASS: 22_locale/ctype_is_wchar_t.cc execution test
XPASS: 22_locale/time_put_members_char.cc execution test
XPASS: 22_locale/time_put_members_wchar_t.cc execution test
FAIL: 26_numerics/c99_classification_macros_c.cc (test for excess errors)
=== libstdc++-v3 Summary ===
# of expected passes 397
# of unexpected failures 1
# of unexpected successes 3
# of expected failures 23
Compiler version: 3.2 20020608 (experimental)
Platform: sparc-suse-linux-gnu
configure flags: --host=sparc-suse-linux --enable-threads=posix --prefix=/opt/Pkg/Linux/sparc64/gcc32 --enable-languages=c,c++,f77,objc,java --with-system-zlib --enable-shared