This is the mail archive of the
gcc-testresults@gcc.gnu.org
mailing list for the GCC project.
Results for 3.2 20020527 (experimental) testsuite on powerpc-ibm-aix4.3.3.0
- From: David Edelsohn <dje at watson dot ibm dot com>
- To: gcc-testresults at gcc dot gnu dot org
- Date: Tue, 28 May 2002 01:41:33 -0400
- Subject: Results for 3.2 20020527 (experimental) testsuite on powerpc-ibm-aix4.3.3.0
LAST_UPDATED: Mon May 27 17:08:47 UTC 2002
Native configuration is powerpc-ibm-aix4.3.3.0
=== g++ tests ===
Running target unix
FAIL: g++.dg/bprob/bprob-1.C compilation, -O2 -fbranch-probabilities
UNRESOLVED: g++.dg/bprob/bprob-1.C execution, -O2 -fbranch-probabilities
FAIL: g++.dg/bprob/bprob-1.C compilation, -O3 -fbranch-probabilities
UNRESOLVED: g++.dg/bprob/bprob-1.C execution, -O3 -fbranch-probabilities
FAIL: g++.dg/bprob/bprob-1.C compilation, -O3 -g -fbranch-probabilities
UNRESOLVED: g++.dg/bprob/bprob-1.C execution, -O3 -g -fbranch-probabilities
FAIL: g++.dg/bprob/bprob-1.C compilation, -Os -fbranch-probabilities
UNRESOLVED: g++.dg/bprob/bprob-1.C execution, -Os -fbranch-probabilities
FAIL: g++.dg/template/typename2.C (test for excess errors)
FAIL: g++.dg/warn/Wunused-2.C (test for warnings, line 5)
FAIL: g++.dg/warn/weak1.C (test for excess errors)
FAIL: g++.dg/special/conpr-1.C execution test
FAIL: g++.dg/special/conpr-2.C execution test
FAIL: g++.dg/special/conpr-3.C execution test
FAIL: g++.dg/special/conpr-3.C execution test
FAIL: g++.dg/special/initp1.C execution test
FAIL: g++.abi/cxa_vec.C Execution test
FAIL: g++.brendan/new3.C Execution test
FAIL: g++.ext/attrib5.C (test for excess errors)
FAIL: g++.jason/thunk3.C (test for excess errors)
FAIL: g++.other/comdat3.C (test for excess errors)
FAIL: g++.other/mangle3.C (test for excess errors)
XPASS: g++.pt/const2.C (test for excess errors)
XPASS: g++.pt/const2.C Execution test
FAIL: g++.pt/static3.C (test for excess errors)
FAIL: g++.pt/static6.C (test for excess errors)
=== g++ Summary ===
# of expected passes 7207
# of unexpected failures 20
# of unexpected successes 2
# of expected failures 89
# of unresolved testcases 4
# of untested testcases 23
# of unsupported tests 5
/gcc/dje/build/powerpc-ibm-aix4.3.3.0-20020527/gcc/testsuite/../g++ version 3.2 20020527 (experimental)
=== g77 tests ===
Running target unix
FAIL: g77.dg/bprob/bprob-1.f compilation, -O2 -fbranch-probabilities
UNRESOLVED: g77.dg/bprob/bprob-1.f execution, -O2 -fbranch-probabilities
FAIL: g77.dg/bprob/bprob-1.f compilation, -O3 -fbranch-probabilities
UNRESOLVED: g77.dg/bprob/bprob-1.f execution, -O3 -fbranch-probabilities
FAIL: g77.dg/bprob/bprob-1.f compilation, -O3 -g -fbranch-probabilities
UNRESOLVED: g77.dg/bprob/bprob-1.f execution, -O3 -g -fbranch-probabilities
FAIL: g77.dg/bprob/bprob-1.f compilation, -Os -fbranch-probabilities
UNRESOLVED: g77.dg/bprob/bprob-1.f execution, -Os -fbranch-probabilities
FAIL: g77.f-torture/execute/6367.f execution, -O0
FAIL: g77.f-torture/execute/6367.f execution, -O1
FAIL: g77.f-torture/execute/6367.f execution, -O2
FAIL: g77.f-torture/execute/6367.f execution, -O3 -fomit-frame-pointer
FAIL: g77.f-torture/execute/6367.f execution, -O3 -fomit-frame-pointer -funroll-loops
FAIL: g77.f-torture/execute/6367.f execution, -O3 -fomit-frame-pointer -funroll-all-loops -finline-functions
FAIL: g77.f-torture/execute/6367.f execution, -O3 -g
FAIL: g77.f-torture/execute/6367.f execution, -Os
=== g77 Summary ===
# of expected passes 1610
# of unexpected failures 12
# of unresolved testcases 4
# of unsupported tests 8
/gcc/dje/build/powerpc-ibm-aix4.3.3.0-20020527/gcc/testsuite/../g77 version 3.2 20020527 (experimental)
=== gcc tests ===
Running target unix
FAIL: gcc.c-torture/compile/981001-2.c, -O3 -fomit-frame-pointer
FAIL: gcc.c-torture/compile/981001-2.c, -O3 -g
FAIL: gcc.c-torture/compile/990801-1.c, -O3 -fomit-frame-pointer -funroll-all-loops -finline-functions
FAIL: gcc.c-torture/compile/20011119-1.c, -O3 -fomit-frame-pointer
FAIL: gcc.c-torture/compile/20011119-1.c, -O3 -g
FAIL: gcc.c-torture/compile/20011119-2.c, -O0
FAIL: gcc.c-torture/compile/20011119-2.c, -O1
FAIL: gcc.c-torture/compile/20011119-2.c, -O2
FAIL: gcc.c-torture/compile/20011119-2.c, -O3 -fomit-frame-pointer
FAIL: gcc.c-torture/compile/20011119-2.c, -O3 -g
FAIL: gcc.c-torture/compile/20011119-2.c, -Os
FAIL: gcc.c-torture/execute/20020412-1.c execution, -O0
FAIL: gcc.c-torture/execute/20020412-1.c execution, -O1
FAIL: gcc.c-torture/execute/20020412-1.c execution, -O2
FAIL: gcc.c-torture/execute/20020412-1.c execution, -O3 -fomit-frame-pointer
FAIL: gcc.c-torture/execute/20020412-1.c execution, -O3 -fomit-frame-pointer -funroll-loops
FAIL: gcc.c-torture/execute/20020412-1.c execution, -O3 -fomit-frame-pointer -funroll-all-loops -finline-functions
FAIL: gcc.c-torture/execute/20020412-1.c execution, -O3 -g
FAIL: gcc.c-torture/execute/20020412-1.c execution, -Os
FAIL: gcc.c-torture/execute/conversion.c execution, -O2
FAIL: gcc.c-torture/execute/conversion.c execution, -Os
FAIL: gcc.c-torture/execute/eeprof-1.c execution, -O0
FAIL: gcc.c-torture/execute/eeprof-1.c execution, -O1
FAIL: gcc.c-torture/execute/eeprof-1.c execution, -O2
FAIL: gcc.c-torture/execute/eeprof-1.c execution, -O3 -fomit-frame-pointer
FAIL: gcc.c-torture/execute/eeprof-1.c execution, -O3 -g
FAIL: gcc.c-torture/execute/eeprof-1.c execution, -Os
FAIL: gcc.c-torture/execute/ieee/20010114-2.c execution, -O1
FAIL: gcc.c-torture/execute/ieee/20010114-2.c execution, -O2
FAIL: gcc.c-torture/execute/ieee/20010114-2.c execution, -Os
FAIL: gcc.c-torture/execute/ieee/980619-1.c execution, -O1
FAIL: gcc.c-torture/execute/ieee/980619-1.c execution, -O2
FAIL: gcc.c-torture/execute/ieee/980619-1.c execution, -O3 -fomit-frame-pointer
FAIL: gcc.c-torture/execute/ieee/980619-1.c execution, -O3 -fomit-frame-pointer -funroll-loops
FAIL: gcc.c-torture/execute/ieee/980619-1.c execution, -O3 -fomit-frame-pointer -funroll-all-loops -finline-functions
FAIL: gcc.c-torture/execute/ieee/980619-1.c execution, -O3 -g
FAIL: gcc.c-torture/execute/ieee/980619-1.c execution, -Os
FAIL: gcc.c-torture/execute/ieee/rbug.c execution, -O2
FAIL: gcc.c-torture/execute/ieee/rbug.c execution, -Os
FAIL: gcc.dg/cpp/arith-2.c (test for errors, line 146)
FAIL: gcc.dg/cpp/arith-2.c (test for errors, line 148)
FAIL: gcc.dg/cpp/arith-2.c (test for errors, line 152)
FAIL: gcc.dg/cpp/arith-2.c (test for bogus messages, line 170)
FAIL: gcc.dg/cpp/arith-2.c (test for bogus messages, line 181)
FAIL: gcc.dg/cpp/arith-2.c (test for warnings, line 184)
FAIL: gcc.dg/cpp/arith-2.c (test for bogus messages, line 185)
FAIL: gcc.dg/cpp/arith-2.c (test for bogus messages, line 193)
FAIL: gcc.dg/cpp/arith-2.c (test for bogus messages, line 197)
FAIL: gcc.dg/cpp/arith-2.c (test for bogus messages, line 205)
FAIL: gcc.dg/cpp/arith-2.c (test for warnings, line 208)
FAIL: gcc.dg/cpp/arith-2.c (test for bogus messages, line 209)
FAIL: gcc.dg/cpp/arith-2.c (test for bogus messages, line 217)
FAIL: gcc.dg/cpp/arith-2.c (test for bogus messages, line 221)
FAIL: gcc.dg/cpp/arith-2.c (test for bogus messages, line 230)
FAIL: gcc.dg/cpp/arith-2.c (test for bogus messages, line 234)
FAIL: gcc.dg/cpp/arith-2.c (test for bogus messages, line 238)
FAIL: gcc.dg/cpp/arith-2.c (test for bogus messages, line 250)
FAIL: gcc.dg/cpp/arith-2.c (test for bogus messages, line 254)
FAIL: gcc.dg/cpp/arith-2.c (test for bogus messages, line 270)
FAIL: gcc.dg/cpp/arith-2.c (test for bogus messages, line 334)
FAIL: gcc.dg/cpp/arith-2.c (test for bogus messages, line 338)
FAIL: gcc.dg/cpp/arith-2.c (test for bogus messages, line 342)
FAIL: gcc.dg/cpp/arith-2.c (test for bogus messages, line 346)
FAIL: gcc.dg/cpp/arith-2.c (test for bogus messages, line 350)
FAIL: gcc.dg/cpp/arith-2.c (test for warnings, line 358)
FAIL: gcc.dg/cpp/arith-2.c (test for bogus messages, line 359)
FAIL: gcc.dg/cpp/arith-2.c (test for bogus messages, line 363)
FAIL: gcc.dg/cpp/arith-2.c (test for bogus messages, line 367)
FAIL: gcc.dg/cpp/arith-2.c (test for warnings, line 377)
FAIL: gcc.dg/cpp/arith-2.c (test for bogus messages, line 378)
FAIL: gcc.dg/cpp/arith-2.c (test for excess errors)
WARNING: program timed out.
FAIL: gcc.dg/cpp/arith-3.c (test for warnings, line 144)
FAIL: gcc.dg/cpp/arith-3.c (test for warnings, line 157)
FAIL: gcc.dg/cpp/arith-3.c (test for warnings, line 180)
FAIL: gcc.dg/cpp/arith-3.c (test for warnings, line 184)
FAIL: gcc.dg/cpp/arith-3.c (test for warnings, line 204)
FAIL: gcc.dg/cpp/arith-3.c (test for warnings, line 208)
FAIL: gcc.dg/cpp/arith-3.c (test for warnings, line 229)
FAIL: gcc.dg/cpp/arith-3.c (test for warnings, line 233)
FAIL: gcc.dg/cpp/arith-3.c (test for warnings, line 265)
FAIL: gcc.dg/cpp/arith-3.c (test for errors, line 277)
FAIL: gcc.dg/cpp/arith-3.c (test for errors, line 289)
FAIL: gcc.dg/cpp/arith-3.c (test for warnings, line 325)
FAIL: gcc.dg/cpp/arith-3.c (test for warnings, line 333)
FAIL: gcc.dg/cpp/arith-3.c (test for warnings, line 341)
FAIL: gcc.dg/cpp/arith-3.c (test for warnings, line 345)
FAIL: gcc.dg/cpp/arith-3.c (test for warnings, line 358)
FAIL: gcc.dg/cpp/arith-3.c (test for warnings, line 377)
FAIL: cmdlne-dM-M.c: #define line not printed
FAIL: gcc.dg/20020103-1.c scan-assembler-not LC
FAIL: gcc.dg/20020118-1.c execution test
FAIL: gcc.dg/altivec-7.c (test for excess errors)
FAIL: gcc.dg/altivec-8.c (test for excess errors)
FAIL: gcc.dg/asm-fs-1.c scan-assembler-not \\*_bar
FAIL: gcc.dg/asm-names.c (test for excess errors)
FAIL: gcc.dg/c99-float-1.c (test for excess errors)
WARNING: program timed out.
FAIL: gcc.dg/weak-1.c scan-assembler weak[^ ]*[ ]_?a
FAIL: gcc.dg/weak-1.c scan-assembler weak[^ ]*[ ]_?b
FAIL: gcc.dg/weak-1.c scan-assembler weak[^ ]*[ ]_?c
FAIL: gcc.dg/weak-1.c scan-assembler weak[^ ]*[ ]_?d
FAIL: gcc.dg/weak-1.c scan-assembler weak[^ ]*[ ]_?e
FAIL: gcc.dg/weak-1.c scan-assembler weak[^ ]*[ ]_?g
FAIL: gcc.dg/weak-1.c scan-assembler weak[^ ]*[ ]_?j
FAIL: gcc.dg/weak-2.c applying #pragma weak (test for warnings, line 33)
FAIL: gcc.dg/weak-2.c scan-assembler weak[^ ]*[ ]_?ffoo1a
FAIL: gcc.dg/weak-2.c scan-assembler weak[^ ]*[ ]_?ffoo1b
FAIL: gcc.dg/weak-2.c scan-assembler weak[^ ]*[ ]_?ffoo1c
FAIL: gcc.dg/weak-2.c scan-assembler weak[^ ]*[ ]_?ffoo1e
FAIL: gcc.dg/weak-3.c (test for excess errors)
FAIL: gcc.dg/weak-3.c scan-assembler weak[^ ]*[ ]_?ffoo1a
FAIL: gcc.dg/weak-3.c scan-assembler weak[^ ]*[ ]_?ffoo1b
FAIL: gcc.dg/weak-3.c scan-assembler weak[^ ]*[ ]_?ffoo1c
FAIL: gcc.dg/weak-3.c scan-assembler weak[^ ]*[ ]_?ffoo1e
FAIL: gcc.dg/weak-3.c scan-assembler weak[^ ]*[ ]_?ffoo1f
FAIL: gcc.dg/weak-3.c scan-assembler weak[^ ]*[ ]_?ffoo1g
FAIL: gcc.dg/weak-4.c applying #pragma weak (test for warnings, line 41)
FAIL: gcc.dg/weak-4.c applying #pragma weak (test for warnings, line 73)
FAIL: gcc.dg/weak-4.c scan-assembler weak[^ ]*[ ]_?vfoo1a
FAIL: gcc.dg/weak-4.c scan-assembler weak[^ ]*[ ]_?vfoo1b
FAIL: gcc.dg/weak-4.c scan-assembler weak[^ ]*[ ]_?vfoo1c
FAIL: gcc.dg/weak-4.c scan-assembler weak[^ ]*[ ]_?vfoo1d
FAIL: gcc.dg/weak-4.c scan-assembler weak[^ ]*[ ]_?vfoo1e
FAIL: gcc.dg/weak-4.c scan-assembler weak[^ ]*[ ]_?vfoo1f
FAIL: gcc.dg/weak-4.c scan-assembler weak[^ ]*[ ]_?vfoo1g
FAIL: gcc.dg/weak-4.c scan-assembler weak[^ ]*[ ]_?vfoo1h
FAIL: gcc.dg/weak-4.c scan-assembler weak[^ ]*[ ]_?vfoo1i
FAIL: gcc.dg/weak-4.c scan-assembler weak[^ ]*[ ]_?vfoo1j
FAIL: gcc.dg/weak-4.c scan-assembler weak[^ ]*[ ]_?vfoo1k
FAIL: gcc.dg/weak-5.c (test for excess errors)
FAIL: gcc.dg/weak-5.c scan-assembler weak[^ ]*[ ]_?vfoo1a
FAIL: gcc.dg/weak-5.c scan-assembler weak[^ ]*[ ]_?vfoo1b
FAIL: gcc.dg/weak-5.c scan-assembler weak[^ ]*[ ]_?vfoo1c
FAIL: gcc.dg/weak-5.c scan-assembler weak[^ ]*[ ]_?vfoo1d
FAIL: gcc.dg/weak-5.c scan-assembler weak[^ ]*[ ]_?vfoo1e
FAIL: gcc.dg/weak-5.c scan-assembler weak[^ ]*[ ]_?vfoo1f
FAIL: gcc.dg/weak-5.c scan-assembler weak[^ ]*[ ]_?vfoo1g
FAIL: gcc.dg/weak-5.c scan-assembler weak[^ ]*[ ]_?vfoo1h
FAIL: gcc.dg/weak-5.c scan-assembler weak[^ ]*[ ]_?vfoo1i
FAIL: gcc.dg/weak-5.c scan-assembler weak[^ ]*[ ]_?vfoo1j
FAIL: gcc.dg/weak-5.c scan-assembler weak[^ ]*[ ]_?vfoo1k
FAIL: gcc.dg/weak-5.c scan-assembler weak[^ ]*[ ]_?vfoo1l
FAIL: gcc.dg/weak-6.c (test for errors, line 4)
FAIL: gcc.dg/weak-7.c (test for excess errors)
FAIL: gcc.dg/weak-8.c (test for excess errors)
FAIL: gcc.dg/weak-9.c (test for excess errors)
FAIL: gcc.dg/weak-9.c scan-assembler weak[^ ]*[ ]_?f1
FAIL: gcc.dg/weak-9.c scan-assembler weak[^ ]*[ ]_?f2
FAIL: gcc.dg/weak-9.c scan-assembler weak[^ ]*[ ]_?f3
FAIL: gcc.dg/weak-9.c scan-assembler weak[^ ]*[ ]_?f4
FAIL: gcc.dg/weak-9.c scan-assembler notf3
FAIL: gcc.dg/weak-9.c scan-assembler notf4
FAIL: alias-1.c
FAIL: alias-2.c
FAIL: 20000419-2.c
FAIL: gcc.misc-tests/bprob-1.c compilation, -O2 -DPERFTIME -fbranch-probabilities
UNRESOLVED: gcc.misc-tests/bprob-1.c execution, -O2 -DPERFTIME -fbranch-probabilities
FAIL: gcc.misc-tests/bprob-1.c compilation, -O3 -DPERFTIME -fbranch-probabilities
UNRESOLVED: gcc.misc-tests/bprob-1.c execution, -O3 -DPERFTIME -fbranch-probabilities
FAIL: gcc.misc-tests/bprob-1.c compilation, -O3 -g -DPERFTIME -fbranch-probabilities
UNRESOLVED: gcc.misc-tests/bprob-1.c execution, -O3 -g -DPERFTIME -fbranch-probabilities
FAIL: gcc.misc-tests/bprob-1.c compilation, -Os -fbranch-probabilities
UNRESOLVED: gcc.misc-tests/bprob-1.c execution, -Os -fbranch-probabilities
FAIL: gcc.misc-tests/bprob-2.c compilation, -O2 -DPERFTIME -fbranch-probabilities
UNRESOLVED: gcc.misc-tests/bprob-2.c execution, -O2 -DPERFTIME -fbranch-probabilities
FAIL: gcc.misc-tests/bprob-2.c compilation, -O3 -DPERFTIME -fbranch-probabilities
UNRESOLVED: gcc.misc-tests/bprob-2.c execution, -O3 -DPERFTIME -fbranch-probabilities
FAIL: gcc.misc-tests/bprob-2.c compilation, -O3 -g -DPERFTIME -fbranch-probabilities
UNRESOLVED: gcc.misc-tests/bprob-2.c execution, -O3 -g -DPERFTIME -fbranch-probabilities
FAIL: gcc.misc-tests/bprob-2.c compilation, -Os -fbranch-probabilities
UNRESOLVED: gcc.misc-tests/bprob-2.c execution, -Os -fbranch-probabilities
=== gcc Summary ===
# of expected passes 18555
# of unexpected failures 162
# of expected failures 62
# of unresolved testcases 8
# of unsupported tests 120
/gcc/dje/build/powerpc-ibm-aix4.3.3.0-20020527/gcc/xgcc version 3.2 20020527 (experimental)
=== objc tests ===
Running target unix
=== objc Summary ===
# of expected passes 1035
# of expected failures 6
/gcc/dje/build/powerpc-ibm-aix4.3.3.0-20020527/gcc/xgcc version 3.2 20020527 (experimental)
=== libstdc++-v3 tests ===
Running target unix
FAIL: 20_util/allocator_members.cc execution test
XPASS: 22_locale/collate_members_wchar_t.cc execution test
XPASS: 22_locale/ctype_is_wchar_t.cc execution test
FAIL: 22_locale/ctype_to_char.cc execution test
XPASS: 22_locale/money_get_members_wchar_t.cc execution test
XPASS: 22_locale/money_put_members_wchar_t.cc execution test
XPASS: 22_locale/moneypunct_members_wchar_t.cc execution test
XPASS: 22_locale/num_get_members_wchar_t.cc execution test
XPASS: 22_locale/num_put_members_wchar_t.cc execution test
XPASS: 22_locale/numpunct_members_wchar_t.cc execution test
XPASS: 22_locale/time_get_members_wchar_t.cc execution test
XPASS: 22_locale/time_put_members_wchar_t.cc execution test
FAIL: 27_io/istream_extractor_arith.cc execution test
=== libstdc++-v3 Summary ===
# of expected passes 381
# of unexpected failures 3
# of unexpected successes 10
# of expected failures 16
# of unsupported tests 6
Compiler version: 3.2 20020527 (experimental)
Platform: powerpc-ibm-aix4.3.3.0
configure flags: --host=powerpc-ibm-aix4.3.3.0 --prefix=/gcc/dje/install/powerpc-ibm-aix4.3.3.0-20020527 --disable-win32-registry --disable-nls