This is the mail archive of the
gcc-testresults@gcc.gnu.org
mailing list for the GCC project.
Results for 3.1.1 20020521 (prerelease) testsuite on mmix-knuth-mmixware
- From: Hans-Peter Nilsson <hp at bitrange dot com>
- To: <gcc-testresults at gcc dot gnu dot org>
- Date: Wed, 22 May 2002 00:58:36 -0400 (EDT)
- Subject: Results for 3.1.1 20020521 (prerelease) testsuite on mmix-knuth-mmixware
Variations may appear at times due to local patches applied to GCC,
testsuite and DejaGNU. Host compiler is pristine gcc-2.95.3, C only.
LAST_UPDATED: Tue May 21 21:24:05 GMT 2002
Target is mmix-knuth-mmixware
Host is i686-pc-linux-gnu
=== g77 tests ===
Running target mmixware-sim
FAIL: g77.f-torture/execute/19981119-0.f compilation, -O0
=== g77 Summary ===
# of expected passes 1293
# of unexpected failures 1
# of expected failures 78
# of untested testcases 49
# of unsupported tests 9
/mnt/miscb4/builds3/b31/mmixware-sim/gcc/testsuite/../g77 version 3.1.1 20020521 (prerelease)
Host is i686-pc-linux-gnu
=== gcc tests ===
Running target mmixware-sim
FAIL: gcc.c-torture/compile/20001226-1.c, -O3 -g
FAIL: gcc.c-torture/compile/20001226-1.c, -Os
WARNING: program timed out.
=== gcc Summary ===
# of expected passes 17822
# of unexpected failures 2
# of expected failures 74
# of unsupported tests 124
/mnt/miscb4/builds3/b31/mmixware-sim/gcc/xgcc version 3.1.1 20020521 (prerelease)
Host is i686-pc-linux-gnu
=== g++ tests ===
Running target mmixware-sim
=== g++ Summary ===
# of expected passes 7027
# of expected failures 88
# of untested testcases 32
# of unsupported tests 4
/mnt/miscb4/builds3/b31/mmixware-sim/gcc/testsuite/../g++ version 3.1.1 20020521 (prerelease)
Host is i686-pc-linux-gnu
=== objc tests ===
Running target mmixware-sim
=== objc Summary ===
# of expected passes 1036
# of expected failures 6
/mnt/miscb4/builds3/b31/mmixware-sim/gcc/xgcc version 3.1.1 20020521 (prerelease)
Host is mmix-knuth-mmixware
=== libstdc++-v3 tests ===
Running target mmixware-sim
FAIL: 21_strings/ctor_copy_dtor.cc execution test
FAIL: 21_strings/insert.cc execution test
XPASS: 22_locale/collate_members_wchar_t.cc execution test
XPASS: 22_locale/ctype_scan_wchar_t.cc execution test
XPASS: 22_locale/money_get_members_wchar_t.cc execution test
XPASS: 22_locale/money_put_members_wchar_t.cc execution test
XPASS: 22_locale/moneypunct_members_wchar_t.cc execution test
XPASS: 22_locale/num_get_members_wchar_t.cc execution test
XPASS: 22_locale/num_put_members_wchar_t.cc execution test
XPASS: 22_locale/numpunct_members_wchar_t.cc execution test
XPASS: 22_locale/time_get_members_wchar_t.cc execution test
XPASS: 22_locale/time_put_members_wchar_t.cc execution test
WARNING: program timed out.
FAIL: 23_containers/bitset_shift.cc execution test
FAIL: 27_io/filebuf_members.cc (test for excess errors)
WARNING: 27_io/filebuf_members.cc compilation failed to produce executable
FAIL: 27_io/filebuf_virtuals.cc execution test
FAIL: 27_io/ios_base_members_static.cc execution test
FAIL: 27_io/ios_base_storage.cc execution test
=== libstdc++-v3 Summary ===
# of expected passes 358
# of unexpected failures 7
# of unexpected successes 10
# of expected failures 16
# of unsupported tests 6
Compiler version: 3.1.1 20020521 (prerelease)
Platform: mmix-knuth-mmixware
configure flags: --host=i686-pc-linux-gnu --enable-checking=yes --target=mmix