This is the mail archive of the gcc-testresults@gcc.gnu.org mailing list for the GCC project.


Index Nav: [Date Index] [Subject Index] [Author Index] [Thread Index]
Message Nav: [Date Prev] [Date Next] [Thread Prev] [Thread Next]
Other format: [Raw text]

Results for 3.1.1 20020520 (prerelease) testsuite on i686-pc-linux-gnu


LAST_UPDATED: Tue May 21 06:08:44 UTC 2002

Native configuration is i686-pc-linux-gnu

		=== g++ tests ===


Running target unix

		=== g++ Summary ===

# of expected passes		7180
# of expected failures		88
# of untested testcases		9
# of unsupported tests		3
/usr/local/src/build/gcc-3.1/gcc/testsuite/../g++ version 3.1.1 20020520 (prerelease)

		=== g77 tests ===


Running target unix

		=== g77 Summary ===

# of expected passes		1468
/usr/local/src/build/gcc-3.1/gcc/testsuite/../g77 version 3.1.1 20020520 (prerelease)

		=== gcc tests ===


Running target unix
FAIL: gcc.c-torture/execute/20020307-2.c execution,  -O1 
FAIL: gcc.c-torture/execute/20020307-2.c execution,  -O2 
FAIL: gcc.c-torture/execute/20020307-2.c execution,  -O3 -fomit-frame-pointer 
FAIL: gcc.c-torture/execute/20020307-2.c execution,  -O3 -fomit-frame-pointer -funroll-loops 
FAIL: gcc.c-torture/execute/20020307-2.c execution,  -O3 -fomit-frame-pointer -funroll-all-loops -finline-functions 
FAIL: gcc.c-torture/execute/20020307-2.c execution,  -O3 -g 
FAIL: gcc.c-torture/execute/20020402-1.c execution,  -Os 
XPASS: gcc.c-torture/execute/loop-2c.c execution,  -Os 
XPASS: gcc.c-torture/execute/loop-2d.c execution,  -Os 
FAIL: gcc.dg/format/ext-3.c bad %^# (test for warnings, line 215)
FAIL: gcc.dg/format/ext-3.c (test for excess errors)
FAIL: gcc.dg/format/ext-3.c bad %^# (test for warnings, line 215)
FAIL: gcc.dg/format/ext-3.c (test for excess errors)

		=== gcc Summary ===

# of expected passes		18401
# of unexpected failures	11
# of unexpected successes	2
# of expected failures		68
# of unsupported tests		43
/usr/local/src/build/gcc-3.1/gcc/xgcc version 3.1.1 20020520 (prerelease)

		=== objc tests ===


Running target unix

		=== objc Summary ===

# of expected passes		1036
# of expected failures		6
/usr/local/src/build/gcc-3.1/gcc/xgcc version 3.1.1 20020520 (prerelease)

		=== libjava tests ===


Running target unix

		=== libjava Summary ===

# of expected passes		2075
# of expected failures		18
# of untested testcases		14
		=== libstdc++-v3 tests ===


Running target unix
XPASS: 22_locale/ctype_scan_wchar_t.cc execution test
FAIL: 26_numerics/c99_classification_macros_c.cc (test for excess errors)

		=== libstdc++-v3 Summary ===

# of expected passes		377
# of unexpected failures	1
# of unexpected successes	1
# of expected failures		25

Compiler version: 3.1.1 20020520 (prerelease) 
Platform: i686-pc-linux-gnu
configure flags: --host=i686-pc-linux-gnu --verbose --enable-threads=posix --with-system-zlib --enable-shared --disable-nls --enable-checking
Counting all warnings,
there are 58 warnings in stage3 of this bootstrap.

Number of warnings per file:
     23	gcc/combine.c
     10	gcc/regclass.c
      4	gcc/optabs.c
      4	gcc/gcc.c
      2	gcc/java/javaop.def
      2	gcc/fold-const.c
      2	gcc/crtstuff.c
      2	gcc/ada/a-except.adb
      1	gcc/reload.c
      1	gcc/profile.c
      1	gcc/objc/lang-specs.h
      1	gcc/java/jvspec.c
      1	gcc/function.c
      1	gcc/emit-rtl.c
      1	gcc/cp/lang-specs.h
      1	gcc/cp/init.c
      1	gcc/config/i386/i386.c

Number of warning types:
     38	comparison between signed and unsigned
      7	string length \`???' is greater than the length \`???' ISO C89 compilers are required to support
      5	signed and unsigned type in conditional expression
      2	operation on \`???' may be undefined
      2	\`???' might be used uninitialized in this function
      2	\`???' defined but not used
      1	unused variable \`???'
      1	pointer targets in passing arg ??? of \`???' differ in signedness


Index Nav: [Date Index] [Subject Index] [Author Index] [Thread Index]
Message Nav: [Date Prev] [Date Next] [Thread Prev] [Thread Next]