This is the mail archive of the gcc-testresults@gcc.gnu.org mailing list for the GCC project.


Index Nav: [Date Index] [Subject Index] [Author Index] [Thread Index]
Message Nav: [Date Prev] [Date Next] [Thread Prev] [Thread Next]
Other format: [Raw text]

Results for 3.1 testsuite on sparc-sun-solaris2.6


LAST_UPDATED: 
Native configuration is sparc-sun-solaris2.6

		=== g++ tests ===


Running target unix
FAIL: g++.robertl/eb130.C (test for excess errors)
FAIL: g++.robertl/eb132.C (test for excess errors)
FAIL: g++.robertl/eb73.C (test for excess errors)

		=== g++ Summary ===

# of expected passes		7166
# of unexpected failures	3
# of expected failures		88
# of untested testcases		21
# of unsupported tests		3
/opt/build_shop/gcc-3.1/build-sparc-sun-solaris2.6/gcc/testsuite/../g++ version 3.1

		=== g77 tests ===


Running target unix

		=== g77 Summary ===

# of expected passes		1452
# of unsupported tests		8
/opt/build_shop/gcc-3.1/build-sparc-sun-solaris2.6/gcc/testsuite/../g77 version 3.1

		=== gcc tests ===


Running target unix

		=== gcc Summary ===

# of expected passes		18262
# of expected failures		66
# of unsupported tests		108
/opt/build_shop/gcc-3.1/build-sparc-sun-solaris2.6/gcc/xgcc version 3.1

		=== objc tests ===


Running target unix

		=== objc Summary ===

# of expected passes		1036
# of expected failures		6
/opt/build_shop/gcc-3.1/build-sparc-sun-solaris2.6/gcc/xgcc version 3.1

		=== libjava tests ===


Running target unix
FAIL: FileHandleGcTest execution from source compiled test
FAIL: FileHandleGcTest execution from bytecode->native test
FAIL: FileHandleGcTest -O execution from source compiled test
FAIL: FileHandleGcTest -O execution from bytecode->native test
FAIL: Thread_Interrupt -O output from bytecode->native test
FAIL: Throw_2 execution from source compiled test
FAIL: Throw_2 execution from bytecode->native test
FAIL: Throw_2 -O execution from source compiled test
FAIL: Throw_2 -O execution from bytecode->native test

		=== libjava Summary ===

# of expected passes		2058
# of unexpected failures	9
# of expected failures		18
# of untested testcases		22
		=== libstdc++-v3 tests ===


Running target unix
WARNING: program timed out.
FAIL: 21_strings/ctor_copy_dtor.cc execution test
FAIL: 21_strings/inserters_extractors.cc execution test
XPASS: 22_locale/collate_members_wchar_t.cc execution test
XPASS: 22_locale/money_get_members_wchar_t.cc execution test
XPASS: 22_locale/money_put_members_wchar_t.cc execution test
XPASS: 22_locale/moneypunct_members_wchar_t.cc execution test
XPASS: 22_locale/num_get_members_wchar_t.cc execution test
XPASS: 22_locale/num_put_members_wchar_t.cc execution test
XPASS: 22_locale/numpunct_members_wchar_t.cc execution test
XPASS: 22_locale/time_get_members_wchar_t.cc execution test
XPASS: 22_locale/time_put_members_wchar_t.cc execution test
FAIL: 24_iterators/istream_iterator.cc execution test
FAIL: 26_numerics/c_math.cc (test for excess errors)
WARNING: 26_numerics/c_math.cc compilation failed to produce executable
FAIL: 26_numerics/complex_inserters_extractors.cc execution test
FAIL: 27_io/instantiations.cc execution test
FAIL: 27_io/istream_extractor_arith.cc execution test
FAIL: 27_io/istream_extractor_char.cc execution test
FAIL: 27_io/istream_extractor_other.cc execution test
FAIL: 27_io/istream_manip.cc execution test
FAIL: 27_io/istream_seeks.cc execution test
FAIL: 27_io/istream_sentry.cc execution test
FAIL: 27_io/istream_unformatted.cc execution test
FAIL: 27_io/istringstream_members.cc execution test
FAIL: 27_io/ostream_inserter_arith.cc execution test
FAIL: 27_io/ostream_inserter_other.cc execution test
FAIL: 27_io/stringstream_members.cc execution test
FAIL: thread/pthread1.cc (test for excess errors)
WARNING: thread/pthread1.cc compilation failed to produce executable
FAIL: thread/pthread2.cc (test for excess errors)
WARNING: thread/pthread2.cc compilation failed to produce executable
FAIL: thread/pthread3.cc (test for excess errors)
WARNING: thread/pthread3.cc compilation failed to produce executable
FAIL: thread/pthread4.cc (test for excess errors)
WARNING: thread/pthread4.cc compilation failed to produce executable
FAIL: thread/pthread5.cc (test for excess errors)
WARNING: thread/pthread5.cc compilation failed to produce executable
FAIL: thread/pthread6.cc (test for excess errors)
WARNING: thread/pthread6.cc compilation failed to produce executable

		=== libstdc++-v3 Summary ===

# of expected passes		345
# of unexpected failures	23
# of unexpected successes	9
# of expected failures		16

Compiler version: 3.1 
Platform: sparc-sun-solaris2.6
configure flags: --host=sparc-sun-solaris2.6 --prefix=/export/shop/stow/gcc-3.1/sparc-sun-solaris2.6 --infodir=/export/shop/stow/gcc-3.1/info --mandir=/export/shop/stow/gcc-3.1/man --datadir=/export/shop/stow/gcc-3.1/share --enable-threads=posix --enable-long-long --enable-namespaces --enable-multilib --with-as=/export/shop/stow/binutils-2.12/sparc-sun-solaris2.6/bin/as --with-ld=/export/shop/stow/binutils-2.12/sparc-sun-solaris2.6/bin/ld --enable-nls --with-included-gettext


Index Nav: [Date Index] [Subject Index] [Author Index] [Thread Index]
Message Nav: [Date Prev] [Date Next] [Thread Prev] [Thread Next]