This is the mail archive of the gcc-testresults@gcc.gnu.org mailing list for the GCC project.


Index Nav: [Date Index] [Subject Index] [Author Index] [Thread Index]
Message Nav: [Date Prev] [Date Next] [Thread Prev] [Thread Next]
Other format: [Raw text]

Results for 3.2 20020515 (experimental) testsuite on i386-unknown-freebsd5.0


Using gmake with srcdir configuration on ref5 (see key)

LAST_UPDATED: Wed May 15 20:54:19 GMT 2002

Native configuration is i386-unknown-freebsd5.0

		=== g++ tests ===


Running target unix
FAIL: g++.dg/abi/rtti1.C scan-assembler-dem-not typeinfo for A[: \\t\\n]
FAIL: g++.dg/template/typename2.C (test for excess errors)
FAIL: g++.dg/warn/Wunused-2.C  (test for warnings, line 5)
FAIL: g++.jason/pmf7.C  Execution test
FAIL: g++.jason/template26.C  Execution test
FAIL: g++.law/profile1.C (test for excess errors)

		=== g++ Summary ===

# of expected passes		7336
# of unexpected failures	6
# of expected failures		88
# of untested testcases		12
# of unsupported tests		3
/local0/scratch/ljrittle/gcc-build-ref5-in/gcc/testsuite/../g++ version 3.2 20020515 (experimental)

		=== g77 tests ===


Running target unix
FAIL: g77.f-torture/compile/19990826-3.f,  -Os  
FAIL: g77.f-torture/compile/980310-3.f,  -Os  
FAIL: g77.f-torture/compile/20020307-1.f,  -Os  
FAIL: g77.f-torture/execute/19990325-0.f compilation,  -Os 
FAIL: g77.f-torture/execute/19990325-1.f compilation,  -Os 
FAIL: g77.f-torture/execute/6367.f execution,  -O0 
FAIL: g77.f-torture/execute/6367.f execution,  -O1 
FAIL: g77.f-torture/execute/6367.f execution,  -O2 
FAIL: g77.f-torture/execute/6367.f execution,  -O3 -fomit-frame-pointer 
FAIL: g77.f-torture/execute/6367.f execution,  -O3 -fomit-frame-pointer -funroll-loops 
FAIL: g77.f-torture/execute/6367.f execution,  -O3 -fomit-frame-pointer -funroll-all-loops -finline-functions 
FAIL: g77.f-torture/execute/6367.f execution,  -O3 -g 
FAIL: g77.f-torture/execute/6367.f execution,  -Os 
FAIL: g77.f-torture/execute/f90-intrinsic-bit.f compilation,  -Os 
FAIL: g77.f-torture/execute/le.f compilation,  -Os 

		=== g77 Summary ===

# of expected passes		1607
# of unexpected failures	15
# of untested testcases		4
# of unsupported tests		8
/local0/scratch/ljrittle/gcc-build-ref5-in/gcc/testsuite/../g77 version 3.2 20020515 (experimental)

		=== gcc tests ===


Running target unix
FAIL: gcc.c-torture/compile/20010117-2.c,  -Os  
FAIL: gcc.c-torture/compile/920413-1.c,  -Os  
FAIL: gcc.c-torture/compile/920625-1.c,  -Os  
FAIL: gcc.c-torture/compile/920909-1.c,  -Os  
FAIL: gcc.c-torture/compile/930120-1.c,  -Os  
FAIL: gcc.c-torture/compile/950612-1.c,  -Os  
FAIL: gcc.c-torture/compile/950922-1.c,  -Os  
FAIL: gcc.c-torture/compile/20010518-1.c,  -Os  
FAIL: gcc.c-torture/compile/20011114-4.c,  -Os  
FAIL: gcc.c-torture/execute/20000224-1.c compilation,  -Os 
UNRESOLVED: gcc.c-torture/execute/20000224-1.c execution,  -Os 
FAIL: gcc.c-torture/execute/20001124-1.c compilation,  -Os 
UNRESOLVED: gcc.c-torture/execute/20001124-1.c execution,  -Os 
FAIL: gcc.c-torture/execute/20011008-3.c compilation,  -Os 
UNRESOLVED: gcc.c-torture/execute/20011008-3.c execution,  -Os 
FAIL: gcc.c-torture/execute/20020226-1.c compilation,  -Os 
UNRESOLVED: gcc.c-torture/execute/20020226-1.c execution,  -Os 
FAIL: gcc.c-torture/execute/20020402-1.c execution,  -Os 
FAIL: gcc.c-torture/execute/20020508-1.c compilation,  -Os 
UNRESOLVED: gcc.c-torture/execute/20020508-1.c execution,  -Os 
FAIL: gcc.c-torture/execute/20020508-2.c compilation,  -Os 
UNRESOLVED: gcc.c-torture/execute/20020508-2.c execution,  -Os 
FAIL: gcc.c-torture/execute/20020508-3.c compilation,  -Os 
UNRESOLVED: gcc.c-torture/execute/20020508-3.c execution,  -Os 
FAIL: gcc.c-torture/execute/920501-6.c compilation,  -Os 
UNRESOLVED: gcc.c-torture/execute/920501-6.c execution,  -Os 
FAIL: gcc.c-torture/execute/920731-1.c compilation,  -Os 
UNRESOLVED: gcc.c-torture/execute/920731-1.c execution,  -Os 
FAIL: gcc.c-torture/execute/921204-1.c compilation,  -Os 
UNRESOLVED: gcc.c-torture/execute/921204-1.c execution,  -Os 
FAIL: gcc.c-torture/execute/930818-1.c compilation,  -Os 
UNRESOLVED: gcc.c-torture/execute/930818-1.c execution,  -Os 
FAIL: gcc.c-torture/execute/931102-2.c compilation,  -Os 
UNRESOLVED: gcc.c-torture/execute/931102-2.c execution,  -Os 
FAIL: gcc.c-torture/execute/940122-1.c compilation,  -Os 
UNRESOLVED: gcc.c-torture/execute/940122-1.c execution,  -Os 
FAIL: gcc.c-torture/execute/960116-1.c compilation,  -Os 
UNRESOLVED: gcc.c-torture/execute/960116-1.c execution,  -Os 
FAIL: gcc.c-torture/execute/960512-1.c compilation,  -Os 
UNRESOLVED: gcc.c-torture/execute/960512-1.c execution,  -Os 
FAIL: gcc.c-torture/execute/960909-1.c compilation,  -Os 
UNRESOLVED: gcc.c-torture/execute/960909-1.c execution,  -Os 
FAIL: gcc.c-torture/execute/980223.c compilation,  -Os 
UNRESOLVED: gcc.c-torture/execute/980223.c execution,  -Os 
FAIL: gcc.c-torture/execute/981001-1.c compilation,  -Os 
UNRESOLVED: gcc.c-torture/execute/981001-1.c execution,  -Os 
FAIL: gcc.c-torture/execute/arith-rand.c compilation,  -Os 
UNRESOLVED: gcc.c-torture/execute/arith-rand.c execution,  -Os 
FAIL: gcc.c-torture/execute/ashldi-1.c compilation,  -Os 
UNRESOLVED: gcc.c-torture/execute/ashldi-1.c execution,  -Os 
FAIL: gcc.c-torture/execute/ashrdi-1.c compilation,  -Os 
UNRESOLVED: gcc.c-torture/execute/ashrdi-1.c execution,  -Os 
FAIL: gcc.c-torture/execute/conversion.c execution,  -O0 
FAIL: gcc.c-torture/execute/conversion.c execution,  -O1 
FAIL: gcc.c-torture/execute/conversion.c execution,  -O2 
FAIL: gcc.c-torture/execute/conversion.c execution,  -Os 
FAIL: gcc.c-torture/execute/longlong.c compilation,  -Os 
UNRESOLVED: gcc.c-torture/execute/longlong.c execution,  -Os 
FAIL: gcc.c-torture/execute/loop-3c.c execution,  -Os 
FAIL: gcc.c-torture/execute/lshrdi-1.c compilation,  -Os 
UNRESOLVED: gcc.c-torture/execute/lshrdi-1.c execution,  -Os 
FAIL: gcc.c-torture/execute/va-arg-15.c compilation,  -Os 
UNRESOLVED: gcc.c-torture/execute/va-arg-15.c execution,  -Os 
FAIL: gcc.c-torture/unsorted/BUG13.c,  -Os  
FAIL: gcc.c-torture/unsorted/bb1.c,  -Os  
FAIL: gcc.c-torture/unsorted/ex.c,  -Os  
FAIL: gcc.c-torture/unsorted/logic.c,  -Os  
FAIL: gcc.c-torture/unsorted/test.c,  -Os  
FAIL: gcc.c-torture/unsorted/udivmod4.c,  -Os  
FAIL: cmdlne-dM-M.c: #define line not printed
FAIL: gcc.dg/weak-3.c weak declaration (test for warnings, line 42)
FAIL: gcc.dg/weak-3.c weak declaration (test for warnings, line 67)
FAIL: gcc.dg/format/c99-scanf-3.c vfscanf (test for warnings, line 21)
FAIL: gcc.dg/format/c99-scanf-3.c vfscanf (test for warnings, line 21)
FAIL: gcc.dg/format/ext-6.c vfscanf (test for warnings, line 42)
FAIL: gcc.dg/format/ext-6.c vfscanf (test for warnings, line 42)

		=== gcc Summary ===

# of expected passes		18615
# of unexpected failures	52
# of expected failures		66
# of unresolved testcases	24
# of unsupported tests		52
/local0/scratch/ljrittle/gcc-build-ref5-in/gcc/xgcc version 3.2 20020515 (experimental)

		=== objc tests ===


Running target unix
FAIL: objc/execute/bycopy-3.m compilation,  -Os 
UNRESOLVED: objc/execute/bycopy-3.m execution,  -Os 
FAIL: objc/execute/class-1.m compilation,  -Os 
UNRESOLVED: objc/execute/class-1.m execution,  -Os 
FAIL: objc/execute/class-10.m compilation,  -Os 
UNRESOLVED: objc/execute/class-10.m execution,  -Os 
FAIL: objc/execute/class-11.m compilation,  -Os 
UNRESOLVED: objc/execute/class-11.m execution,  -Os 
FAIL: objc/execute/class-12.m compilation,  -Os 
UNRESOLVED: objc/execute/class-12.m execution,  -Os 
FAIL: objc/execute/class-13.m compilation,  -Os 
UNRESOLVED: objc/execute/class-13.m execution,  -Os 
FAIL: objc/execute/class-14.m compilation,  -Os 
UNRESOLVED: objc/execute/class-14.m execution,  -Os 
FAIL: objc/execute/class-2.m compilation,  -Os 
UNRESOLVED: objc/execute/class-2.m execution,  -Os 
FAIL: objc/execute/class-3.m compilation,  -Os 
UNRESOLVED: objc/execute/class-3.m execution,  -Os 
FAIL: objc/execute/class-4.m compilation,  -Os 
UNRESOLVED: objc/execute/class-4.m execution,  -Os 
FAIL: objc/execute/class-5.m compilation,  -Os 
UNRESOLVED: objc/execute/class-5.m execution,  -Os 
FAIL: objc/execute/class-6.m compilation,  -Os 
UNRESOLVED: objc/execute/class-6.m execution,  -Os 
FAIL: objc/execute/class-7.m compilation,  -Os 
UNRESOLVED: objc/execute/class-7.m execution,  -Os 
FAIL: objc/execute/class-8.m compilation,  -Os 
UNRESOLVED: objc/execute/class-8.m execution,  -Os 
FAIL: objc/execute/class-9.m compilation,  -Os 
UNRESOLVED: objc/execute/class-9.m execution,  -Os 

		=== objc Summary ===

# of expected passes		1006
# of unexpected failures	15
# of expected failures		6
# of unresolved testcases	15
/local0/scratch/ljrittle/gcc-build-ref5-in/gcc/xgcc version 3.2 20020515 (experimental)

		=== libjava tests ===


Running target unix
FAIL: calls run
FAIL: cxxtest run
FAIL: field run
FAIL: final_method run
FAIL: findclass run
FAIL: invoke run
FAIL: martin run
FAIL: noclass run
FAIL: overload run
FAIL: register run
FAIL: simple_int run
FAIL: throwit run
FAIL: virtual run
FAIL: KeepInline output from source compiled test
FAIL: KeepInline output from bytecode->native test
FAIL: KeepInline -O output from source compiled test
FAIL: KeepInline -O output from bytecode->native test
FAIL: Throw_2 execution from source compiled test
FAIL: Throw_2 execution from bytecode->native test
FAIL: Throw_2 -O execution from source compiled test
FAIL: Throw_2 -O execution from bytecode->native test
WARNING: program timed out.
FAIL: nested_with_ctor -O execution from bytecode->native test

		=== libjava Summary ===

# of expected passes		2104
# of unexpected failures	22
# of expected failures		18
# of untested testcases		32
		=== libstdc++-v3 tests ===


Running target unix
XPASS: 22_locale/collate_members_wchar_t.cc execution test
XPASS: 22_locale/ctype_scan_wchar_t.cc execution test
XPASS: 22_locale/money_get_members_wchar_t.cc execution test
XPASS: 22_locale/money_put_members_wchar_t.cc execution test
XPASS: 22_locale/moneypunct_members_wchar_t.cc execution test
XPASS: 22_locale/num_get_members_wchar_t.cc execution test
XPASS: 22_locale/num_put_members_wchar_t.cc execution test
XPASS: 22_locale/numpunct_members_wchar_t.cc execution test
XPASS: 22_locale/time_get_members_wchar_t.cc execution test
XPASS: 22_locale/time_put_members_wchar_t.cc execution test

		=== libstdc++-v3 Summary ===

# of expected passes		378
# of unexpected successes	10
# of expected failures		16

Compiler version: 3.2 20020515 (experimental) 
Platform: i386-unknown-freebsd5.0
configure flags: --host=i386-unknown-freebsd5.0 --prefix=/home/ljrittle/tmp-ref5/install-ref5 --with-gnu-as --with-as=/home/ljrittle/tmp-ref5/bootstrap-binutils/bin/as --with-gnu-ld --with-ld=/home/ljrittle/tmp-ref5/bootstrap-binutils/bin/ld
BOOT_CFLAGS=-g -O2
Key: gmake is GNU make
     make is BSD make as shipped on i386-unknown-freebsd5.0
     srcdir means in-source configuration was done within the gcc source tree
     objdir means out-source configuration was done within a fresh directory
ref4 (3.1) and ref5 (mainline) attempt to build gcc twice daily;
once for srcdir configuration and once for objdir configuration;
odd number days use GNU make; even days use BSD make; missing
reports infer breakage; partial reports are made when bootstap
completes in gcc but fails in a support library.
beast (3.1) builds gcc once daily using gmake with objdir conf.


Index Nav: [Date Index] [Subject Index] [Author Index] [Thread Index]
Message Nav: [Date Prev] [Date Next] [Thread Prev] [Thread Next]