This is the mail archive of the gcc-testresults@gcc.gnu.org mailing list for the GCC project.


Index Nav: [Date Index] [Subject Index] [Author Index] [Thread Index]
Message Nav: [Date Prev] [Date Next] [Thread Prev] [Thread Next]
Other format: [Raw text]

Results for 3.1 testsuite on sparc-sun-solaris2.8


LAST_UPDATED: 
Native configuration is sparc-sun-solaris2.8

		=== g++ tests ===


Running target unix
FAIL: g++.dg/special/conpr-2.C execution test
FAIL: g++.dg/special/conpr-3.C execution test
FAIL: g++.dg/special/initp1.C execution test

		=== g++ Summary ===

# of expected passes		7166
# of unexpected failures	3
# of expected failures		88
# of untested testcases		21
# of unsupported tests		3
/export/share1/gccbuild/gcc/testsuite/../g++ version 3.1

		=== g77 tests ===


Running target unix

		=== g77 Summary ===

# of expected passes		1452
# of unsupported tests		8
/export/share1/gccbuild/gcc/testsuite/../g77 version 3.1

		=== gcc tests ===


Running target unix
UNRESOLVED: weak-1.c
UNRESOLVED: weak-2.c
UNRESOLVED: wkali-1.c
UNRESOLVED: wkali-2.c

		=== gcc Summary ===

# of expected passes		18255
# of expected failures		66
# of unresolved testcases	4
# of unsupported tests		108
/export/share1/gccbuild/gcc/xgcc version 3.1

		=== objc tests ===


Running target unix

		=== objc Summary ===

# of expected passes		1036
# of expected failures		6
/export/share1/gccbuild/gcc/xgcc version 3.1

		=== libjava tests ===


Running target unix
FAIL: calls output
FAIL: cxxtest output
FAIL: field output
FAIL: final_method output
FAIL: findclass output
FAIL: invoke output
FAIL: martin output
FAIL: noclass output
FAIL: overload output
FAIL: register output
FAIL: simple_int output
FAIL: throwit output
FAIL: virtual output
FAIL: ArrayStore output from source compiled test
FAIL: ArrayStore -O output from source compiled test
FAIL: ArrayStore2 output from bytecode->native test
FAIL: ArrayStore2 -O output from bytecode->native test
FAIL: Array_1 output from source compiled test
FAIL: Array_1 output from bytecode->native test
FAIL: Array_1 -O output from source compiled test
FAIL: Array_1 -O output from bytecode->native test
FAIL: Array_2 output from source compiled test
FAIL: Array_2 output from bytecode->native test
FAIL: Array_2 -O output from source compiled test
FAIL: Array_2 -O output from bytecode->native test
FAIL: Array_3 output from source compiled test
FAIL: Array_3 output from bytecode->native test
FAIL: Array_3 -O output from source compiled test
FAIL: Array_3 -O output from bytecode->native test
FAIL: Class_1 output from source compiled test
FAIL: Class_1 output from bytecode->native test
FAIL: Class_1 -O output from source compiled test
FAIL: Class_1 -O output from bytecode->native test
FAIL: Divide_1 output from source compiled test
FAIL: Divide_1 output from bytecode->native test
FAIL: Divide_1 -O output from source compiled test
FAIL: Divide_1 -O output from bytecode->native test
FAIL: FileHandleGcTest execution from source compiled test
FAIL: FileHandleGcTest execution from bytecode->native test
FAIL: FileHandleGcTest -O execution from source compiled test
FAIL: FileHandleGcTest -O execution from bytecode->native test
FAIL: Final output from source compiled test
FAIL: Final output from bytecode->native test
FAIL: Final -O output from source compiled test
FAIL: Final -O output from bytecode->native test
FAIL: Float_1 output from source compiled test
FAIL: Float_1 output from bytecode->native test
FAIL: Float_1 -O output from source compiled test
FAIL: Float_1 -O output from bytecode->native test
FAIL: G19990301_01 output from source compiled test
FAIL: G19990301_01 output from bytecode->native test
FAIL: G19990301_01 -O output from source compiled test
FAIL: G19990301_01 -O output from bytecode->native test
FAIL: G19990302_02 output from source compiled test
FAIL: G19990302_02 output from bytecode->native test
FAIL: G19990302_02 -O output from source compiled test
FAIL: G19990302_02 -O output from bytecode->native test
FAIL: G19990303_01 output from source compiled test
FAIL: G19990303_01 output from bytecode->native test
FAIL: G19990303_01 -O output from source compiled test
FAIL: G19990303_01 -O output from bytecode->native test
FAIL: G19990303_02 output from source compiled test
FAIL: G19990303_02 output from bytecode->native test
FAIL: G19990303_02 -O output from source compiled test
FAIL: G19990303_02 -O output from bytecode->native test
FAIL: G19990304_01 output from source compiled test
FAIL: G19990304_01 output from bytecode->native test
FAIL: G19990304_01 -O output from source compiled test
FAIL: G19990304_01 -O output from bytecode->native test
FAIL: G19990310_01 output from source compiled test
FAIL: G19990310_01 output from bytecode->native test
FAIL: G19990310_01 -O output from source compiled test
FAIL: G19990310_01 -O output from bytecode->native test
FAIL: II output from source compiled test
FAIL: II output from bytecode->native test
FAIL: II -O output from source compiled test
FAIL: II -O output from bytecode->native test
FAIL: InterfaceDispatch output from source compiled test
FAIL: InterfaceDispatch output from bytecode->native test
FAIL: InterfaceDispatch -O output from source compiled test
FAIL: InterfaceDispatch -O output from bytecode->native test
FAIL: InvokeReturn output from source compiled test
FAIL: InvokeReturn output from bytecode->native test
FAIL: InvokeReturn -O output from source compiled test
FAIL: InvokeReturn -O output from bytecode->native test
FAIL: Invoke_1 output from source compiled test
FAIL: Invoke_1 output from bytecode->native test
FAIL: Invoke_1 -O output from source compiled test
FAIL: Invoke_1 -O output from bytecode->native test
FAIL: Invoke_2 output from source compiled test
FAIL: Invoke_2 output from bytecode->native test
FAIL: Invoke_2 -O output from source compiled test
FAIL: Invoke_2 -O output from bytecode->native test
FAIL: KeepInline output from source compiled test
FAIL: KeepInline output from bytecode->native test
FAIL: KeepInline -O output from source compiled test
FAIL: KeepInline -O output from bytecode->native test
FAIL: Matrix4f output from source compiled test
FAIL: Matrix4f output from bytecode->native test
FAIL: Matrix4f -O output from source compiled test
FAIL: Matrix4f -O output from bytecode->native test
FAIL: N19990310_02 output from source compiled test
FAIL: N19990310_02 output from bytecode->native test
FAIL: N19990310_02 -O output from source compiled test
FAIL: N19990310_02 -O output from bytecode->native test
FAIL: N19990310_3 output from source compiled test
FAIL: N19990310_3 output from bytecode->native test
FAIL: N19990310_3 -O output from source compiled test
FAIL: N19990310_3 -O output from bytecode->native test
FAIL: N19990310_4 output from source compiled test
FAIL: N19990310_4 output from bytecode->native test
FAIL: N19990310_4 -O output from source compiled test
FAIL: N19990310_4 -O output from bytecode->native test
FAIL: N19990310_5 output from source compiled test
FAIL: N19990310_5 output from bytecode->native test
FAIL: N19990310_5 -O output from source compiled test
FAIL: N19990310_5 -O output from bytecode->native test
FAIL: PR141 output from source compiled test
FAIL: PR141 output from bytecode->native test
FAIL: PR141 -O output from source compiled test
FAIL: PR141 -O output from bytecode->native test
FAIL: PR160 output from source compiled test
FAIL: PR160 output from bytecode->native test
FAIL: PR160 -O output from source compiled test
FAIL: PR160 -O output from bytecode->native test
FAIL: PR162 output from source compiled test
FAIL: PR162 output from bytecode->native test
FAIL: PR162 -O output from source compiled test
FAIL: PR162 -O output from bytecode->native test
FAIL: PR218 output from source compiled test
FAIL: PR218 output from bytecode->native test
FAIL: PR218 -O output from source compiled test
FAIL: PR218 -O output from bytecode->native test
FAIL: PR242 output from source compiled test
FAIL: PR242 output from bytecode->native test
FAIL: PR242 -O output from source compiled test
FAIL: PR242 -O output from bytecode->native test
FAIL: PR260 output from source compiled test
FAIL: PR260 output from bytecode->native test
FAIL: PR260 -O output from source compiled test
FAIL: PR260 -O output from bytecode->native test
FAIL: PR3096 output from source compiled test
FAIL: PR3096 output from bytecode->native test
FAIL: PR3096 -O output from source compiled test
FAIL: PR3096 -O output from bytecode->native test
FAIL: PR3731 output from source compiled test
FAIL: PR3731 output from bytecode->native test
FAIL: PR3731 -O output from source compiled test
FAIL: PR3731 -O output from bytecode->native test
FAIL: PR5057 output from source compiled test
FAIL: PR5057 output from bytecode->native test
FAIL: PR5057 -O output from source compiled test
FAIL: PR5057 -O output from bytecode->native test
FAIL: PR5057_2 output from source compiled test
FAIL: PR5057_2 output from bytecode->native test
FAIL: PR5057_2 -O output from source compiled test
FAIL: PR5057_2 -O output from bytecode->native test
FAIL: PR55 output from source compiled test
FAIL: PR55 output from bytecode->native test
FAIL: PR55 -O output from source compiled test
FAIL: PR55 -O output from bytecode->native test
FAIL: PR56 output from source compiled test
FAIL: PR56 output from bytecode->native test
FAIL: PR56 -O output from source compiled test
FAIL: PR56 -O output from bytecode->native test
FAIL: Primes output from source compiled test
FAIL: Primes output from bytecode->native test
FAIL: Primes -O output from source compiled test
FAIL: Primes -O output from bytecode->native test
FAIL: Shazam output from source compiled test
FAIL: Shazam output from bytecode->native test
FAIL: Shazam -O output from source compiled test
FAIL: Shazam -O output from bytecode->native test
FAIL: StringBuffer_1 output from source compiled test
FAIL: StringBuffer_1 output from bytecode->native test
FAIL: StringBuffer_1 -O output from source compiled test
FAIL: StringBuffer_1 -O output from bytecode->native test
FAIL: SyncTest output from source compiled test
FAIL: SyncTest output from bytecode->native test
FAIL: SyncTest -O output from source compiled test
FAIL: SyncTest -O output from bytecode->native test
FAIL: Synch output from source compiled test
FAIL: Synch output from bytecode->native test
FAIL: Synch -O output from source compiled test
FAIL: Synch -O output from bytecode->native test
FAIL: TLtest output from source compiled test
FAIL: TLtest output from bytecode->native test
FAIL: TLtest -O output from source compiled test
FAIL: TLtest -O output from bytecode->native test
FAIL: Thread_Alive output from source compiled test
FAIL: Thread_Alive output from bytecode->native test
FAIL: Thread_Alive -O output from source compiled test
FAIL: Thread_Alive -O output from bytecode->native test
FAIL: Thread_Interrupt output from source compiled test
FAIL: Thread_Interrupt output from bytecode->native test
FAIL: Thread_Interrupt -O output from source compiled test
FAIL: Thread_Interrupt -O output from bytecode->native test
FAIL: Thread_Join output from source compiled test
FAIL: Thread_Join output from bytecode->native test
FAIL: Thread_Join -O output from source compiled test
FAIL: Thread_Join -O output from bytecode->native test
FAIL: tmi output from source compiled test
FAIL: tmi output from bytecode->native test
FAIL: tmi -O output from source compiled test
FAIL: tmi -O output from bytecode->native test
FAIL: Thread_Monitor output from source compiled test
FAIL: Thread_Monitor output from bytecode->native test
FAIL: Thread_Monitor -O output from source compiled test
FAIL: Thread_Monitor -O output from bytecode->native test
FAIL: Thread_Sleep output from source compiled test
FAIL: Thread_Sleep output from bytecode->native test
FAIL: Thread_Sleep -O output from source compiled test
FAIL: Thread_Sleep -O output from bytecode->native test
FAIL: Thread_Wait output from source compiled test
FAIL: Thread_Wait output from bytecode->native test
FAIL: Thread_Wait -O output from source compiled test
FAIL: Thread_Wait -O output from bytecode->native test
FAIL: Thread_Wait_2 output from source compiled test
FAIL: Thread_Wait_2 output from bytecode->native test
FAIL: Thread_Wait_2 -O output from source compiled test
FAIL: Thread_Wait_2 -O output from bytecode->native test
FAIL: Thread_Wait_Interrupt output from source compiled test
FAIL: Thread_Wait_Interrupt output from bytecode->native test
FAIL: Thread_Wait_Interrupt -O output from source compiled test
FAIL: Thread_Wait_Interrupt -O output from bytecode->native test
FAIL: Throw_1 output from source compiled test
FAIL: Throw_1 output from bytecode->native test
FAIL: Throw_1 -O output from source compiled test
FAIL: Throw_1 -O output from bytecode->native test
FAIL: Throw_2 execution from source compiled test
FAIL: Throw_2 execution from bytecode->native test
FAIL: Throw_2 -O execution from source compiled test
FAIL: Throw_2 -O execution from bytecode->native test
FAIL: anfi output from source compiled test
FAIL: anfi output from bytecode->native test
FAIL: anfi -O output from source compiled test
FAIL: anfi -O output from bytecode->native test
FAIL: anon output from source compiled test
FAIL: anon output from bytecode->native test
FAIL: anon -O output from source compiled test
FAIL: anon -O output from bytecode->native test
FAIL: anon2 output from source compiled test
FAIL: anon2 output from bytecode->native test
FAIL: anon2 -O output from source compiled test
FAIL: anon2 -O output from bytecode->native test
FAIL: anon3 output from source compiled test
FAIL: anon3 output from bytecode->native test
FAIL: anon3 -O output from source compiled test
FAIL: anon3 -O output from bytecode->native test
FAIL: anon4 output from source compiled test
FAIL: anon4 output from bytecode->native test
FAIL: anon4 -O output from source compiled test
FAIL: anon4 -O output from bytecode->native test
FAIL: anon_ctor_itf_arg output from source compiled test
FAIL: anon_ctor_itf_arg output from bytecode->native test
FAIL: anon_ctor_itf_arg -O output from source compiled test
FAIL: anon_ctor_itf_arg -O output from bytecode->native test
FAIL: anonarray output from source compiled test
FAIL: anonarray output from bytecode->native test
FAIL: anonarray -O output from source compiled test
FAIL: anonarray -O output from bytecode->native test
FAIL: anonarray2 output from source compiled test
FAIL: anonarray2 output from bytecode->native test
FAIL: anonarray2 -O output from source compiled test
FAIL: anonarray2 -O output from bytecode->native test
FAIL: anonarray3 output from source compiled test
FAIL: anonarray3 output from bytecode->native test
FAIL: anonarray3 -O output from source compiled test
FAIL: anonarray3 -O output from bytecode->native test
FAIL: direct_read output from source compiled test
FAIL: direct_read output from bytecode->native test
FAIL: direct_read -O output from source compiled test
FAIL: direct_read -O output from bytecode->native test
FAIL: direct_write output from source compiled test
FAIL: direct_write output from bytecode->native test
FAIL: direct_write -O output from source compiled test
FAIL: direct_write -O output from bytecode->native test
FAIL: err1 output from source compiled test
FAIL: err1 output from bytecode->native test
FAIL: err1 -O output from source compiled test
FAIL: err1 -O output from bytecode->native test
FAIL: err10 output from source compiled test
FAIL: err10 output from bytecode->native test
FAIL: err10 -O output from source compiled test
FAIL: err10 -O output from bytecode->native test
FAIL: err11 output from source compiled test
FAIL: err11 output from bytecode->native test
FAIL: err11 -O output from source compiled test
FAIL: err11 -O output from bytecode->native test
FAIL: err12 output from source compiled test
FAIL: err12 output from bytecode->native test
FAIL: err12 -O output from source compiled test
FAIL: err12 -O output from bytecode->native test
FAIL: err13 output from source compiled test
FAIL: err13 output from bytecode->native test
FAIL: err13 -O output from source compiled test
FAIL: err13 -O output from bytecode->native test
FAIL: err2 output from source compiled test
FAIL: err2 output from bytecode->native test
FAIL: err2 -O output from source compiled test
FAIL: err2 -O output from bytecode->native test
FAIL: err3 output from source compiled test
FAIL: err3 output from bytecode->native test
FAIL: err3 -O output from source compiled test
FAIL: err3 -O output from bytecode->native test
FAIL: err4 output from source compiled test
FAIL: err4 output from bytecode->native test
FAIL: err4 -O output from source compiled test
FAIL: err4 -O output from bytecode->native test
FAIL: err5 output from source compiled test
FAIL: err5 output from bytecode->native test
FAIL: err5 -O output from source compiled test
FAIL: err5 -O output from bytecode->native test
FAIL: err6 output from source compiled test
FAIL: err6 output from bytecode->native test
FAIL: err6 -O output from source compiled test
FAIL: err6 -O output from bytecode->native test
FAIL: err7 output from source compiled test
FAIL: err7 output from bytecode->native test
FAIL: err7 -O output from source compiled test
FAIL: err7 -O output from bytecode->native test
FAIL: err8 output from source compiled test
FAIL: err8 output from bytecode->native test
FAIL: err8 -O output from source compiled test
FAIL: err8 -O output from bytecode->native test
FAIL: err9 output from source compiled test
FAIL: err9 output from bytecode->native test
FAIL: err9 -O output from source compiled test
FAIL: err9 -O output from bytecode->native test
FAIL: final_inner output from source compiled test
FAIL: final_inner output from bytecode->native test
FAIL: final_inner -O output from source compiled test
FAIL: final_inner -O output from bytecode->native test
FAIL: final_int output from source compiled test
FAIL: final_int output from bytecode->native test
FAIL: final_int -O output from source compiled test
FAIL: final_int -O output from bytecode->native test
FAIL: final_static_and_friend output from source compiled test
FAIL: final_static_and_friend output from bytecode->native test
FAIL: final_static_and_friend -O output from source compiled test
FAIL: final_static_and_friend -O output from bytecode->native test
FAIL: indirect output from source compiled test
FAIL: indirect output from bytecode->native test
FAIL: indirect -O output from source compiled test
FAIL: indirect -O output from bytecode->native test
FAIL: indirect_read output from source compiled test
FAIL: indirect_read output from bytecode->native test
FAIL: indirect_read -O output from source compiled test
FAIL: indirect_read -O output from bytecode->native test
FAIL: indirect_write output from source compiled test
FAIL: indirect_write output from bytecode->native test
FAIL: indirect_write -O output from source compiled test
FAIL: indirect_write -O output from bytecode->native test
FAIL: inner1 output from source compiled test
FAIL: inner1 output from bytecode->native test
FAIL: inner1 -O output from source compiled test
FAIL: inner1 -O output from bytecode->native test
FAIL: inner2 output from source compiled test
FAIL: inner2 output from bytecode->native test
FAIL: inner2 -O output from source compiled test
FAIL: inner2 -O output from bytecode->native test
FAIL: inner3 output from source compiled test
FAIL: inner3 output from bytecode->native test
FAIL: inner3 -O output from source compiled test
FAIL: inner3 -O output from bytecode->native test
FAIL: inner4 output from source compiled test
FAIL: inner4 output from bytecode->native test
FAIL: inner4 -O output from source compiled test
FAIL: inner4 -O output from bytecode->native test
FAIL: inner_array output from source compiled test
FAIL: inner_array output from bytecode->native test
FAIL: inner_array -O output from source compiled test
FAIL: inner_array -O output from bytecode->native test
FAIL: inner_interface output from source compiled test
FAIL: inner_interface output from bytecode->native test
FAIL: inner_interface -O output from source compiled test
FAIL: inner_interface -O output from bytecode->native test
FAIL: instance output from source compiled test
FAIL: instance output from bytecode->native test
FAIL: instance -O output from source compiled test
FAIL: instance -O output from bytecode->native test
FAIL: instinit output from source compiled test
FAIL: instinit output from bytecode->native test
FAIL: instinit -O output from source compiled test
FAIL: instinit -O output from bytecode->native test
FAIL: instinit2 output from source compiled test
FAIL: instinit2 output from bytecode->native test
FAIL: instinit2 -O output from source compiled test
FAIL: instinit2 -O output from bytecode->native test
FAIL: invoke_from_inner output from source compiled test
FAIL: invoke_from_inner output from bytecode->native test
FAIL: invoke_from_inner -O output from source compiled test
FAIL: invoke_from_inner -O output from bytecode->native test
FAIL: invokethrow output from source compiled test
FAIL: invokethrow output from bytecode->native test
FAIL: invokethrow -O output from source compiled test
FAIL: invokethrow -O output from bytecode->native test
FAIL: klass output from source compiled test
FAIL: klass output from bytecode->native test
FAIL: klass -O output from source compiled test
FAIL: klass -O output from bytecode->native test
FAIL: multiple_finit output from source compiled test
FAIL: multiple_finit output from bytecode->native test
FAIL: multiple_finit -O output from source compiled test
FAIL: multiple_finit -O output from bytecode->native test
FAIL: negzero output from source compiled test
FAIL: negzero output from bytecode->native test
FAIL: negzero -O output from source compiled test
FAIL: negzero -O output from bytecode->native test
FAIL: nested_with_ctor output from source compiled test
FAIL: nested_with_ctor output from bytecode->native test
FAIL: nested_with_ctor -O output from source compiled test
FAIL: nested_with_ctor -O output from bytecode->native test
FAIL: pr109 output from source compiled test
FAIL: pr109 output from bytecode->native test
FAIL: pr109 -O output from source compiled test
FAIL: pr109 -O output from bytecode->native test
FAIL: pr133 output from source compiled test
FAIL: pr133 output from bytecode->native test
FAIL: pr133 -O output from source compiled test
FAIL: pr133 -O output from bytecode->native test
FAIL: pr179 output from source compiled test
FAIL: pr179 output from bytecode->native test
FAIL: pr179 -O output from source compiled test
FAIL: pr179 -O output from bytecode->native test
FAIL: pr184 output from source compiled test
FAIL: pr184 output from bytecode->native test
FAIL: pr184 -O output from source compiled test
FAIL: pr184 -O output from bytecode->native test
FAIL: pr83 output from source compiled test
FAIL: pr83 output from bytecode->native test
FAIL: pr83 -O output from source compiled test
FAIL: pr83 -O output from bytecode->native test
FAIL: private_direct_read output from source compiled test
FAIL: private_direct_read output from bytecode->native test
FAIL: private_direct_read -O output from source compiled test
FAIL: private_direct_read -O output from bytecode->native test
FAIL: stringconst output from bytecode->native test
FAIL: stringconst -O output from bytecode->native test
FAIL: search_outer output from source compiled test
FAIL: search_outer output from bytecode->native test
FAIL: search_outer -O output from source compiled test
FAIL: search_outer -O output from bytecode->native test
FAIL: stringconst2 output from source compiled test
FAIL: stringconst2 output from bytecode->native test
FAIL: stringconst2 -O output from source compiled test
FAIL: stringconst2 -O output from bytecode->native test
FAIL: stub output from source compiled test
FAIL: stub output from bytecode->native test
FAIL: stub -O output from source compiled test
FAIL: stub -O output from bytecode->native test
FAIL: test_long output from source compiled test
FAIL: test_long output from bytecode->native test
FAIL: test_long -O output from source compiled test
FAIL: test_long -O output from bytecode->native test
FAIL: tp output from source compiled test
FAIL: tp output from bytecode->native test
FAIL: tp -O output from source compiled test
FAIL: tp -O output from bytecode->native test
FAIL: update_outer output from source compiled test
FAIL: update_outer output from bytecode->native test
FAIL: update_outer -O output from source compiled test
FAIL: update_outer -O output from bytecode->native test

		=== libjava Summary ===

# of expected passes		1604
# of unexpected failures	463
# of expected failures		18
# of untested testcases		22
		=== libstdc++-v3 tests ===


Running target unix
XPASS: 22_locale/collate_members_wchar_t.cc execution test
XPASS: 22_locale/money_get_members_wchar_t.cc execution test
XPASS: 22_locale/money_put_members_wchar_t.cc execution test
XPASS: 22_locale/moneypunct_members_wchar_t.cc execution test
XPASS: 22_locale/num_get_members_wchar_t.cc execution test
XPASS: 22_locale/num_put_members_wchar_t.cc execution test
XPASS: 22_locale/numpunct_members_wchar_t.cc execution test
XPASS: 22_locale/time_get_members_wchar_t.cc execution test
XPASS: 22_locale/time_put_members_wchar_t.cc execution test
FAIL: 27_io/istream_extractor_arith.cc execution test
WARNING: program timed out.
FAIL: thread/pthread4.cc execution test

		=== libstdc++-v3 Summary ===

# of expected passes		373
# of unexpected failures	2
# of unexpected successes	9
# of expected failures		16

Compiler version: 3.1 
Platform: sparc-sun-solaris2.8
configure flags: --host=sparc-sun-solaris2.8 --enable-threads=posix --enable-long-long --prefix=/opt/Pkg/SunOS/gcc31 --enable-languages=c,c++,f77,objc,java --disable-nls --enable-shared


Index Nav: [Date Index] [Subject Index] [Author Index] [Thread Index]
Message Nav: [Date Prev] [Date Next] [Thread Prev] [Thread Next]