This is the mail archive of the
gcc-testresults@gcc.gnu.org
mailing list for the GCC project.
[PCH]Results for 3.2 20020430 (expermental pch-branch May15 )testsuite on powerpc-unknown-linux-gnu
- From: Kaoru Fukui <k_fukui at highway dot ne dot jp>
- To: gcc-testresults at gcc dot gnu dot org
- Date: Wed, 15 May 2002 14:56:39 +0900 (JST)
- Subject: [PCH]Results for 3.2 20020430 (expermental pch-branch May15 )testsuite on powerpc-unknown-linux-gnu
LAST_UPDATED: Wed 15 May 11:15:19
Native configuration is powerpc-unknown-linux-gnu
=== g++ tests ===
Running target unix
FAIL: g++.dg/template/typename2.C (test for excess errors)
FAIL: g++.dg/warn/Wunused-2.C (test for warnings, line 5)
FAIL: g++.dg/warn/effc1.C (test for warnings, line 13)
FAIL: g++.dg/warn/effc1.C (test for excess errors)
=== g++ Summary ===
# of expected passes 7284
# of unexpected failures 4
# of expected failures 87
# of untested testcases 23
# of unsupported tests 4
/usr/src/redhat/BUILD/gcc-3.2/obj-powerpc-unknown-linux-gnu/gcc/testsuite/../g++ version 3.2 20020430 (expermental pch-branch May15 )
=== g77 tests ===
Running target unix
FAIL: g77.f-torture/execute/6367.f execution, -O0
FAIL: g77.f-torture/execute/6367.f execution, -O1
FAIL: g77.f-torture/execute/6367.f execution, -O2
FAIL: g77.f-torture/execute/6367.f execution, -O3 -fomit-frame-pointer
FAIL: g77.f-torture/execute/6367.f execution, -O3 -fomit-frame-pointer -funroll-loops
FAIL: g77.f-torture/execute/6367.f execution, -O3 -fomit-frame-pointer -funroll-all-loops -finline-functions
FAIL: g77.f-torture/execute/6367.f execution, -O3 -g
FAIL: g77.f-torture/execute/6367.f execution, -Os
=== g77 Summary ===
# of expected passes 1618
# of unexpected failures 8
# of unsupported tests 8
/usr/src/redhat/BUILD/gcc-3.2/obj-powerpc-unknown-linux-gnu/gcc/testsuite/../g77 version 3.2 20020430 (expermental pch-branch May15 )
=== gcc tests ===
Running target unix
FAIL: gcc.dg/20020103-1.c scan-assembler-not LC
FAIL: gcc.dg/20020118-1.c execution test
FAIL: gcc.dg/altivec-5.c (test for excess errors)
=== gcc Summary ===
# of expected passes 18448
# of unexpected failures 3
# of expected failures 62
# of unsupported tests 107
/usr/src/redhat/BUILD/gcc-3.2/obj-powerpc-unknown-linux-gnu/gcc/xgcc version 3.2 20020430 (expermental pch-branch May15 )
=== objc tests ===
Running target unix
=== objc Summary ===
# of expected passes 1036
# of expected failures 6
/usr/src/redhat/BUILD/gcc-3.2/obj-powerpc-unknown-linux-gnu/gcc/xgcc version 3.2 20020430 (expermental pch-branch May15 )
=== libjava tests ===
Running target unix
FAIL: Array_3 execution from source compiled test
FAIL: Array_3 execution from bytecode->native test
FAIL: Array_3 -O execution from source compiled test
FAIL: Array_3 -O execution from bytecode->native test
FAIL: KeepInline output from source compiled test
FAIL: KeepInline output from bytecode->native test
FAIL: KeepInline -O output from source compiled test
FAIL: KeepInline -O output from bytecode->native test
=== libjava Summary ===
# of expected passes 2105
# of unexpected failures 8
# of expected failures 18
# of untested testcases 18
=== libstdc++-v3 tests ===
Running target unix
XPASS: 22_locale/collate_byname.cc execution test
XPASS: 22_locale/collate_members_char.cc execution test
XPASS: 22_locale/collate_members_wchar_t.cc execution test
XPASS: 22_locale/ctype_members_char.cc execution test
XPASS: 22_locale/members.cc execution test
XPASS: 22_locale/messages_byname.cc execution test
XPASS: 22_locale/messages_members_char.cc execution test
XPASS: 22_locale/moneypunct_byname.cc execution test
XPASS: 22_locale/moneypunct_members_char.cc execution test
XPASS: 22_locale/moneypunct_members_wchar_t.cc execution test
XPASS: 22_locale/num_get_members_char.cc execution test
XPASS: 22_locale/num_get_members_wchar_t.cc execution test
XPASS: 22_locale/num_put_members_char.cc execution test
XPASS: 22_locale/num_put_members_wchar_t.cc execution test
XPASS: 22_locale/numpunct_byname.cc execution test
XPASS: 22_locale/numpunct_members_char.cc execution test
XPASS: 22_locale/numpunct_members_wchar_t.cc execution test
XPASS: 22_locale/time_get_members_wchar_t.cc execution test
XPASS: 22_locale/time_put_members_char.cc execution test
XPASS: 22_locale/time_put_members_wchar_t.cc execution test
FAIL: 24_iterators/istreambuf_iterator.cc execution test
FAIL: 26_numerics/c99_classification_macros_c.cc (test for excess errors)
=== libstdc++-v3 Summary ===
# of expected passes 373
# of unexpected failures 2
# of unexpected successes 20
# of expected failures 5
Compiler version: 3.2 20020430 (expermental pch-branch May15 )
Platform: powerpc-unknown-linux-gnu
configure flags: --mandir=/usr/share/man --infodir=/usr/share/info --enable-shared --disable-checking --enable-threads=posix --enable-altivec=no --prefix=/usr --with-system-zlib --host=powerpc-unknown-linux-gnu --enable-languages=c,c++,objc,f77,java