This is the mail archive of the gcc-testresults@gcc.gnu.org mailing list for the GCC project.


Index Nav: [Date Index] [Subject Index] [Author Index] [Thread Index]
Message Nav: [Date Prev] [Date Next] [Thread Prev] [Thread Next]
Other format: [Raw text]

Results for 3.1 20020510(prerelease) testsuite on armv5l-unknown-linux-gnu


kernel : 2.4.16-rmk1-xng1,
binutils-2.11.92.0.12.3 (+xscale patch)
glibc-2.2.5 + arm patch

LAST_UPDATED:
Native configuration is armv5l-unknown-linux-gnu

		=== libjava tests ===


Running target unix

		=== libjava Summary ===

# of expected passes		2075
# of expected failures		18
# of untested testcases		14
		=== libstdc++-v3 tests ===


Running target unix
FAIL: 18_support/numeric_limits.cc execution test
FAIL: 26_numerics/c99_classification_macros_c.cc (test for excess errors)

		=== libstdc++-v3 Summary ===

# of expected passes		373
# of unexpected failures	2
# of expected failures		25
		=== g++ tests ===


Running target unix

		=== g++ Summary ===

# of expected passes		7161
# of expected failures		88
# of untested testcases		23
# of unsupported tests		4
/usr/src/build/tmp/build-gcc3.1-20020510/gcc/testsuite/../g++ version 3.1 20020510 (prerelease)

		=== g77 tests ===


Running target unix

		=== g77 Summary ===

# of expected passes		1452
# of unsupported tests		8
/usr/src/build/tmp/build-gcc3.1-20020510/gcc/testsuite/../g77 version 3.1 20020510 (prerelease)

		=== gcc tests ===


Running target unix
FAIL: gcc.c-torture/execute/20000808-1.c execution,  -O2
FAIL: gcc.c-torture/execute/20000808-1.c execution,  -Os
FAIL: gcc.c-torture/execute/20020307-2.c execution,  -O0
FAIL: gcc.c-torture/execute/20020307-2.c execution,  -O1
FAIL: gcc.c-torture/execute/20020307-2.c execution,  -O2
FAIL: gcc.c-torture/execute/20020307-2.c execution,  -O3 -fomit-frame-pointer
FAIL: gcc.c-torture/execute/20020307-2.c execution,  -O3 -fomit-frame-pointer -funroll-loops
FAIL: gcc.c-torture/execute/20020307-2.c execution,  -O3 -fomit-frame-pointer -funroll-all-loops -finline-functions
FAIL: gcc.c-torture/execute/20020307-2.c execution,  -O3 -g
FAIL: gcc.c-torture/execute/20020307-2.c execution,  -Os
FAIL: gcc.c-torture/execute/20020402-1.c execution,  -O2
FAIL: gcc.c-torture/execute/20020402-1.c execution,  -O3 -fomit-frame-pointer
FAIL: gcc.c-torture/execute/20020402-1.c execution,  -O3 -fomit-frame-pointer -funroll-loops
FAIL: gcc.c-torture/execute/20020402-1.c execution,  -O3 -fomit-frame-pointer -funroll-all-loops -finline-functions
FAIL: gcc.c-torture/execute/20020402-1.c execution,  -O3 -g
FAIL: gcc.c-torture/execute/20020402-1.c execution,  -Os
FAIL: gcc.c-torture/execute/20020404-1.c execution,  -O2
FAIL: gcc.c-torture/execute/20020404-1.c execution,  -Os
FAIL: gcc.c-torture/execute/961122-1.c compilation,  -O3 -fomit-frame-pointer
UNRESOLVED: gcc.c-torture/execute/961122-1.c execution,  -O3 -fomit-frame-pointer
FAIL: gcc.c-torture/execute/961122-1.c compilation,  -O3 -g
UNRESOLVED: gcc.c-torture/execute/961122-1.c execution,  -O3 -g
FAIL: gcc.c-torture/execute/990208-1.c execution,  -O3 -fomit-frame-pointer
FAIL: gcc.c-torture/execute/990208-1.c execution,  -O3 -g
FAIL: gcc.dg/pack-test-1.c (test for excess errors)
FAIL: gcc.dg/pack-test-2.c  (test for errors, line 7)
FAIL: gcc.dg/pack-test-2.c  (test for errors, line 14)
FAIL: gcc.dg/pack-test-2.c  (test for errors, line 19)
FAIL: gcc.dg/pack-test-2.c (test for excess errors)
FAIL: gcc.dg/format/ext-1.c printf_unlocked (test for warnings, line 125)
FAIL: gcc.dg/format/ext-1.c (test for excess errors)
FAIL: gcc.dg/format/ext-3.c bad %^# (test for warnings, line 215)
FAIL: gcc.dg/format/ext-3.c (test for excess errors)
FAIL: gcc.dg/noncompile/voidparam-1.c (test for excess errors)
FAIL: gcc.dg/noncompile/voidparam-1.c (test for excess errors)
FAIL: gcc.dg/noncompile/voidparam-1.c (test for excess errors)
FAIL: gcc.misc-tests/gcov-4b.c gcov: 309: expected branch percentages not found: 25

		=== gcc Summary ===

# of expected passes		18214
# of unexpected failures	35
# of expected failures		66
# of unresolved testcases	2
# of unsupported tests		114
/usr/src/build/tmp/build-gcc3.1-20020510/gcc/xgcc version 3.1 20020510 (prerelease)

		=== objc tests ===


Running target unix

		=== objc Summary ===

# of expected passes		1036
# of expected failures		6
/usr/src/build/tmp/build-gcc3.1-20020510/gcc/xgcc version 3.1 20020510 (prerelease)


Compiler version: 3.1 20020510(prerelease)
Platform: armv5l-unknown-linux-gnu
configure flags: --host=armv5l-unknown-linux-gnu --prefix=/tmp/gcc31-20020510 --with-cpu=xscale

-- 
Jeroen Dobbelaere
Embedded Software Engineer

ACUNIA Embedded Solutions
http://www.acunia.com/aes



Index Nav: [Date Index] [Subject Index] [Author Index] [Thread Index]
Message Nav: [Date Prev] [Date Next] [Thread Prev] [Thread Next]