This is the mail archive of the
gcc-testresults@gcc.gnu.org
mailing list for the GCC project.
Results for 3.2 20020512 (experimental) testsuite on mips-sgi-irix6.2
- From: "Kaveh R. Ghazi" <ghazi at caip dot rutgers dot edu>
- To: gcc-testresults at gcc dot gnu dot org
- Date: Mon, 13 May 2002 13:56:49 -0400 (EDT)
- Subject: Results for 3.2 20020512 (experimental) testsuite on mips-sgi-irix6.2
LAST_UPDATED:
Native configuration is mips-sgi-irix6.2
=== g++ tests ===
Running target unix/-mabi=64
FAIL: g++.dg/ext/instantiate2.C scan-assembler
FAIL: g++.dg/template/typename2.C (test for excess errors)
FAIL: g++.dg/warn/Wunused-2.C (test for warnings, line 5)
FAIL: g++.benjamin/p12475.C (test for warnings, line 14)
FAIL: g++.jason/rfg10.C enum overflow (test for errors, line 9)
FAIL: g++.jason/rfg10.C (test for excess errors)
=== g++ Summary for unix/-mabi=64 ===
# of expected passes 7119
# of unexpected failures 6
# of expected failures 95
# of untested testcases 23
# of unsupported tests 4
Running target unix/-mips4
FAIL: g++.dg/ext/instantiate2.C scan-assembler
FAIL: g++.dg/template/typename2.C (test for excess errors)
FAIL: g++.dg/warn/Wunused-2.C (test for warnings, line 5)
=== g++ Summary for unix/-mips4 ===
# of expected passes 7122
# of unexpected failures 3
# of expected failures 95
# of untested testcases 23
# of unsupported tests 4
Running target unix
FAIL: g++.dg/ext/instantiate2.C scan-assembler
FAIL: g++.dg/template/typename2.C (test for excess errors)
FAIL: g++.dg/warn/Wunused-2.C (test for warnings, line 5)
=== g++ Summary for unix ===
# of expected passes 7122
# of unexpected failures 3
# of expected failures 95
# of untested testcases 23
# of unsupported tests 4
=== g++ Summary ===
# of expected passes 21363
# of unexpected failures 12
# of expected failures 285
# of untested testcases 69
# of unsupported tests 12
/caip/u99/ghazi/gcc-testing/build/gcc/testsuite/../g++ version 3.2 20020512 (experimental)
=== g77 tests ===
Running target unix/-mabi=64
FAIL: g77.f-torture/execute/6367.f execution, -O0
FAIL: g77.f-torture/execute/6367.f execution, -O1
FAIL: g77.f-torture/execute/6367.f execution, -O2
FAIL: g77.f-torture/execute/6367.f execution, -O3 -fomit-frame-pointer
FAIL: g77.f-torture/execute/6367.f execution, -O3 -fomit-frame-pointer -funroll-loops
FAIL: g77.f-torture/execute/6367.f execution, -O3 -fomit-frame-pointer -funroll-all-loops -finline-functions
FAIL: g77.f-torture/execute/6367.f execution, -O3 -g
FAIL: g77.f-torture/execute/6367.f execution, -Os
=== g77 Summary for unix/-mabi=64 ===
# of expected passes 1618
# of unexpected failures 8
# of unsupported tests 8
Running target unix/-mips4
FAIL: g77.f-torture/execute/6367.f execution, -O0
FAIL: g77.f-torture/execute/6367.f execution, -O1
FAIL: g77.f-torture/execute/6367.f execution, -O2
FAIL: g77.f-torture/execute/6367.f execution, -O3 -fomit-frame-pointer
FAIL: g77.f-torture/execute/6367.f execution, -O3 -fomit-frame-pointer -funroll-loops
FAIL: g77.f-torture/execute/6367.f execution, -O3 -fomit-frame-pointer -funroll-all-loops -finline-functions
FAIL: g77.f-torture/execute/6367.f execution, -O3 -g
FAIL: g77.f-torture/execute/6367.f execution, -Os
FAIL: g77.f-torture/execute/intrinsic77.f compilation, -O3 -fomit-frame-pointer
FAIL: g77.f-torture/execute/intrinsic77.f compilation, -O3 -g
=== g77 Summary for unix/-mips4 ===
# of expected passes 1614
# of unexpected failures 10
# of untested testcases 2
# of unsupported tests 8
Running target unix
FAIL: g77.f-torture/execute/6367.f execution, -O0
FAIL: g77.f-torture/execute/6367.f execution, -O1
FAIL: g77.f-torture/execute/6367.f execution, -O2
FAIL: g77.f-torture/execute/6367.f execution, -O3 -fomit-frame-pointer
FAIL: g77.f-torture/execute/6367.f execution, -O3 -fomit-frame-pointer -funroll-loops
FAIL: g77.f-torture/execute/6367.f execution, -O3 -fomit-frame-pointer -funroll-all-loops -finline-functions
FAIL: g77.f-torture/execute/6367.f execution, -O3 -g
FAIL: g77.f-torture/execute/6367.f execution, -Os
=== g77 Summary for unix ===
# of expected passes 1618
# of unexpected failures 8
# of unsupported tests 8
=== g77 Summary ===
# of expected passes 4850
# of unexpected failures 26
# of untested testcases 2
# of unsupported tests 24
/caip/u99/ghazi/gcc-testing/build/gcc/testsuite/../g77 version 3.2 20020512 (experimental)
=== gcc tests ===
Running target unix/-mabi=64
WARNING: program timed out.
FAIL: gcc.c-torture/compile/20001226-1.c, -O3 -g
WARNING: program timed out.
FAIL: gcc.c-torture/compile/20001226-1.c, -Os
FAIL: gcc.c-torture/compile/mipscop-4.c, -O0
FAIL: gcc.c-torture/compile/mipscop-4.c, -O1
FAIL: gcc.c-torture/compile/mipscop-4.c, -O2
FAIL: gcc.c-torture/compile/mipscop-4.c, -O3 -fomit-frame-pointer
FAIL: gcc.c-torture/compile/mipscop-4.c, -O3 -g
FAIL: gcc.c-torture/compile/mipscop-4.c, -Os
FAIL: gcc.c-torture/compile/mipscop-2.c, -O0
FAIL: gcc.c-torture/compile/mipscop-2.c, -O1
FAIL: gcc.c-torture/compile/mipscop-2.c, -O2
FAIL: gcc.c-torture/compile/mipscop-2.c, -O3 -fomit-frame-pointer
FAIL: gcc.c-torture/compile/mipscop-2.c, -O3 -g
FAIL: gcc.c-torture/compile/mipscop-2.c, -Os
FAIL: gcc.c-torture/compile/mipscop-3.c, -O0
FAIL: gcc.c-torture/compile/mipscop-3.c, -O1
FAIL: gcc.c-torture/compile/mipscop-3.c, -O2
FAIL: gcc.c-torture/compile/mipscop-3.c, -O3 -fomit-frame-pointer
FAIL: gcc.c-torture/compile/mipscop-3.c, -O3 -g
FAIL: gcc.c-torture/compile/mipscop-3.c, -Os
FAIL: gcc.c-torture/compile/mipscop-1.c, -O0
FAIL: gcc.c-torture/compile/mipscop-1.c, -O1
FAIL: gcc.c-torture/compile/mipscop-1.c, -O2
FAIL: gcc.c-torture/compile/mipscop-1.c, -O3 -fomit-frame-pointer
FAIL: gcc.c-torture/compile/mipscop-1.c, -O3 -g
FAIL: gcc.c-torture/compile/mipscop-1.c, -Os
FAIL: gcc.c-torture/execute/20020412-1.c execution, -O0
FAIL: gcc.c-torture/execute/20020412-1.c execution, -O1
FAIL: gcc.c-torture/execute/20020412-1.c execution, -O2
FAIL: gcc.c-torture/execute/20020412-1.c execution, -O3 -fomit-frame-pointer
FAIL: gcc.c-torture/execute/20020412-1.c execution, -O3 -fomit-frame-pointer -funroll-loops
FAIL: gcc.c-torture/execute/20020412-1.c execution, -O3 -fomit-frame-pointer -funroll-all-loops -finline-functions
FAIL: gcc.c-torture/execute/20020412-1.c execution, -O3 -g
FAIL: gcc.c-torture/execute/20020412-1.c execution, -Os
FAIL: gcc.c-torture/execute/930921-1.c execution, -O3 -fomit-frame-pointer
FAIL: gcc.c-torture/execute/930921-1.c execution, -O3 -fomit-frame-pointer -funroll-loops
FAIL: gcc.c-torture/execute/930921-1.c execution, -O3 -fomit-frame-pointer -funroll-all-loops -finline-functions
FAIL: gcc.c-torture/execute/930921-1.c execution, -O3 -g
FAIL: gcc.c-torture/execute/builtin-abs-1.c execution, -O0
FAIL: gcc.c-torture/execute/builtin-abs-1.c compilation, -O1
UNRESOLVED: gcc.c-torture/execute/builtin-abs-1.c execution, -O1
FAIL: gcc.c-torture/execute/builtin-abs-1.c compilation, -O2
UNRESOLVED: gcc.c-torture/execute/builtin-abs-1.c execution, -O2
FAIL: gcc.c-torture/execute/builtin-abs-1.c compilation, -O3 -fomit-frame-pointer
UNRESOLVED: gcc.c-torture/execute/builtin-abs-1.c execution, -O3 -fomit-frame-pointer
FAIL: gcc.c-torture/execute/builtin-abs-1.c compilation, -O3 -g
UNRESOLVED: gcc.c-torture/execute/builtin-abs-1.c execution, -O3 -g
FAIL: gcc.c-torture/execute/builtin-abs-1.c compilation, -Os
UNRESOLVED: gcc.c-torture/execute/builtin-abs-1.c execution, -Os
FAIL: cmdlne-dM-M.c: #define line not printed
FAIL: gcc.dg/c90-intconst-1.c unsigned decimal no suffix (test for warnings, line 432)
FAIL: gcc.dg/c90-intconst-1.c unsigned decimal long suffix (test for warnings, line 433)
FAIL: gcc.dg/c90-intconst-1.c unsigned decimal long suffix (test for warnings, line 434)
FAIL: gcc.dg/c90-intconst-1.c (test for excess errors)
FAIL: gcc.dg/weak-5.c (test for excess errors)
=== gcc Summary for unix/-mabi=64 ===
# of expected passes 18129
# of unexpected failures 50
# of expected failures 93
# of unresolved testcases 5
# of unsupported tests 128
Running target unix/-mips4
WARNING: program timed out.
FAIL: gcc.c-torture/compile/20001226-1.c, -O3 -g
WARNING: program timed out.
FAIL: gcc.c-torture/compile/20001226-1.c, -Os
FAIL: gcc.c-torture/compile/920501-4.c, -O1
FAIL: gcc.c-torture/compile/mipscop-4.c, -O0
FAIL: gcc.c-torture/compile/mipscop-4.c, -O1
FAIL: gcc.c-torture/compile/mipscop-4.c, -O2
FAIL: gcc.c-torture/compile/mipscop-4.c, -O3 -fomit-frame-pointer
FAIL: gcc.c-torture/compile/mipscop-4.c, -O3 -g
FAIL: gcc.c-torture/compile/mipscop-4.c, -Os
FAIL: gcc.c-torture/compile/mipscop-2.c, -O0
FAIL: gcc.c-torture/compile/mipscop-2.c, -O1
FAIL: gcc.c-torture/compile/mipscop-2.c, -O2
FAIL: gcc.c-torture/compile/mipscop-2.c, -O3 -fomit-frame-pointer
FAIL: gcc.c-torture/compile/mipscop-2.c, -O3 -g
FAIL: gcc.c-torture/compile/mipscop-2.c, -Os
FAIL: gcc.c-torture/compile/mipscop-3.c, -O0
FAIL: gcc.c-torture/compile/mipscop-3.c, -O1
FAIL: gcc.c-torture/compile/mipscop-3.c, -O2
FAIL: gcc.c-torture/compile/mipscop-3.c, -O3 -fomit-frame-pointer
FAIL: gcc.c-torture/compile/mipscop-3.c, -O3 -g
FAIL: gcc.c-torture/compile/mipscop-3.c, -Os
FAIL: gcc.c-torture/compile/mipscop-1.c, -O0
FAIL: gcc.c-torture/compile/mipscop-1.c, -O1
FAIL: gcc.c-torture/compile/mipscop-1.c, -O2
FAIL: gcc.c-torture/compile/mipscop-1.c, -O3 -fomit-frame-pointer
FAIL: gcc.c-torture/compile/mipscop-1.c, -O3 -g
FAIL: gcc.c-torture/compile/mipscop-1.c, -Os
FAIL: gcc.c-torture/execute/20020412-1.c execution, -O0
FAIL: gcc.c-torture/execute/20020412-1.c execution, -O1
FAIL: gcc.c-torture/execute/20020412-1.c execution, -O2
FAIL: gcc.c-torture/execute/20020412-1.c execution, -O3 -fomit-frame-pointer
FAIL: gcc.c-torture/execute/20020412-1.c execution, -O3 -fomit-frame-pointer -funroll-loops
FAIL: gcc.c-torture/execute/20020412-1.c execution, -O3 -fomit-frame-pointer -funroll-all-loops -finline-functions
FAIL: gcc.c-torture/execute/20020412-1.c execution, -O3 -g
FAIL: gcc.c-torture/execute/20020412-1.c execution, -Os
FAIL: gcc.c-torture/execute/930921-1.c execution, -O3 -fomit-frame-pointer
FAIL: gcc.c-torture/execute/930921-1.c execution, -O3 -fomit-frame-pointer -funroll-loops
FAIL: gcc.c-torture/execute/930921-1.c execution, -O3 -fomit-frame-pointer -funroll-all-loops -finline-functions
FAIL: gcc.c-torture/execute/930921-1.c execution, -O3 -g
FAIL: gcc.c-torture/execute/gofast.c compilation, -O3 -fomit-frame-pointer
UNRESOLVED: gcc.c-torture/execute/gofast.c execution, -O3 -fomit-frame-pointer
FAIL: gcc.c-torture/execute/gofast.c compilation, -O3 -g
UNRESOLVED: gcc.c-torture/execute/gofast.c execution, -O3 -g
FAIL: gcc.c-torture/unsorted/conv_tst.c, -O3 -fomit-frame-pointer
FAIL: gcc.c-torture/unsorted/conv_tst.c, -O3 -g
FAIL: cmdlne-dM-M.c: #define line not printed
FAIL: gcc.dg/weak-5.c (test for excess errors)
=== gcc Summary for unix/-mips4 ===
# of expected passes 18137
# of unexpected failures 45
# of expected failures 93
# of unresolved testcases 2
# of unsupported tests 128
Running target unix
WARNING: program timed out.
FAIL: gcc.c-torture/compile/20001226-1.c, -O3 -g
WARNING: program timed out.
FAIL: gcc.c-torture/compile/20001226-1.c, -Os
FAIL: gcc.c-torture/compile/mipscop-4.c, -O0
FAIL: gcc.c-torture/compile/mipscop-4.c, -O1
FAIL: gcc.c-torture/compile/mipscop-4.c, -O2
FAIL: gcc.c-torture/compile/mipscop-4.c, -O3 -fomit-frame-pointer
FAIL: gcc.c-torture/compile/mipscop-4.c, -O3 -g
FAIL: gcc.c-torture/compile/mipscop-4.c, -Os
FAIL: gcc.c-torture/compile/mipscop-2.c, -O0
FAIL: gcc.c-torture/compile/mipscop-2.c, -O1
FAIL: gcc.c-torture/compile/mipscop-2.c, -O2
FAIL: gcc.c-torture/compile/mipscop-2.c, -O3 -fomit-frame-pointer
FAIL: gcc.c-torture/compile/mipscop-2.c, -O3 -g
FAIL: gcc.c-torture/compile/mipscop-2.c, -Os
FAIL: gcc.c-torture/compile/mipscop-3.c, -O0
FAIL: gcc.c-torture/compile/mipscop-3.c, -O1
FAIL: gcc.c-torture/compile/mipscop-3.c, -O2
FAIL: gcc.c-torture/compile/mipscop-3.c, -O3 -fomit-frame-pointer
FAIL: gcc.c-torture/compile/mipscop-3.c, -O3 -g
FAIL: gcc.c-torture/compile/mipscop-3.c, -Os
FAIL: gcc.c-torture/compile/mipscop-1.c, -O0
FAIL: gcc.c-torture/compile/mipscop-1.c, -O1
FAIL: gcc.c-torture/compile/mipscop-1.c, -O2
FAIL: gcc.c-torture/compile/mipscop-1.c, -O3 -fomit-frame-pointer
FAIL: gcc.c-torture/compile/mipscop-1.c, -O3 -g
FAIL: gcc.c-torture/compile/mipscop-1.c, -Os
FAIL: gcc.c-torture/execute/20020412-1.c execution, -O0
FAIL: gcc.c-torture/execute/20020412-1.c execution, -O1
FAIL: gcc.c-torture/execute/20020412-1.c execution, -O2
FAIL: gcc.c-torture/execute/20020412-1.c execution, -O3 -fomit-frame-pointer
FAIL: gcc.c-torture/execute/20020412-1.c execution, -O3 -fomit-frame-pointer -funroll-loops
FAIL: gcc.c-torture/execute/20020412-1.c execution, -O3 -fomit-frame-pointer -funroll-all-loops -finline-functions
FAIL: gcc.c-torture/execute/20020412-1.c execution, -O3 -g
FAIL: gcc.c-torture/execute/20020412-1.c execution, -Os
FAIL: gcc.c-torture/execute/930921-1.c execution, -O3 -fomit-frame-pointer
FAIL: gcc.c-torture/execute/930921-1.c execution, -O3 -fomit-frame-pointer -funroll-loops
FAIL: gcc.c-torture/execute/930921-1.c execution, -O3 -fomit-frame-pointer -funroll-all-loops -finline-functions
FAIL: gcc.c-torture/execute/930921-1.c execution, -O3 -g
FAIL: cmdlne-dM-M.c: #define line not printed
FAIL: gcc.dg/weak-5.c (test for excess errors)
=== gcc Summary for unix ===
# of expected passes 18144
# of unexpected failures 40
# of expected failures 93
# of unsupported tests 128
=== gcc Summary ===
# of expected passes 54410
# of unexpected failures 135
# of expected failures 279
# of unresolved testcases 7
# of unsupported tests 384
/caip/u99/ghazi/gcc-testing/build/gcc/xgcc version 3.2 20020512 (experimental)
=== objc tests ===
Running target unix/-mabi=64
=== objc Summary for unix/-mabi=64 ===
# of expected passes 1036
# of expected failures 6
Running target unix/-mips4
=== objc Summary for unix/-mips4 ===
# of expected passes 1036
# of expected failures 6
Running target unix
=== objc Summary for unix ===
# of expected passes 1036
# of expected failures 6
=== objc Summary ===
# of expected passes 3108
# of expected failures 18
/caip/u99/ghazi/gcc-testing/build/gcc/xgcc version 3.2 20020512 (experimental)
=== libstdc++-v3 tests ===
Running target unix/-mabi=64
FAIL: 21_strings/ctor_copy_dtor.cc execution test
FAIL: 21_strings/insert.cc execution test
FAIL: 22_locale/codecvt_members_char_char.cc execution test
XPASS: 22_locale/collate_members_wchar_t.cc execution test
XPASS: 22_locale/money_get_members_wchar_t.cc execution test
XPASS: 22_locale/money_put_members_wchar_t.cc execution test
XPASS: 22_locale/moneypunct_members_wchar_t.cc execution test
XPASS: 22_locale/num_get_members_wchar_t.cc execution test
XPASS: 22_locale/num_put_members_wchar_t.cc execution test
XPASS: 22_locale/numpunct_members_wchar_t.cc execution test
XPASS: 22_locale/time_get_members_wchar_t.cc execution test
XPASS: 22_locale/time_put_members_wchar_t.cc execution test
FAIL: 27_io/ostream_inserter_arith.cc execution test
=== libstdc++-v3 Summary for unix/-mabi=64 ===
# of expected passes 361
# of unexpected failures 4
# of unexpected successes 9
# of expected failures 16
# of unsupported tests 6
Running target unix/-mips4
FAIL: 21_strings/ctor_copy_dtor.cc execution test
FAIL: 21_strings/insert.cc execution test
FAIL: 22_locale/codecvt_members_char_char.cc execution test
XPASS: 22_locale/collate_members_wchar_t.cc execution test
XPASS: 22_locale/money_get_members_wchar_t.cc execution test
XPASS: 22_locale/money_put_members_wchar_t.cc execution test
XPASS: 22_locale/moneypunct_members_wchar_t.cc execution test
XPASS: 22_locale/num_get_members_wchar_t.cc execution test
XPASS: 22_locale/num_put_members_wchar_t.cc execution test
XPASS: 22_locale/numpunct_members_wchar_t.cc execution test
XPASS: 22_locale/time_get_members_wchar_t.cc execution test
XPASS: 22_locale/time_put_members_wchar_t.cc execution test
FAIL: 27_io/ios_base_storage.cc execution test
FAIL: 27_io/ostream_inserter_arith.cc execution test
=== libstdc++-v3 Summary for unix/-mips4 ===
# of expected passes 360
# of unexpected failures 5
# of unexpected successes 9
# of expected failures 16
# of unsupported tests 6
Running target unix
FAIL: 21_strings/ctor_copy_dtor.cc execution test
FAIL: 21_strings/insert.cc execution test
FAIL: 22_locale/codecvt_members_char_char.cc execution test
XPASS: 22_locale/collate_members_wchar_t.cc execution test
XPASS: 22_locale/money_get_members_wchar_t.cc execution test
XPASS: 22_locale/money_put_members_wchar_t.cc execution test
XPASS: 22_locale/moneypunct_members_wchar_t.cc execution test
XPASS: 22_locale/num_get_members_wchar_t.cc execution test
XPASS: 22_locale/num_put_members_wchar_t.cc execution test
XPASS: 22_locale/numpunct_members_wchar_t.cc execution test
XPASS: 22_locale/time_get_members_wchar_t.cc execution test
XPASS: 22_locale/time_put_members_wchar_t.cc execution test
FAIL: 27_io/ios_base_storage.cc execution test
FAIL: 27_io/ostream_inserter_arith.cc execution test
=== libstdc++-v3 Summary for unix ===
# of expected passes 360
# of unexpected failures 5
# of unexpected successes 9
# of expected failures 16
# of unsupported tests 6
=== libstdc++-v3 Summary ===
# of expected passes 1081
# of unexpected failures 14
# of unexpected successes 27
# of expected failures 48
# of unsupported tests 18
Compiler version: 3.2 20020512 (experimental)
Platform: mips-sgi-irix6.2
configure flags: --host=mips-sgi-irix6.2 --verbose --enable-languages=c,objc,c++,f77 --disable-checking