This is the mail archive of the
gcc-testresults@gcc.gnu.org
mailing list for the GCC project.
Results for 3.1 20020502 (prerelease) testsuite on sparc-sun-solaris2.7
- From: Joe Buck <Joe dot Buck at synopsys dot com>
- To: gcc-testresults at gcc dot gnu dot org
- Date: Fri, 3 May 2002 09:35:06 -0700 (PDT)
- Subject: Results for 3.1 20020502 (prerelease) testsuite on sparc-sun-solaris2.7
LAST_UPDATED: Thu May 2 15:40:33 GMT 2002
Native configuration is sparc-sun-solaris2.7
=== g++ tests ===
Running target unix
FAIL: g++.dg/special/conpr-2.C execution test
FAIL: g++.dg/special/conpr-3.C execution test
FAIL: g++.dg/special/initp1.C execution test
=== g++ Summary ===
# of expected passes 7103
# of unexpected failures 3
# of expected failures 88
# of untested testcases 21
# of unsupported tests 3
/remote/dtg103/jbuck/gnu/src/cvs/3_1_branch/gcc.sol2/gcc/testsuite/../g++ version 3.1 20020502 (prerelease)
=== g77 tests ===
Running target unix
=== g77 Summary ===
# of expected passes 1452
# of unsupported tests 8
/remote/dtg103/jbuck/gnu/src/cvs/3_1_branch/gcc.sol2/gcc/testsuite/../g77 version 3.1 20020502 (prerelease)
=== gcc tests ===
Running target unix
FAIL: gcc.c-torture/compile/20011119-2.c, -O0
FAIL: gcc.c-torture/compile/20011119-2.c, -O1
FAIL: gcc.c-torture/compile/20011119-2.c, -O2
FAIL: gcc.c-torture/compile/20011119-2.c, -O3 -fomit-frame-pointer
FAIL: gcc.c-torture/compile/20011119-2.c, -O3 -g
FAIL: gcc.c-torture/compile/20011119-2.c, -Os
=== gcc Summary ===
# of expected passes 18063
# of unexpected failures 6
# of expected failures 62
# of unsupported tests 108
/remote/dtg103/jbuck/gnu/src/cvs/3_1_branch/gcc.sol2/gcc/xgcc version 3.1 20020502 (prerelease)
=== objc tests ===
Running target unix
=== objc Summary ===
# of expected passes 1036
# of expected failures 6
/remote/dtg103/jbuck/gnu/src/cvs/3_1_branch/gcc.sol2/gcc/xgcc version 3.1 20020502 (prerelease)
=== libjava tests ===
Running target unix
FAIL: FileHandleGcTest execution from source compiled test
FAIL: FileHandleGcTest execution from bytecode->native test
FAIL: FileHandleGcTest -O execution from source compiled test
FAIL: FileHandleGcTest -O execution from bytecode->native test
FAIL: Throw_2 execution from source compiled test
FAIL: Throw_2 execution from bytecode->native test
FAIL: Throw_2 -O execution from source compiled test
FAIL: Throw_2 -O execution from bytecode->native test
=== libjava Summary ===
# of expected passes 2059
# of unexpected failures 8
# of expected failures 18
# of untested testcases 22
=== libstdc++-v3 tests ===
Running target unix
FAIL: 18_support/numeric_limits.cc execution test
XPASS: 22_locale/collate_members_wchar_t.cc execution test
XPASS: 22_locale/money_get_members_wchar_t.cc execution test
XPASS: 22_locale/money_put_members_wchar_t.cc execution test
XPASS: 22_locale/moneypunct_members_wchar_t.cc execution test
XPASS: 22_locale/num_get_members_wchar_t.cc execution test
XPASS: 22_locale/num_put_members_wchar_t.cc execution test
XPASS: 22_locale/numpunct_members_wchar_t.cc execution test
XPASS: 22_locale/time_get_members_wchar_t.cc execution test
XPASS: 22_locale/time_put_members_wchar_t.cc execution test
FAIL: 27_io/istream_extractor_arith.cc execution test
=== libstdc++-v3 Summary ===
# of expected passes 373
# of unexpected failures 2
# of unexpected successes 9
# of expected failures 16
Compiler version: 3.1 20020502 (prerelease)
Platform: sparc-sun-solaris2.7
configure flags: --host=sparc-sun-solaris2.7 --prefix=/u/jbuck/gcc-3.1-pre.sol2