This is the mail archive of the
gcc-testresults@gcc.gnu.org
mailing list for the GCC project.
Results for 3.1 20020423 (prerelease) testsuite on i686-pc-linux-gnu
- From: jens at n-zr18 dot fem dot tu-ilmenau dot de
- To: gcc-testresults at gcc dot gnu dot org
- Date: Thu, 2 May 2002 13:24:26 +0200
- Subject: Results for 3.1 20020423 (prerelease) testsuite on i686-pc-linux-gnu
The system-os-information (from uname etc.) is wrong (willfully); though
it didn't seem to affect the test-results (why should it *g*)
LAST_UPDATED:
Native configuration is i686-pc-linux-gnu
=== g++ tests ===
Running target unix
=== g++ Summary ===
# of expected passes 7170
# of expected failures 86
# of untested testcases 9
# of unsupported tests 3
/home/ftp/incoming/gcc-3.1-20020423/objdir/gcc/testsuite/../g++ version 3.1 20020423 (prerelease)
=== g77 tests ===
Running target unix
=== g77 Summary ===
# of expected passes 1468
/home/ftp/incoming/gcc-3.1-20020423/objdir/gcc/testsuite/../g77 version 3.1 20020423 (prerelease)
=== gcc tests ===
Running target unix
FAIL: gcc.c-torture/execute/20020307-2.c execution, -O1
FAIL: gcc.c-torture/execute/20020307-2.c execution, -O2
FAIL: gcc.c-torture/execute/20020307-2.c execution, -O3 -fomit-frame-pointer
FAIL: gcc.c-torture/execute/20020307-2.c execution, -O3 -fomit-frame-pointer -funroll-loops
FAIL: gcc.c-torture/execute/20020307-2.c execution, -O3 -fomit-frame-pointer -funroll-all-loops -finline-functions
FAIL: gcc.c-torture/execute/20020307-2.c execution, -O3 -g
FAIL: gcc.c-torture/execute/20020402-1.c execution, -Os
FAIL: gcc.dg/format/attr-3.c format_arg ret unsigned char string (test for errors, line 70)
FAIL: gcc.dg/format/attr-3.c (test for excess errors)
FAIL: gcc.dg/noncompile/voidparam-1.c (test for excess errors)
FAIL: gcc.dg/noncompile/voidparam-1.c (test for excess errors)
=== gcc Summary ===
# of expected passes 18311
# of unexpected failures 11
# of expected failures 66
# of unsupported tests 43
/home/ftp/incoming/gcc-3.1-20020423/objdir/gcc/xgcc version 3.1 20020423 (prerelease)
=== objc tests ===
Running target unix
=== objc Summary ===
# of expected passes 1036
# of expected failures 6
/home/ftp/incoming/gcc-3.1-20020423/objdir/gcc/xgcc version 3.1 20020423 (prerelease)
=== libjava tests ===
Running target unix
FAIL: cxxtest.c compilation
=== libjava Summary ===
# of expected passes 2072
# of unexpected failures 1
# of expected failures 18
# of untested testcases 14
=== libstdc++-v3 tests ===
Running target unix
FAIL: 26_numerics/c99_classification_macros_c.cc (test for excess errors)
=== libstdc++-v3 Summary ===
# of expected passes 372
# of unexpected failures 1
# of expected failures 25
Compiler version: 3.1 20020423 (prerelease)
Platform: i686-pc-linux-gnu
configure flags: --host=i686-pc-linux-gnu --enable-threads=posix