This is the mail archive of the
gcc-testresults@gcc.gnu.org
mailing list for the GCC project.
Results for 3.1 20020422 (prerelease) testsuite on hppa2.0-hp-hpux10.20
- From: RDBrown at mira dot net
- To: gcc-testresults at gcc dot gnu dot org
- Date: Fri, 26 Apr 2002 22:36:42 +1000
- Subject: Results for 3.1 20020422 (prerelease) testsuite on hppa2.0-hp-hpux10.20
Needed <ctype.h> patch for libstdc++.
LAST_UPDATED:
Native configuration is hppa2.0-hp-hpux10.20
=== g++ tests ===
Running target unix
FAIL: g++.dg/warn/weak1.C (test for excess errors)
FAIL: g++.ext/attrib5.C (test for excess errors)
FAIL: g++.jason/synth5.C (test for excess errors)
XPASS: g++.mike/eh33.C (test for excess errors)
XPASS: g++.mike/eh33.C Execution test
XPASS: g++.mike/eh50.C (test for excess errors)
XPASS: g++.mike/eh50.C Execution test
FAIL: g++.other/mangle3.C (test for excess errors)
=== g++ Summary ===
# of expected passes 7059
# of unexpected failures 4
# of unexpected successes 4
# of expected failures 95
# of untested testcases 23
# of unsupported tests 4
/devel/span/rdb/src/gcc-20020422.chk/gcc/testsuite/../g++ version 3.1 20020422 (prerelease)
=== g77 tests ===
Running target unix
=== g77 Summary ===
# of expected passes 1452
# of unsupported tests 8
/devel/span/rdb/src/gcc-20020422.chk/gcc/testsuite/../g77 version 3.1 20020422 (prerelease)
=== gcc tests ===
Running target unix
FAIL: gcc.c-torture/execute/20020307-2.c compilation, -O0
UNRESOLVED: gcc.c-torture/execute/20020307-2.c execution, -O0
FAIL: gcc.c-torture/execute/20020307-2.c compilation, -O1
UNRESOLVED: gcc.c-torture/execute/20020307-2.c execution, -O1
FAIL: gcc.c-torture/execute/20020307-2.c compilation, -O2
UNRESOLVED: gcc.c-torture/execute/20020307-2.c execution, -O2
FAIL: gcc.c-torture/execute/20020307-2.c compilation, -O3 -fomit-frame-pointer
UNRESOLVED: gcc.c-torture/execute/20020307-2.c execution, -O3 -fomit-frame-pointer
FAIL: gcc.c-torture/execute/20020307-2.c compilation, -O3 -fomit-frame-pointer -funroll-loops
UNRESOLVED: gcc.c-torture/execute/20020307-2.c execution, -O3 -fomit-frame-pointer -funroll-loops
FAIL: gcc.c-torture/execute/20020307-2.c compilation, -O3 -fomit-frame-pointer -funroll-all-loops -finline-functions
UNRESOLVED: gcc.c-torture/execute/20020307-2.c execution, -O3 -fomit-frame-pointer -funroll-all-loops -finline-functions
FAIL: gcc.c-torture/execute/20020307-2.c compilation, -O3 -g
UNRESOLVED: gcc.c-torture/execute/20020307-2.c execution, -O3 -g
FAIL: gcc.c-torture/execute/20020307-2.c compilation, -Os
UNRESOLVED: gcc.c-torture/execute/20020307-2.c execution, -Os
FAIL: gcc.c-torture/execute/va-arg-22.c execution, -O0
FAIL: gcc.c-torture/execute/va-arg-22.c execution, -O1
FAIL: gcc.c-torture/execute/va-arg-22.c execution, -O2
FAIL: gcc.c-torture/execute/va-arg-22.c execution, -O3 -fomit-frame-pointer
FAIL: gcc.c-torture/execute/va-arg-22.c execution, -O3 -fomit-frame-pointer -funroll-loops
FAIL: gcc.c-torture/execute/va-arg-22.c execution, -O3 -fomit-frame-pointer -funroll-all-loops -finline-functions
FAIL: gcc.c-torture/execute/va-arg-22.c execution, -O3 -g
FAIL: gcc.c-torture/execute/va-arg-22.c execution, -Os
FAIL: gcc.dg/cpp/wchar-1.c execution test
FAIL: gcc.dg/20020219-1.c execution test
FAIL: gcc.dg/20020312-2.c (test for excess errors)
WARNING: gcc.dg/20020312-2.c compilation failed to produce executable
FAIL: gcc.dg/asm-names.c (test for excess errors)
FAIL: gcc.dg/inline-1.c scan-assembler-not xyzzy
FAIL: gcc.dg/weak-1.c scan-assembler weak[^ ]*[ ]_?a
FAIL: gcc.dg/weak-1.c scan-assembler weak[^ ]*[ ]_?b
FAIL: gcc.dg/weak-1.c scan-assembler weak[^ ]*[ ]_?c
FAIL: gcc.dg/weak-1.c scan-assembler weak[^ ]*[ ]_?d
FAIL: gcc.dg/weak-1.c scan-assembler weak[^ ]*[ ]_?e
FAIL: gcc.dg/weak-1.c scan-assembler weak[^ ]*[ ]_?g
FAIL: gcc.dg/weak-1.c scan-assembler weak[^ ]*[ ]_?j
UNRESOLVED: weak-1.c
UNRESOLVED: weak-2.c
UNRESOLVED: wkali-1.c
UNRESOLVED: wkali-2.c
=== gcc Summary ===
# of expected passes 17920
# of unexpected failures 28
# of expected failures 76
# of unresolved testcases 12
# of unsupported tests 118
/devel/span/rdb/src/gcc-20020422.chk/gcc/xgcc version 3.1 20020422 (prerelease)
=== objc tests ===
Running target unix
=== objc Summary ===
# of expected passes 1036
# of expected failures 6
/devel/span/rdb/src/gcc-20020422.chk/gcc/xgcc version 3.1 20020422 (prerelease)
=== libstdc++-v3 tests ===
Running target unix
XPASS: 22_locale/collate_members_wchar_t.cc execution test
XPASS: 22_locale/money_get_members_wchar_t.cc execution test
XPASS: 22_locale/money_put_members_wchar_t.cc execution test
XPASS: 22_locale/moneypunct_members_wchar_t.cc execution test
XPASS: 22_locale/num_get_members_wchar_t.cc execution test
XPASS: 22_locale/num_put_members_wchar_t.cc execution test
XPASS: 22_locale/numpunct_members_wchar_t.cc execution test
XPASS: 22_locale/time_get_members_wchar_t.cc execution test
XPASS: 22_locale/time_put_members_wchar_t.cc execution test
=== libstdc++-v3 Summary ===
# of expected passes 361
# of unexpected successes 9
# of expected failures 16
# of unsupported tests 6
Compiler version: 3.1 20020422 (prerelease)
Platform: hppa2.0-hp-hpux10.20
configure flags: --host=hppa2.0-hp-hpux10.20 --with-gnu-as --with-as=/usr/local/bin/as --enable-checking
Counting all warnings,
there are 67 warnings in stage3 of this bootstrap.
Number of warnings per file:
23 gcc/combine.c
10 gcc/regclass.c
4 gcc/optabs.c
4 gcc/gcc.c
3 gcc/reload1.c
3 gcc/libgcc2.c
3 gcc/function.c
2 gcc/reload.c
2 gcc/java/javaop.def
2 gcc/fold-const.c
1 libstdc++-v3/src/localename.cc
1 libf2c/libI77/open.c
1 gcc/varasm.c
1 gcc/unwind-pe.h
1 gcc/regmove.c
1 gcc/recog.c
1 gcc/objc/lang-specs.h
1 gcc/java/jvspec.c
1 gcc/intl/localealias.c
1 gcc/cp/lang-specs.h
1 config.h
Number of warning types:
42 comparison between signed and unsigned
6 signed and unsigned type in conditional expression
5 string length \`???' is greater than the length \`???' ISO C89 compilers are required to support
3 function declaration isn't a prototype
2 operation on \`???' may be undefined
2 \`???' might be used uninitialized in this function
1 unused variable \`???'
1 this is the location of the previous definition
1 pointer targets in passing arg ??? of \`???' differ in signedness
1 implicit declaration of function \`???'
1 \`_XOPEN_SOURCE' redefined
1 \`???' defined but not used
1 \`