This is the mail archive of the
gcc-testresults@gcc.gnu.org
mailing list for the GCC project.
Results for 3.1 20020423 (prerelease) testsuite on alpha-unknown-linux-gnu
- From: Richard Henderson <rth at castro dot sfbay dot redhat dot com>
- To: gcc-testresults at gcc dot gnu dot org
- Date: Tue, 23 Apr 2002 13:25:31 -0700
- Subject: Results for 3.1 20020423 (prerelease) testsuite on alpha-unknown-linux-gnu
LAST_UPDATED: Tue Apr 23 09:14:20 UTC 2002
Native configuration is alpha-unknown-linux-gnu
=== libjava tests ===
Running target unix
FAIL: Array_3 execution from source compiled test
FAIL: Array_3 execution from bytecode->native test
FAIL: Array_3 -O execution from source compiled test
FAIL: Array_3 -O execution from bytecode->native test
FAIL: Invoke_1 execution from source compiled test
FAIL: Invoke_1 execution from bytecode->native test
FAIL: Invoke_1 -O execution from source compiled test
FAIL: Invoke_1 -O execution from bytecode->native test
FAIL: PR218 output from source compiled test
FAIL: PR218 output from bytecode->native test
FAIL: PR218 -O output from source compiled test
FAIL: PR218 -O output from bytecode->native test
WARNING: program timed out.
FAIL: StringBuffer_1 execution from source compiled test
WARNING: program timed out.
FAIL: StringBuffer_1 execution from bytecode->native test
WARNING: program timed out.
FAIL: StringBuffer_1 -O execution from source compiled test
WARNING: program timed out.
FAIL: StringBuffer_1 -O execution from bytecode->native test
FAIL: Throw_2 execution from source compiled test
FAIL: Throw_2 execution from bytecode->native test
FAIL: Throw_2 -O execution from source compiled test
FAIL: Throw_2 -O execution from bytecode->native test
=== libjava Summary ===
# of expected passes 2039
# of unexpected failures 20
# of expected failures 18
# of untested testcases 30
=== libstdc++-v3 tests ===
Running target unix
XPASS: 22_locale/ctype_members_char.cc execution test
XPASS: 22_locale/members.cc execution test
XPASS: 22_locale/messages_byname.cc execution test
XPASS: 22_locale/messages_members_char.cc execution test
XPASS: 22_locale/money_get_members_char.cc execution test
XPASS: 22_locale/money_get_members_wchar_t.cc execution test
XPASS: 22_locale/money_put_members_char.cc execution test
XPASS: 22_locale/money_put_members_wchar_t.cc execution test
XPASS: 22_locale/moneypunct_byname.cc execution test
XPASS: 22_locale/moneypunct_members_char.cc execution test
XPASS: 22_locale/moneypunct_members_wchar_t.cc execution test
XPASS: 22_locale/num_get_members_char.cc execution test
XPASS: 22_locale/num_get_members_wchar_t.cc execution test
XPASS: 22_locale/num_put_members_char.cc execution test
XPASS: 22_locale/num_put_members_wchar_t.cc execution test
XPASS: 22_locale/numpunct_byname.cc execution test
XPASS: 22_locale/numpunct_members_char.cc execution test
XPASS: 22_locale/numpunct_members_wchar_t.cc execution test
XPASS: 22_locale/time_get_members_char.cc execution test
XPASS: 22_locale/time_get_members_wchar_t.cc execution test
XPASS: 22_locale/time_put_members_char.cc execution test
XPASS: 22_locale/time_put_members_wchar_t.cc execution test
FAIL: 26_numerics/c99_classification_macros_c.cc (test for excess errors)
=== libstdc++-v3 Summary ===
# of expected passes 372
# of unexpected failures 1
# of unexpected successes 22
# of expected failures 3
=== g++ tests ===
Running target unix
=== g++ Summary ===
# of expected passes 7149
# of expected failures 86
# of untested testcases 22
# of unsupported tests 4
/castro/street/rth/gcc/build/ev4/gcc/testsuite/../g++ version 3.1 20020423 (prerelease)
=== g77 tests ===
Running target unix
=== g77 Summary ===
# of expected passes 1452
# of unsupported tests 8
/castro/street/rth/gcc/build/ev4/gcc/testsuite/../g77 version 3.1 20020423 (prerelease)
=== gcc tests ===
Running target unix
FAIL: gcc.c-torture/execute/20020227-1.c execution, -O0
FAIL: gcc.c-torture/execute/20020227-1.c execution, -O1
FAIL: gcc.c-torture/execute/20020227-1.c execution, -O2
FAIL: gcc.c-torture/execute/20020227-1.c execution, -O3 -fomit-frame-pointer
FAIL: gcc.c-torture/execute/20020227-1.c execution, -O3 -g
FAIL: gcc.c-torture/execute/20020227-1.c execution, -Os
XPASS: gcc.dg/c99-intconst-1.c (test for excess errors)
FAIL: gcc.dg/format/c90-scanf-1.c writing into NULL (test for warnings, line 118)
FAIL: gcc.dg/format/c90-scanf-1.c (test for excess errors)
=== gcc Summary ===
# of expected passes 18160
# of unexpected failures 8
# of unexpected successes 1
# of expected failures 65
# of unsupported tests 108
/castro/street/rth/gcc/build/ev4/gcc/xgcc version 3.1 20020423 (prerelease)
=== objc tests ===
Running target unix
=== objc Summary ===
# of expected passes 1036
# of expected failures 6
/castro/street/rth/gcc/build/ev4/gcc/xgcc version 3.1 20020423 (prerelease)
Compiler version: 3.1 20020423 (prerelease)
Platform: alpha-unknown-linux-gnu
configure flags: --host=alpha-unknown-linux-gnu --prefix=/castro/street/H-alpha-linux --enable-threads