This is the mail archive of the
gcc-testresults@gcc.gnu.org
mailing list for the GCC project.
Results for 3.1 20020411 (prerelease) testsuite on ia64-unknown-linux-gnu
- From: Richard Henderson <rth at mufasa dot sfbay dot redhat dot com>
- To: gcc-testresults at gcc dot gnu dot org
- Date: Thu, 11 Apr 2002 21:48:42 -0700
- Subject: Results for 3.1 20020411 (prerelease) testsuite on ia64-unknown-linux-gnu
LAST_UPDATED: Fri Apr 12 01:11:45 UTC 2002
Native configuration is ia64-unknown-linux-gnu
=== g++ tests ===
Running target unix
FAIL: g++.dg/opt/cleanup1.C execution test
FAIL: g++.dg/opt/const1.C execution test
FAIL: g++.law/profile1.C Execution test
=== g++ Summary ===
# of expected passes 7003
# of unexpected failures 3
# of expected failures 86
# of untested testcases 23
# of unsupported tests 3
/mufasa1/rth/gcc/build/3.1/gcc/testsuite/../g++ version 3.1 20020411 (prerelease)
=== g77 tests ===
Running target unix
=== g77 Summary ===
# of expected passes 1452
# of unsupported tests 8
/mufasa1/rth/gcc/build/3.1/gcc/testsuite/../g77 version 3.1 20020411 (prerelease)
=== gcc tests ===
Running target unix
FAIL: gcc.c-torture/execute/20020227-1.c execution, -O0
FAIL: gcc.c-torture/execute/20020227-1.c execution, -O1
FAIL: gcc.c-torture/execute/20020227-1.c execution, -O2
FAIL: gcc.c-torture/execute/20020227-1.c execution, -O3 -fomit-frame-pointer
FAIL: gcc.c-torture/execute/20020227-1.c execution, -O3 -g
FAIL: gcc.c-torture/execute/20020227-1.c execution, -Os
FAIL: gcc.c-torture/execute/20020307-2.c execution, -O0
FAIL: gcc.c-torture/execute/20020307-2.c execution, -O1
FAIL: gcc.c-torture/execute/20020307-2.c execution, -O2
FAIL: gcc.c-torture/execute/20020307-2.c execution, -O3 -fomit-frame-pointer
FAIL: gcc.c-torture/execute/20020307-2.c execution, -O3 -fomit-frame-pointer -funroll-loops
FAIL: gcc.c-torture/execute/20020307-2.c execution, -O3 -fomit-frame-pointer -funroll-all-loops -finline-functions
FAIL: gcc.c-torture/execute/20020307-2.c execution, -O3 -g
FAIL: gcc.c-torture/execute/20020307-2.c execution, -Os
XPASS: gcc.dg/c99-intconst-1.c (test for excess errors)
=== gcc Summary ===
# of expected passes 17749
# of unexpected failures 14
# of unexpected successes 1
# of expected failures 73
# of unsupported tests 107
/mufasa1/rth/gcc/build/3.1/gcc/xgcc version 3.1 20020411 (prerelease)
=== objc tests ===
Running target unix
=== objc Summary ===
# of expected passes 1036
# of expected failures 6
/mufasa1/rth/gcc/build/3.1/gcc/xgcc version 3.1 20020411 (prerelease)
=== libjava tests ===
Running target unix
FAIL: calls run
FAIL: InvokeReturn output from source compiled test
FAIL: InvokeReturn output from bytecode->native test
FAIL: InvokeReturn -O output from source compiled test
FAIL: InvokeReturn -O output from bytecode->native test
=== libjava Summary ===
# of expected passes 2056
# of unexpected failures 5
# of expected failures 18
# of untested testcases 15
=== libstdc++-v3 tests ===
Running target unix
XPASS: 22_locale/time_put_members_char.cc execution test
XPASS: 22_locale/time_put_members_wchar_t.cc execution test
FAIL: 26_numerics/c99_classification_macros_c.cc (test for excess errors)
WARNING: program timed out.
FAIL: thread/pthread4.cc execution test
=== libstdc++-v3 Summary ===
# of expected passes 369
# of unexpected failures 2
# of unexpected successes 2
# of expected failures 23
Compiler version: 3.1 20020411 (prerelease)
Platform: ia64-unknown-linux-gnu
configure flags: --host=ia64-unknown-linux --prefix=/mufasa1/rth/run --enable-threads --enable-checking