This is the mail archive of the
gcc-testresults@gcc.gnu.org
mailing list for the GCC project.
Results for 3.1 20020409 (prerelease) testsuite on sparc-sun-solaris2.7 (RTL check)
- From: "Kaveh R. Ghazi" <ghazi at caip dot rutgers dot edu>
- To: gcc-testresults at gcc dot gnu dot org
- Date: Wed, 10 Apr 2002 20:59:40 -0400 (EDT)
- Subject: Results for 3.1 20020409 (prerelease) testsuite on sparc-sun-solaris2.7 (RTL check)
LAST_UPDATED:
Native configuration is sparc-sun-solaris2.7
=== g++ tests ===
Running target unix/-m64
FAIL: g++.dg/special/conpr-2.C execution test
FAIL: g++.dg/special/conpr-3.C execution test
FAIL: g++.dg/special/initp1.C execution test
=== g++ Summary for unix/-m64 ===
# of expected passes 7131
# of unexpected failures 3
# of expected failures 86
# of untested testcases 21
# of unsupported tests 2
Running target unix/-fPIC
FAIL: g++.dg/special/conpr-2.C execution test
FAIL: g++.dg/special/conpr-3.C execution test
FAIL: g++.dg/special/initp1.C execution test
=== g++ Summary for unix/-fPIC ===
# of expected passes 7131
# of unexpected failures 3
# of expected failures 86
# of untested testcases 21
# of unsupported tests 2
Running target unix/-fpic
FAIL: g++.dg/special/conpr-2.C execution test
FAIL: g++.dg/special/conpr-3.C execution test
FAIL: g++.dg/special/initp1.C execution test
=== g++ Summary for unix/-fpic ===
# of expected passes 7131
# of unexpected failures 3
# of expected failures 86
# of untested testcases 21
# of unsupported tests 2
Running target unix
FAIL: g++.dg/special/conpr-2.C execution test
FAIL: g++.dg/special/conpr-3.C execution test
FAIL: g++.dg/special/initp1.C execution test
=== g++ Summary for unix ===
# of expected passes 7131
# of unexpected failures 3
# of expected failures 86
# of untested testcases 21
# of unsupported tests 2
=== g++ Summary ===
# of expected passes 28524
# of unexpected failures 12
# of expected failures 344
# of untested testcases 84
# of unsupported tests 8
/teal/caip5/ghazi/gcc-testing/branch/build/gcc/testsuite/../g++ version 3.1 20020409 (prerelease)
=== g77 tests ===
Running target unix/-m64
=== g77 Summary for unix/-m64 ===
# of expected passes 1452
# of unsupported tests 8
Running target unix/-fPIC
=== g77 Summary for unix/-fPIC ===
# of expected passes 1452
# of unsupported tests 8
Running target unix/-fpic
=== g77 Summary for unix/-fpic ===
# of expected passes 1452
# of unsupported tests 8
Running target unix
=== g77 Summary for unix ===
# of expected passes 1452
# of unsupported tests 8
=== g77 Summary ===
# of expected passes 5808
# of unsupported tests 32
/teal/caip5/ghazi/gcc-testing/branch/build/gcc/testsuite/../g77 version 3.1 20020409 (prerelease)
=== gcc tests ===
Running target unix/-m64
FAIL: gcc.c-torture/execute/20020227-1.c execution, -O2
FAIL: gcc.c-torture/execute/20020227-1.c execution, -O3 -fomit-frame-pointer
FAIL: gcc.c-torture/execute/20020227-1.c execution, -O3 -g
FAIL: gcc.c-torture/execute/20020227-1.c execution, -Os
WARNING: program timed out.
FAIL: gcc.c-torture/execute/20020406-1.c execution, -O0
WARNING: program timed out.
FAIL: gcc.c-torture/execute/20020406-1.c execution, -O1
WARNING: program timed out.
FAIL: gcc.c-torture/execute/20020406-1.c execution, -O2
WARNING: program timed out.
FAIL: gcc.c-torture/execute/20020406-1.c execution, -O3 -fomit-frame-pointer
WARNING: program timed out.
FAIL: gcc.c-torture/execute/20020406-1.c execution, -O3 -fomit-frame-pointer -funroll-loops
WARNING: program timed out.
FAIL: gcc.c-torture/execute/20020406-1.c execution, -O3 -fomit-frame-pointer -funroll-all-loops -finline-functions
WARNING: program timed out.
FAIL: gcc.c-torture/execute/20020406-1.c execution, -O3 -g
WARNING: program timed out.
FAIL: gcc.c-torture/execute/20020406-1.c execution, -Os
FAIL: gcc.c-torture/execute/regstack-1.c execution, -O0
XPASS: gcc.dg/c99-intconst-1.c (test for excess errors)
FAIL: gcc.dg/sparc-ret.c (test for excess errors)
FAIL: gcc.dg/sparc-ret.c scan-assembler return[ ]*%i7\\+8
UNRESOLVED: weak-1.c
UNRESOLVED: weak-2.c
UNRESOLVED: wkali-1.c
UNRESOLVED: wkali-2.c
=== gcc Summary for unix/-m64 ===
# of expected passes 18062
# of unexpected failures 15
# of unexpected successes 1
# of expected failures 61
# of unresolved testcases 4
# of unsupported tests 107
Running target unix/-fPIC
WARNING: program timed out.
FAIL: gcc.c-torture/execute/20020406-1.c execution, -O0
WARNING: program timed out.
FAIL: gcc.c-torture/execute/20020406-1.c execution, -O1
WARNING: program timed out.
FAIL: gcc.c-torture/execute/20020406-1.c execution, -O2
WARNING: program timed out.
FAIL: gcc.c-torture/execute/20020406-1.c execution, -O3 -fomit-frame-pointer
WARNING: program timed out.
FAIL: gcc.c-torture/execute/20020406-1.c execution, -O3 -fomit-frame-pointer -funroll-loops
WARNING: program timed out.
FAIL: gcc.c-torture/execute/20020406-1.c execution, -O3 -fomit-frame-pointer -funroll-all-loops -finline-functions
WARNING: program timed out.
FAIL: gcc.c-torture/execute/20020406-1.c execution, -O3 -g
WARNING: program timed out.
FAIL: gcc.c-torture/execute/20020406-1.c execution, -Os
FAIL: gcc.dg/cpp/charconst.c (test for excess errors)
FAIL: gcc.dg/20020312-2.c (test for excess errors)
WARNING: gcc.dg/20020312-2.c compilation failed to produce executable
UNRESOLVED: weak-1.c
UNRESOLVED: weak-2.c
UNRESOLVED: wkali-1.c
UNRESOLVED: wkali-2.c
=== gcc Summary for unix/-fPIC ===
# of expected passes 18066
# of unexpected failures 10
# of expected failures 62
# of unresolved testcases 4
# of unsupported tests 107
Running target unix/-fpic
WARNING: program timed out.
FAIL: gcc.c-torture/execute/20020406-1.c execution, -O0
WARNING: program timed out.
FAIL: gcc.c-torture/execute/20020406-1.c execution, -O1
WARNING: program timed out.
FAIL: gcc.c-torture/execute/20020406-1.c execution, -O2
WARNING: program timed out.
FAIL: gcc.c-torture/execute/20020406-1.c execution, -O3 -fomit-frame-pointer
WARNING: program timed out.
FAIL: gcc.c-torture/execute/20020406-1.c execution, -O3 -fomit-frame-pointer -funroll-loops
WARNING: program timed out.
FAIL: gcc.c-torture/execute/20020406-1.c execution, -O3 -fomit-frame-pointer -funroll-all-loops -finline-functions
WARNING: program timed out.
FAIL: gcc.c-torture/execute/20020406-1.c execution, -O3 -g
WARNING: program timed out.
FAIL: gcc.c-torture/execute/20020406-1.c execution, -Os
FAIL: gcc.dg/cpp/charconst.c (test for excess errors)
FAIL: gcc.dg/20020312-2.c (test for excess errors)
WARNING: gcc.dg/20020312-2.c compilation failed to produce executable
UNRESOLVED: weak-1.c
UNRESOLVED: weak-2.c
UNRESOLVED: wkali-1.c
UNRESOLVED: wkali-2.c
=== gcc Summary for unix/-fpic ===
# of expected passes 18066
# of unexpected failures 10
# of expected failures 62
# of unresolved testcases 4
# of unsupported tests 107
Running target unix
WARNING: program timed out.
FAIL: gcc.c-torture/execute/20020406-1.c execution, -O0
WARNING: program timed out.
FAIL: gcc.c-torture/execute/20020406-1.c execution, -O1
WARNING: program timed out.
FAIL: gcc.c-torture/execute/20020406-1.c execution, -O2
WARNING: program timed out.
FAIL: gcc.c-torture/execute/20020406-1.c execution, -O3 -fomit-frame-pointer
WARNING: program timed out.
FAIL: gcc.c-torture/execute/20020406-1.c execution, -O3 -fomit-frame-pointer -funroll-loops
WARNING: program timed out.
FAIL: gcc.c-torture/execute/20020406-1.c execution, -O3 -fomit-frame-pointer -funroll-all-loops -finline-functions
WARNING: program timed out.
FAIL: gcc.c-torture/execute/20020406-1.c execution, -O3 -g
WARNING: program timed out.
FAIL: gcc.c-torture/execute/20020406-1.c execution, -Os
FAIL: gcc.dg/cpp/charconst.c (test for excess errors)
UNRESOLVED: weak-1.c
UNRESOLVED: weak-2.c
UNRESOLVED: wkali-1.c
UNRESOLVED: wkali-2.c
=== gcc Summary for unix ===
# of expected passes 18068
# of unexpected failures 9
# of expected failures 62
# of unresolved testcases 4
# of unsupported tests 107
=== gcc Summary ===
# of expected passes 72262
# of unexpected failures 44
# of unexpected successes 1
# of expected failures 247
# of unresolved testcases 16
# of unsupported tests 428
/teal/caip5/ghazi/gcc-testing/branch/build/gcc/xgcc version 3.1 20020409 (prerelease)
=== objc tests ===
Running target unix/-m64
=== objc Summary for unix/-m64 ===
# of expected passes 1036
# of expected failures 6
Running target unix/-fPIC
=== objc Summary for unix/-fPIC ===
# of expected passes 1036
# of expected failures 6
Running target unix/-fpic
=== objc Summary for unix/-fpic ===
# of expected passes 1036
# of expected failures 6
Running target unix
=== objc Summary for unix ===
# of expected passes 1036
# of expected failures 6
=== objc Summary ===
# of expected passes 4144
# of expected failures 24
/teal/caip5/ghazi/gcc-testing/branch/build/gcc/xgcc version 3.1 20020409 (prerelease)
=== libjava tests ===
Running target unix/-m64
FAIL: cxxtest run
FAIL: calls run
FAIL: final_method run
FAIL: field run
FAIL: findclass run
FAIL: invoke output
FAIL: martin run
FAIL: noclass run
FAIL: register run
FAIL: throwit run
FAIL: ArrayStore output from source compiled test
FAIL: ArrayStore -O output from source compiled test
FAIL: Array_1 output from source compiled test
FAIL: Array_1 output from bytecode->native test
FAIL: Array_1 -O output from source compiled test
FAIL: Array_1 -O output from bytecode->native test
FAIL: Array_3 execution from source compiled test
FAIL: Array_3 execution from bytecode->native test
FAIL: Array_3 -O execution from source compiled test
FAIL: Array_3 -O execution from bytecode->native test
FAIL: Class_1 execution from bytecode->native test
FAIL: Class_1 -O execution from bytecode->native test
FAIL: Divide_1 execution from source compiled test
FAIL: Divide_1 execution from bytecode->native test
FAIL: Divide_1 -O execution from source compiled test
FAIL: Divide_1 -O execution from bytecode->native test
FAIL: G19990302_02 output from source compiled test
FAIL: G19990302_02 output from bytecode->native test
FAIL: G19990302_02 -O output from source compiled test
FAIL: G19990302_02 -O output from bytecode->native test
FAIL: G19990303_01 output from source compiled test
FAIL: G19990303_01 output from bytecode->native test
FAIL: G19990303_01 -O output from source compiled test
FAIL: G19990303_01 -O output from bytecode->native test
FAIL: G19990303_02 output from source compiled test
FAIL: G19990303_02 output from bytecode->native test
FAIL: G19990303_02 -O output from source compiled test
FAIL: G19990303_02 -O output from bytecode->native test
FAIL: G19990304_01 output from source compiled test
FAIL: G19990304_01 output from bytecode->native test
FAIL: G19990304_01 -O output from source compiled test
FAIL: G19990304_01 -O output from bytecode->native test
FAIL: InterfaceDispatch output from source compiled test
FAIL: InterfaceDispatch output from bytecode->native test
FAIL: InterfaceDispatch -O output from source compiled test
FAIL: InterfaceDispatch -O output from bytecode->native test
FAIL: InvokeReturn output from source compiled test
FAIL: InvokeReturn output from bytecode->native test
FAIL: InvokeReturn -O output from source compiled test
FAIL: InvokeReturn -O output from bytecode->native test
FAIL: Invoke_1 execution from source compiled test
FAIL: Invoke_1 execution from bytecode->native test
FAIL: Invoke_1 -O execution from source compiled test
FAIL: Invoke_1 -O execution from bytecode->native test
FAIL: KeepInline output from source compiled test
FAIL: KeepInline output from bytecode->native test
FAIL: KeepInline -O output from source compiled test
FAIL: KeepInline -O output from bytecode->native test
FAIL: PR141 output from source compiled test
FAIL: PR141 output from bytecode->native test
FAIL: PR141 -O output from source compiled test
FAIL: PR141 -O output from bytecode->native test
FAIL: PR162 output from source compiled test
FAIL: PR162 output from bytecode->native test
FAIL: PR162 -O output from source compiled test
FAIL: PR162 -O output from bytecode->native test
FAIL: PR218 execution from source compiled test
FAIL: PR218 execution from bytecode->native test
FAIL: PR218 -O execution from source compiled test
FAIL: PR218 -O execution from bytecode->native test
FAIL: PR242 output from source compiled test
FAIL: PR242 output from bytecode->native test
FAIL: PR242 -O output from source compiled test
FAIL: PR242 -O output from bytecode->native test
FAIL: PR260 output from source compiled test
FAIL: PR260 output from bytecode->native test
FAIL: PR260 -O output from source compiled test
FAIL: PR260 -O output from bytecode->native test
FAIL: PR3096 output from source compiled test
FAIL: PR3096 output from bytecode->native test
FAIL: PR3096 -O output from source compiled test
FAIL: PR3096 -O output from bytecode->native test
FAIL: PR5057 output from source compiled test
FAIL: PR5057 output from bytecode->native test
FAIL: PR5057 -O output from source compiled test
FAIL: PR5057 -O output from bytecode->native test
FAIL: PR5057_2 output from source compiled test
FAIL: PR5057_2 output from bytecode->native test
FAIL: PR5057_2 -O output from source compiled test
FAIL: PR5057_2 -O output from bytecode->native test
FAIL: Primes execution from source compiled test
FAIL: Primes execution from bytecode->native test
FAIL: Primes -O execution from source compiled test
FAIL: Primes -O execution from bytecode->native test
FAIL: StringBuffer_1 output from source compiled test
FAIL: StringBuffer_1 output from bytecode->native test
FAIL: StringBuffer_1 -O output from source compiled test
FAIL: StringBuffer_1 -O output from bytecode->native test
FAIL: SyncTest execution from source compiled test
FAIL: SyncTest execution from bytecode->native test
FAIL: SyncTest -O execution from source compiled test
FAIL: SyncTest -O execution from bytecode->native test
FAIL: TLtest execution from source compiled test
FAIL: TLtest execution from bytecode->native test
FAIL: TLtest -O execution from source compiled test
FAIL: TLtest -O execution from bytecode->native test
FAIL: Thread_Alive execution from source compiled test
FAIL: Thread_Alive execution from bytecode->native test
FAIL: Thread_Alive -O execution from source compiled test
FAIL: Thread_Alive -O execution from bytecode->native test
FAIL: Thread_Interrupt execution from source compiled test
FAIL: Thread_Interrupt execution from bytecode->native test
FAIL: Thread_Interrupt -O execution from source compiled test
FAIL: Thread_Interrupt -O execution from bytecode->native test
FAIL: Thread_Join execution from source compiled test
FAIL: Thread_Join execution from bytecode->native test
FAIL: Thread_Join -O execution from source compiled test
FAIL: Thread_Join -O execution from bytecode->native test
FAIL: Thread_Monitor execution from source compiled test
FAIL: Thread_Monitor execution from bytecode->native test
FAIL: Thread_Monitor -O execution from source compiled test
FAIL: Thread_Monitor -O execution from bytecode->native test
FAIL: Thread_Wait execution from source compiled test
FAIL: Thread_Wait execution from bytecode->native test
FAIL: Thread_Wait -O execution from source compiled test
FAIL: Thread_Wait -O execution from bytecode->native test
FAIL: Thread_Wait_2 execution from source compiled test
FAIL: Thread_Wait_2 execution from bytecode->native test
FAIL: Thread_Wait_2 -O execution from source compiled test
FAIL: Thread_Wait_2 -O execution from bytecode->native test
FAIL: Thread_Wait_Interrupt execution from source compiled test
FAIL: Thread_Wait_Interrupt execution from bytecode->native test
FAIL: Thread_Wait_Interrupt -O execution from source compiled test
FAIL: Thread_Wait_Interrupt -O execution from bytecode->native test
FAIL: anfi output from source compiled test
FAIL: anfi output from bytecode->native test
FAIL: anfi -O output from source compiled test
FAIL: anfi -O output from bytecode->native test
FAIL: anon output from source compiled test
FAIL: anon output from bytecode->native test
FAIL: anon -O output from source compiled test
FAIL: anon -O output from bytecode->native test
FAIL: anon2 output from source compiled test
FAIL: anon2 output from bytecode->native test
FAIL: anon2 -O output from source compiled test
FAIL: anon2 -O output from bytecode->native test
FAIL: anonarray output from source compiled test
FAIL: anonarray output from bytecode->native test
FAIL: anonarray -O output from source compiled test
FAIL: anonarray -O output from bytecode->native test
FAIL: err4 output from source compiled test
FAIL: err4 output from bytecode->native test
FAIL: err4 -O output from source compiled test
FAIL: err4 -O output from bytecode->native test
FAIL: final_static_and_friend output from source compiled test
FAIL: final_static_and_friend output from bytecode->native test
FAIL: final_static_and_friend -O output from source compiled test
FAIL: final_static_and_friend -O output from bytecode->native test
FAIL: indirect output from source compiled test
FAIL: indirect output from bytecode->native test
FAIL: indirect -O output from source compiled test
FAIL: indirect -O output from bytecode->native test
FAIL: inner_array output from source compiled test
FAIL: inner_array output from bytecode->native test
FAIL: inner_array -O output from source compiled test
FAIL: inner_array -O output from bytecode->native test
FAIL: inner4 output from source compiled test
FAIL: inner4 output from bytecode->native test
FAIL: inner4 -O output from source compiled test
FAIL: inner4 -O output from bytecode->native test
FAIL: instance output from source compiled test
FAIL: instance output from bytecode->native test
FAIL: instance -O output from source compiled test
FAIL: instance -O output from bytecode->native test
FAIL: instinit output from source compiled test
FAIL: instinit output from bytecode->native test
FAIL: instinit -O output from source compiled test
FAIL: instinit -O output from bytecode->native test
FAIL: instinit2 output from source compiled test
FAIL: instinit2 output from bytecode->native test
FAIL: instinit2 -O output from source compiled test
FAIL: instinit2 -O output from bytecode->native test
FAIL: invoke_from_inner output from source compiled test
FAIL: invoke_from_inner output from bytecode->native test
FAIL: invoke_from_inner -O output from source compiled test
FAIL: invoke_from_inner -O output from bytecode->native test
FAIL: klass execution from source compiled test
FAIL: klass execution from bytecode->native test
FAIL: klass -O execution from source compiled test
FAIL: klass -O execution from bytecode->native test
FAIL: multiple_finit output from source compiled test
FAIL: multiple_finit output from bytecode->native test
FAIL: multiple_finit -O output from source compiled test
FAIL: multiple_finit -O output from bytecode->native test
FAIL: nested_with_ctor output from source compiled test
FAIL: nested_with_ctor output from bytecode->native test
FAIL: nested_with_ctor -O output from source compiled test
FAIL: nested_with_ctor -O output from bytecode->native test
FAIL: pr133 output from source compiled test
FAIL: pr133 output from bytecode->native test
FAIL: pr133 -O output from source compiled test
FAIL: pr133 -O output from bytecode->native test
FAIL: pr179 output from source compiled test
FAIL: pr179 output from bytecode->native test
FAIL: pr179 -O output from source compiled test
FAIL: pr179 -O output from bytecode->native test
FAIL: search_outer output from source compiled test
FAIL: search_outer output from bytecode->native test
FAIL: search_outer -O output from source compiled test
FAIL: search_outer -O output from bytecode->native test
FAIL: stringconst2 output from source compiled test
FAIL: stringconst2 -O output from source compiled test
FAIL: stub output from source compiled test
FAIL: stub output from bytecode->native test
FAIL: stub -O output from source compiled test
FAIL: stub -O output from bytecode->native test
FAIL: test_long output from bytecode->native test
FAIL: test_long -O output from bytecode->native test
FAIL: tmi output from source compiled test
FAIL: tmi output from bytecode->native test
FAIL: tmi -O output from source compiled test
FAIL: tmi -O output from bytecode->native test
FAIL: update_outer output from source compiled test
FAIL: update_outer -O output from source compiled test
FAIL: Throw_2 execution from source compiled test
FAIL: Throw_2 execution from bytecode->native test
FAIL: Throw_2 -O execution from source compiled test
FAIL: Throw_2 -O execution from bytecode->native test
=== libjava Summary for unix/-m64 ===
# of expected passes 1767
# of unexpected failures 228
# of expected failures 18
# of untested testcases 89
Running target unix/-fPIC
FAIL: FileHandleGcTest execution from source compiled test
FAIL: FileHandleGcTest execution from bytecode->native test
FAIL: FileHandleGcTest -O execution from source compiled test
FAIL: FileHandleGcTest -O execution from bytecode->native test
FAIL: Invoke_1 execution from source compiled test
FAIL: Invoke_1 execution from bytecode->native test
FAIL: Invoke_1 -O execution from source compiled test
FAIL: Invoke_1 -O execution from bytecode->native test
WARNING: program timed out.
FAIL: TLtest execution from source compiled test
FAIL: test_long output from bytecode->native test
FAIL: test_long -O output from bytecode->native test
FAIL: Throw_2 execution from source compiled test
FAIL: Throw_2 execution from bytecode->native test
FAIL: Throw_2 -O execution from source compiled test
FAIL: Throw_2 -O execution from bytecode->native test
=== libjava Summary for unix/-fPIC ===
# of expected passes 2033
# of unexpected failures 15
# of expected failures 18
# of untested testcases 27
Running target unix/-fpic
FAIL: FileHandleGcTest execution from source compiled test
FAIL: FileHandleGcTest execution from bytecode->native test
FAIL: FileHandleGcTest -O execution from source compiled test
FAIL: FileHandleGcTest -O execution from bytecode->native test
FAIL: Invoke_1 execution from source compiled test
FAIL: Invoke_1 execution from bytecode->native test
FAIL: Invoke_1 -O execution from source compiled test
FAIL: Invoke_1 -O execution from bytecode->native test
WARNING: program timed out.
FAIL: Thread_Wait_2 execution from bytecode->native test
WARNING: program timed out.
FAIL: Thread_Wait_Interrupt execution from source compiled test
FAIL: test_long output from bytecode->native test
FAIL: test_long -O output from bytecode->native test
FAIL: Throw_2 execution from source compiled test
FAIL: Throw_2 execution from bytecode->native test
FAIL: Throw_2 -O execution from source compiled test
FAIL: Throw_2 -O execution from bytecode->native test
=== libjava Summary for unix/-fpic ===
# of expected passes 2031
# of unexpected failures 16
# of expected failures 18
# of untested testcases 28
Running target unix
FAIL: FileHandleGcTest execution from source compiled test
FAIL: FileHandleGcTest execution from bytecode->native test
FAIL: FileHandleGcTest -O execution from source compiled test
FAIL: FileHandleGcTest -O execution from bytecode->native test
FAIL: InterfaceDispatch -O execution from bytecode->native test
WARNING: program timed out.
FAIL: InvokeReturn -O execution from bytecode->native test
FAIL: Invoke_1 execution from source compiled test
FAIL: Invoke_1 execution from bytecode->native test
FAIL: Invoke_1 -O execution from source compiled test
FAIL: Invoke_1 -O execution from bytecode->native test
WARNING: program timed out.
FAIL: Primes execution from source compiled test
FAIL: test_long output from bytecode->native test
FAIL: test_long -O output from bytecode->native test
FAIL: Throw_2 execution from source compiled test
FAIL: Throw_2 execution from bytecode->native test
FAIL: Throw_2 -O execution from source compiled test
FAIL: Throw_2 -O execution from bytecode->native test
=== libjava Summary for unix ===
# of expected passes 2029
# of unexpected failures 17
# of expected failures 18
# of untested testcases 29
=== libjava Summary ===
# of expected passes 7860
# of unexpected failures 276
# of expected failures 72
# of untested testcases 173
=== libstdc++-v3 tests ===
Running target unix/-m64
XPASS: 22_locale/collate_members_wchar_t.cc execution test
XPASS: 22_locale/money_get_members_wchar_t.cc execution test
XPASS: 22_locale/money_put_members_wchar_t.cc execution test
XPASS: 22_locale/moneypunct_members_wchar_t.cc execution test
XPASS: 22_locale/num_get_members_wchar_t.cc execution test
XPASS: 22_locale/num_put_members_wchar_t.cc execution test
XPASS: 22_locale/numpunct_members_wchar_t.cc execution test
XPASS: 22_locale/time_get_members_wchar_t.cc execution test
XPASS: 22_locale/time_put_members_wchar_t.cc execution test
WARNING: program timed out.
FAIL: 27_io/ios_base_storage.cc execution test
FAIL: 27_io/istream_extractor_arith.cc execution test
=== libstdc++-v3 Summary for unix/-m64 ===
# of expected passes 369
# of unexpected failures 2
# of unexpected successes 9
# of expected failures 16
Running target unix/-fPIC
FAIL: 18_support/numeric_limits.cc execution test
XPASS: 22_locale/collate_members_wchar_t.cc execution test
XPASS: 22_locale/money_get_members_wchar_t.cc execution test
XPASS: 22_locale/money_put_members_wchar_t.cc execution test
XPASS: 22_locale/moneypunct_members_wchar_t.cc execution test
XPASS: 22_locale/num_get_members_wchar_t.cc execution test
XPASS: 22_locale/num_put_members_wchar_t.cc execution test
XPASS: 22_locale/numpunct_members_wchar_t.cc execution test
XPASS: 22_locale/time_get_members_wchar_t.cc execution test
XPASS: 22_locale/time_put_members_wchar_t.cc execution test
FAIL: 27_io/filebuf_virtuals.cc execution test
FAIL: 27_io/istream_extractor_arith.cc execution test
FAIL: 27_io/streambuf.cc execution test
FAIL: 27_io/stringbuf.cc execution test
=== libstdc++-v3 Summary for unix/-fPIC ===
# of expected passes 366
# of unexpected failures 5
# of unexpected successes 9
# of expected failures 16
Running target unix/-fpic
FAIL: 18_support/numeric_limits.cc execution test
XPASS: 22_locale/collate_members_wchar_t.cc execution test
XPASS: 22_locale/money_get_members_wchar_t.cc execution test
XPASS: 22_locale/money_put_members_wchar_t.cc execution test
XPASS: 22_locale/moneypunct_members_wchar_t.cc execution test
XPASS: 22_locale/num_get_members_wchar_t.cc execution test
XPASS: 22_locale/num_put_members_wchar_t.cc execution test
XPASS: 22_locale/numpunct_members_wchar_t.cc execution test
XPASS: 22_locale/time_get_members_wchar_t.cc execution test
XPASS: 22_locale/time_put_members_wchar_t.cc execution test
FAIL: 27_io/filebuf_virtuals.cc execution test
FAIL: 27_io/istream_extractor_arith.cc execution test
FAIL: 27_io/streambuf.cc execution test
FAIL: 27_io/stringbuf.cc execution test
=== libstdc++-v3 Summary for unix/-fpic ===
# of expected passes 366
# of unexpected failures 5
# of unexpected successes 9
# of expected failures 16
Running target unix
FAIL: 18_support/numeric_limits.cc execution test
XPASS: 22_locale/collate_members_wchar_t.cc execution test
XPASS: 22_locale/money_get_members_wchar_t.cc execution test
XPASS: 22_locale/money_put_members_wchar_t.cc execution test
XPASS: 22_locale/moneypunct_members_wchar_t.cc execution test
XPASS: 22_locale/num_get_members_wchar_t.cc execution test
XPASS: 22_locale/num_put_members_wchar_t.cc execution test
XPASS: 22_locale/numpunct_members_wchar_t.cc execution test
XPASS: 22_locale/time_get_members_wchar_t.cc execution test
XPASS: 22_locale/time_put_members_wchar_t.cc execution test
FAIL: 27_io/filebuf_virtuals.cc execution test
FAIL: 27_io/istream_extractor_arith.cc execution test
FAIL: 27_io/streambuf.cc execution test
FAIL: 27_io/stringbuf.cc execution test
=== libstdc++-v3 Summary for unix ===
# of expected passes 366
# of unexpected failures 5
# of unexpected successes 9
# of expected failures 16
=== libstdc++-v3 Summary ===
# of expected passes 1467
# of unexpected failures 17
# of unexpected successes 36
# of expected failures 64
Compiler version: 3.1 20020409 (prerelease)
Platform: sparc-sun-solaris2.7
configure flags: --host=sparc-sun-solaris2.7 --verbose --enable-checking=misc,tree,rtl,gc