This is the mail archive of the
gcc-testresults@gcc.gnu.org
mailing list for the GCC project.
Results for 3.1 20020408 (prerelease) testsuite on i686-pc-linux-gnu
- From: Alexandre Oliva <aoliva at redhat dot lsd dot ic dot unicamp dot br>
- To: gcc-testresults at gcc dot gnu dot org
- Date: Tue, 9 Apr 2002 04:39:05 -0300
- Subject: Results for 3.1 20020408 (prerelease) testsuite on i686-pc-linux-gnu
Native configuration is i686-pc-linux-gnu
=== binutils tests ===
Running target unix
=== binutils Summary ===
# of expected passes 31
# of expected failures 1
=== g77 tests ===
Running target unix
=== g77 Summary ===
# of expected passes 1614
/l/tmp/egcs/gcc/testsuite/../g77 version 3.1 20020408 (prerelease)
=== gas tests ===
Running target unix
=== gas Summary ===
# of expected passes 50
=== gcc tests ===
Running target unix
FAIL: gcc.c-torture/execute/20020307-2.c execution, -O1
FAIL: gcc.c-torture/execute/20020307-2.c execution, -O2
FAIL: gcc.c-torture/execute/20020307-2.c execution, -O3 -fomit-frame-pointer
FAIL: gcc.c-torture/execute/20020307-2.c execution, -O3 -fomit-frame-pointer -funroll-loops
FAIL: gcc.c-torture/execute/20020307-2.c execution, -O3 -fomit-frame-pointer -funroll-all-loops -finline-functions
FAIL: gcc.c-torture/execute/20020307-2.c execution, -O3 -g
FAIL: gcc.c-torture/execute/20020402-1.c execution, -Os
FAIL: gcc.dg/cpp/endif-pedantic1.c bad warning (test for bogus messages, line 14)
FAIL: gcc.dg/cpp/endif-pedantic1.c bad warning (test for bogus messages, line 15)
FAIL: gcc.dg/cpp/extratokens2.c bad warning (test for bogus messages, line 14)
FAIL: gcc.dg/cpp/extratokens2.c bad warning (test for bogus messages, line 15)
FAIL: gcc.dg/cpp/mac-dir-1.c (test for excess errors)
WARNING: gcc.dg/cpp/mac-dir-1.c compilation failed to produce executable
FAIL: gcc.dg/cpp/mac-dir-2.c (test for warnings, line 14)
FAIL: gcc.dg/cpp/mac-dir-2.c (test for excess errors)
FAIL: gcc.dg/cpp/maccom1.c (test for excess errors)
FAIL: gcc.dg/cpp/maccom2.c (test for excess errors)
FAIL: gcc.dg/cpp/maccom3.c (test for excess errors)
FAIL: gcc.dg/cpp/maccom4.c (test for excess errors)
FAIL: maccom4.c: comment in macro expansion with -CC
FAIL: gcc.dg/cpp/maccom5.c (test for excess errors)
FAIL: maccom5.c: C++ comment in macro expansion with -CC
FAIL: gcc.dg/cpp/maccom6.c (test for excess errors)
FAIL: gcc.dg/Wswitch-default.c (test for warnings, line 14)
FAIL: gcc.dg/Wswitch-default.c (test for warnings, line 22)
FAIL: gcc.dg/Wswitch-default.c (test for warnings, line 31)
FAIL: gcc.dg/Wswitch-default.c (test for warnings, line 41)
FAIL: gcc.dg/Wswitch-default.c (test for warnings, line 53)
FAIL: gcc.dg/Wswitch-default.c (test for excess errors)
FAIL: gcc.dg/Wswitch-enum.c enum e1 (test for warnings, line 23)
FAIL: gcc.dg/Wswitch-enum.c enum e2 (test for warnings, line 23)
FAIL: gcc.dg/Wswitch-enum.c enum e1 (test for warnings, line 28)
FAIL: gcc.dg/Wswitch-enum.c enum e2 (test for warnings, line 28)
FAIL: gcc.dg/Wswitch-enum.c enum e2 (test for warnings, line 32)
FAIL: gcc.dg/Wswitch-enum.c enum e2 (test for warnings, line 37)
FAIL: gcc.dg/Wswitch-enum.c excess 3 (test for warnings, line 54)
FAIL: gcc.dg/Wswitch-enum.c excess 3 (test for warnings, line 61)
FAIL: gcc.dg/Wswitch-enum.c (test for excess errors)
FAIL: gcc.dg/unordered-1.c (test for errors, line 7)
FAIL: gcc.dg/unordered-1.c (test for errors, line 16)
FAIL: gcc.dg/unordered-1.c (test for errors, line 17)
FAIL: gcc.dg/unordered-1.c (test for excess errors)
FAIL: gcc.dg/unused-4.c (test for warnings, line 4)
FAIL: gcc.dg/unused-4.c (test for warnings, line 5)
=== gcc Summary ===
# of expected passes 18358
# of unexpected failures 43
# of expected failures 66
# of unsupported tests 45
/l/tmp/egcs/gcc/xgcc version 3.1 20020408 (prerelease)
=== gdb tests ===
Running target unix
FAIL: gdb.base/callfuncs.exp: p t_float_values(3.14159,-2.3765)
FAIL: gdb.base/callfuncs.exp: p t_float_values(float_val1,float_val2)
FAIL: gdb.base/callfuncs.exp: p t_float_values(3.14159,float_val2)
FAIL: gdb.base/callfuncs.exp: p t_float_values(float_val1,-2.3765)
WARNING: can't generate a core file - core tests suppressed - check ulimit -c
FAIL: gdb.base/funcargs.exp: run to call5a
FAIL: gdb.base/funcargs.exp: print st
FAIL: gdb.base/gcore.exp: corefile restored general registers
FAIL: gdb.base/gcore.exp: corefile restored all registers
XPASS: gdb.base/interrupt.exp: send end of file
XPASS: gdb.base/return.exp: correct value returned double test (known problem with i*86 and sparc solaris
FAIL: gdb.c++/annota2.exp: watch triggered on a.x
FAIL: gdb.c++/annota2.exp: annotate-quit
FAIL: gdb.c++/cplusfuncs.exp: print &'hairyfunc5'
FAIL: gdb.c++/cplusfuncs.exp: print &'hairyfunc6'
FAIL: gdb.c++/cplusfuncs.exp: print &'hairyfunc7'
FAIL: gdb.c++/local.exp: ptype InnerLocal
FAIL: gdb.c++/ovldbreak.exp: continue to bp overloaded : char
FAIL: gdb.c++/ovldbreak.exp: continue to bp overloaded : signed char
FAIL: gdb.c++/ovldbreak.exp: continue to bp overloaded : unsigned char
FAIL: gdb.c++/ovldbreak.exp: continue to bp overloaded : short
FAIL: gdb.c++/ovldbreak.exp: continue to bp overloaded : unsigned short
FAIL: gdb.c++/ovldbreak.exp: continue to bp overloaded : double
FAIL: gdb.c++/templates.exp: ptype T5<int>
FAIL: gdb.c++/templates.exp: ptype t5i
FAIL: gdb.c++/templates.exp: constructor breakpoint (bad menu choices)
FAIL: gdb.c++/templates.exp: destructor breakpoint
FAIL: gdb.c++/templates.exp: print Foo<volatile char *>::foo
FAIL: gdb.c++/templates.exp: print Garply<Garply<char> >::garply
XPASS: gdb.c++/virtfunc.exp: print pBe->vvb()
ERROR: tcl error sourcing /home/aoliva/src/tool/egcs/gdb/testsuite/gdb.java/jmisc.exp.
ERROR: can't read "target_alias": no such variable
FAIL: gdb.mi/mi-break.exp: insert temp breakpoint at "<fullfilename>":6 (callee4)
FAIL: gdb.mi/mi-console.exp: Hello message (known bug)
FAIL: gdb.mi/mi-simplerun.exp: insert breakpoint at "<fullfilename>":6 (callee4)
FAIL: gdb.mi/mi-stack.exp: stack args listing 0
FAIL: gdb.mi/mi-stack.exp: stack args listing 1
FAIL: gdb.mi/mi-stack.exp: stack info-depth
FAIL: gdb.mi/mi-stack.exp: stack info-depth 99
FAIL: gdb.mi/mi-var-child.exp: get children of struct_declarations
FAIL: gdb.mi/mi-var-child.exp: get children of struct_declarations.s2.u2.u1s1
FAIL: gdb.mi/mi-var-child.exp: create local variable weird
FAIL: gdb.mi/mi-var-child.exp: get children of weird
FAIL: gdb.mi/mi-var-display.exp: create local variable weird
FAIL: gdb.mi/mi-var-display.exp: get children local variable weird
FAIL: gdb.mi/mi0-break.exp: insert temp breakpoint at "<fullfilename>":6 (callee4)
FAIL: gdb.mi/mi0-console.exp: Hello message (known bug)
FAIL: gdb.mi/mi0-simplerun.exp: insert breakpoint at "<fullfilename>":6 (callee4)
FAIL: gdb.mi/mi0-stack.exp: stack args listing 0
FAIL: gdb.mi/mi0-stack.exp: stack args listing 1
FAIL: gdb.mi/mi0-stack.exp: stack info-depth
FAIL: gdb.mi/mi0-stack.exp: stack info-depth 99
FAIL: gdb.mi/mi0-var-child.exp: get children of struct_declarations
FAIL: gdb.mi/mi0-var-child.exp: get children of struct_declarations.s2.u2.u1s1
FAIL: gdb.mi/mi0-var-child.exp: create local variable weird
FAIL: gdb.mi/mi0-var-child.exp: get children of weird
FAIL: gdb.mi/mi0-var-display.exp: create local variable weird
FAIL: gdb.mi/mi0-var-display.exp: get children local variable weird
FAIL: gdb.threads/gcore-thread.exp: thread 1 is running
FAIL: gdb.threads/gcore-thread.exp: thread 2 is running
FAIL: gdb.threads/gcore-thread.exp: save a corefile
FAIL: gdb.threads/gcore-thread.exp: re-load generated corefile (bad file format)
FAIL: gdb.threads/linux-dp.exp: continue to breakpoint: about to create philosopher: 1
FAIL: gdb.threads/linux-dp.exp: (timeout) create philosopher: 1
FAIL: gdb.threads/linux-dp.exp: continue to breakpoint: about to create philosopher: 2 (timeout)
FAIL: gdb.threads/linux-dp.exp: (timeout) create philosopher: 2
FAIL: gdb.threads/linux-dp.exp: continue to breakpoint: about to create philosopher: 3 (timeout)
FAIL: gdb.threads/linux-dp.exp: (timeout) create philosopher: 3
FAIL: gdb.threads/linux-dp.exp: continue to breakpoint: about to create philosopher: 4 (timeout)
FAIL: gdb.threads/linux-dp.exp: (timeout) create philosopher: 4
FAIL: gdb.threads/linux-dp.exp: find line number containing "linuxthreads.exp: info threads 2" (timeout)
FAIL: gdb.threads/linux-dp.exp: setting breakpoint at -1 (timeout)
FAIL: gdb.threads/linux-dp.exp: continue to breakpoint: main thread's sleep (timeout)
FAIL: gdb.threads/linux-dp.exp: info threads 2 (timeout)
FAIL: gdb.threads/linux-dp.exp: setting breakpoint at print_philosopher thread 5 (timeout)
FAIL: gdb.threads/linux-dp.exp: continue to breakpoint: thread 5's print (timeout)
FAIL: gdb.threads/linux-dp.exp: first thread-specific breakpoint hit (timeout)
FAIL: gdb.threads/linux-dp.exp: continue to breakpoint: thread 5's print, pass: 0 (timeout)
FAIL: gdb.threads/linux-dp.exp: thread-specific breakpoint is thread-specific (timeout)
FAIL: gdb.threads/linux-dp.exp: selected thread: 1 (timeout)
FAIL: gdb.threads/linux-dp.exp: philosopher is distinct: 1 (timeout)
FAIL: gdb.threads/linux-dp.exp: selected thread: 2 (timeout)
FAIL: gdb.threads/linux-dp.exp: philosopher is distinct: 2 (timeout)
FAIL: gdb.threads/linux-dp.exp: selected thread: 3 (timeout)
FAIL: gdb.threads/linux-dp.exp: philosopher is distinct: 3 (timeout)
FAIL: gdb.threads/linux-dp.exp: selected thread: 4 (timeout)
FAIL: gdb.threads/linux-dp.exp: philosopher is distinct: 4 (timeout)
FAIL: gdb.threads/linux-dp.exp: selected thread: 5 (timeout)
FAIL: gdb.threads/linux-dp.exp: philosopher is distinct: 5 (timeout)
FAIL: gdb.threads/linux-dp.exp: selected thread: 6 (timeout)
FAIL: gdb.threads/linux-dp.exp: philosopher is distinct: 6 (timeout)
FAIL: gdb.threads/linux-dp.exp: selected thread: 7 (timeout)
FAIL: gdb.threads/linux-dp.exp: philosopher is distinct: 7 (timeout)
FAIL: gdb.threads/linux-dp.exp: found an interesting thread
FAIL: gdb.threads/pthreads.exp: Continue to creation of first thread
FAIL: gdb.threads/pthreads.exp: break thread2
FAIL: gdb.threads/pthreads.exp: Continue to creation of second thread
FAIL: gdb.threads/pthreads.exp: continue until common routine run 15 times
FAIL: gdb.threads/pthreads.exp: continue until common routine run 15 times
FAIL: gdb.threads/pthreads.exp: check backtrace from main thread
FAIL: gdb.threads/pthreads.exp: check backtrace from thread 1
FAIL: gdb.threads/pthreads.exp: check backtrace from thread 2
FAIL: gdb.threads/pthreads.exp: apply backtrace command to all three threads
FAIL: gdb.threads/pthreads.exp: set break at common_routine in thread 2
FAIL: gdb.threads/pthreads.exp: continue to bkpt at common_routine in thread 2
=== gdb Summary ===
# of expected passes 8290
# of unexpected failures 99
# of unexpected successes 3
# of expected failures 78
# of untested testcases 6
/l/tmp/egcs/gdb/testsuite/../../gdb/gdb version 2002-04-09-cvs -nx
=== g++ tests ===
Running target unix
ERROR: (DejaGnu) proc "run-gcov -b gcov-1.C" does not exist.
=== g++ Summary ===
# of expected passes 354
# of expected failures 1
# of unsupported tests 1
/l/tmp/egcs/gcc/testsuite/../g++ version 3.1 20020408 (prerelease)
=== ld tests ===
Running target unix
=== ld Summary ===
# of expected passes 130
# of expected failures 13
=== libjava tests ===
Running target unix
FAIL: TLtest compilation from bytecode
FAIL: TLtest -O compilation from bytecode
FAIL: Compile DejaGNUTestHarness.java
=== libjava Summary ===
# of expected passes 1981
# of unexpected failures 3
# of expected failures 18
# of untested testcases 94
=== libstdc++-v3 tests ===
Running target unix
FAIL: 26_numerics/c99_classification_macros_c.cc (test for excess errors)
=== libstdc++-v3 Summary ===
# of expected passes 370
# of unexpected failures 1
# of expected failures 25
=== objc tests ===
Running target unix
=== objc Summary ===
# of expected passes 1036
# of expected failures 6
/l/tmp/egcs/gcc/xgcc version 3.1 20020408 (prerelease)
Compiler version: 3.1 20020408 (prerelease)
Platform: i686-pc-linux-gnu
BOOT_CFLAGS: -g -O9 -W -Wall
Counting all warnings,
there are 58 warnings in stage3 of this bootstrap.
Number of warnings per file:
23 gcc/combine.c
10 gcc/regclass.c
4 gcc/optabs.c
4 gcc/gcc.c
2 gcc/java/javaop.def
2 gcc/fold-const.c
2 gcc/crtstuff.c
2 gcc/ada/a-except.adb
1 gcc/reload.c
1 gcc/profile.c
1 gcc/objc/lang-specs.h
1 gcc/java/parse.y
1 gcc/java/jvspec.c
1 gcc/function.c
1 gcc/emit-rtl.c
1 gcc/cp/lang-specs.h
1 gcc/config/i386/i386.c
Number of warning types:
38 comparison between signed and unsigned
7 string length `???' is greater than the length `???' ISO C89 compilers are required to support
5 signed and unsigned type in conditional expression
2 operation on `???' may be undefined
2 `???' might be used uninitialized in this function
2 `???' defined but not used
1 pointer targets in passing arg ??? of `???' differ in signedness
1 `???' declared `static' but never defined