This is the mail archive of the
gcc-testresults@gcc.gnu.org
mailing list for the GCC project.
Results for 3.2 20020402 (experimental) testsuite on i686-pc-linux-gnu
- From: aj at suse dot de (Andreas Jaeger)
- To: gcc-testresults at gcc dot gnu dot org
- Date: Sun, 7 Apr 2002 09:06:29 +0200 (CEST)
- Subject: Results for 3.2 20020402 (experimental) testsuite on i686-pc-linux-gnu
LAST_UPDATED: Sun Apr 7 05:09:16 UTC 2002
Native configuration is i686-pc-linux-gnu
=== g++ tests ===
Running target unix
FAIL: g++.dg/bprob/bprob-1.C compilation, -O3 -g -fbranch-probabilities
UNRESOLVED: g++.dg/bprob/bprob-1.C execution, -O3 -g -fbranch-probabilities
FAIL: g++.dg/bprob/bprob-1.C compilation, -Os -fbranch-probabilities
UNRESOLVED: g++.dg/bprob/bprob-1.C execution, -Os -fbranch-probabilities
FAIL: g++.dg/gcov/gcov-1.C gcov failed: 94.44% of 144 source lines executed in file /cvs/gcc-cfg-branch/gcc/testsuite/g++.dg/gcov/gcov-1.C
FAIL: g++.brendan/complex1.C caused compiler crash
FAIL: g++.other/unchanging1.C caused compiler crash
=== g++ Summary ===
# of expected passes 7191
# of unexpected failures 5
# of expected failures 85
# of unresolved testcases 2
# of untested testcases 9
# of unsupported tests 3
/builds/gcc/misc/gcc/testsuite/../g++ version 3.2 20020402 (experimental)
=== gcc tests ===
Running target unix
FAIL: gcc.c-torture/compile/20000804-1.c, -O0
FAIL: gcc.c-torture/compile/20000804-1.c, -O1
FAIL: gcc.c-torture/compile/20000804-1.c, -O2
FAIL: gcc.c-torture/compile/20000804-1.c, -O3 -fomit-frame-pointer
FAIL: gcc.c-torture/compile/20000804-1.c, -O3 -g
FAIL: gcc.c-torture/compile/20000804-1.c, -Os
FAIL: gcc.c-torture/compile/991213-3.c, -O1
FAIL: gcc.c-torture/compile/991213-3.c, -O2
FAIL: gcc.c-torture/compile/991213-3.c, -O3 -fomit-frame-pointer
FAIL: gcc.c-torture/compile/991213-3.c, -O3 -g
FAIL: gcc.c-torture/compile/991213-3.c, -Os
FAIL: gcc.c-torture/execute/20020307-2.c execution, -O1
FAIL: gcc.c-torture/execute/20020307-2.c execution, -O2
FAIL: gcc.c-torture/execute/20020307-2.c execution, -O3 -fomit-frame-pointer
FAIL: gcc.c-torture/execute/20020307-2.c execution, -O3 -fomit-frame-pointer -funroll-loops
FAIL: gcc.c-torture/execute/20020307-2.c execution, -O3 -fomit-frame-pointer -funroll-all-loops -finline-functions
FAIL: gcc.c-torture/execute/20020307-2.c execution, -O3 -g
FAIL: gcc.c-torture/execute/complex-2.c compilation, -O0
UNRESOLVED: gcc.c-torture/execute/complex-2.c execution, -O0
FAIL: gcc.c-torture/execute/complex-2.c compilation, -O1
UNRESOLVED: gcc.c-torture/execute/complex-2.c execution, -O1
FAIL: gcc.c-torture/execute/complex-2.c compilation, -O2
UNRESOLVED: gcc.c-torture/execute/complex-2.c execution, -O2
FAIL: gcc.c-torture/execute/complex-2.c compilation, -O3 -fomit-frame-pointer
UNRESOLVED: gcc.c-torture/execute/complex-2.c execution, -O3 -fomit-frame-pointer
FAIL: gcc.c-torture/execute/complex-2.c compilation, -O3 -g
UNRESOLVED: gcc.c-torture/execute/complex-2.c execution, -O3 -g
FAIL: gcc.c-torture/execute/complex-2.c compilation, -Os
UNRESOLVED: gcc.c-torture/execute/complex-2.c execution, -Os
FAIL: gcc.c-torture/execute/complex-5.c compilation, -O0
UNRESOLVED: gcc.c-torture/execute/complex-5.c execution, -O0
FAIL: gcc.c-torture/execute/complex-5.c compilation, -O1
UNRESOLVED: gcc.c-torture/execute/complex-5.c execution, -O1
FAIL: gcc.c-torture/execute/complex-5.c compilation, -O2
UNRESOLVED: gcc.c-torture/execute/complex-5.c execution, -O2
FAIL: gcc.c-torture/execute/complex-5.c compilation, -O3 -fomit-frame-pointer
UNRESOLVED: gcc.c-torture/execute/complex-5.c execution, -O3 -fomit-frame-pointer
FAIL: gcc.c-torture/execute/complex-5.c compilation, -O3 -g
UNRESOLVED: gcc.c-torture/execute/complex-5.c execution, -O3 -g
FAIL: gcc.c-torture/execute/complex-5.c compilation, -Os
UNRESOLVED: gcc.c-torture/execute/complex-5.c execution, -Os
FAIL: gcc.c-torture/execute/ieee/fp-cmp-4.c compilation, -O0
UNRESOLVED: gcc.c-torture/execute/ieee/fp-cmp-4.c execution, -O0
FAIL: gcc.c-torture/execute/ieee/fp-cmp-4.c compilation, -O1
UNRESOLVED: gcc.c-torture/execute/ieee/fp-cmp-4.c execution, -O1
FAIL: gcc.c-torture/execute/ieee/fp-cmp-4.c compilation, -O2
UNRESOLVED: gcc.c-torture/execute/ieee/fp-cmp-4.c execution, -O2
FAIL: gcc.c-torture/execute/ieee/fp-cmp-4.c compilation, -O3 -fomit-frame-pointer
UNRESOLVED: gcc.c-torture/execute/ieee/fp-cmp-4.c execution, -O3 -fomit-frame-pointer
FAIL: gcc.c-torture/execute/ieee/fp-cmp-4.c compilation, -O3 -fomit-frame-pointer -funroll-loops
UNRESOLVED: gcc.c-torture/execute/ieee/fp-cmp-4.c execution, -O3 -fomit-frame-pointer -funroll-loops
FAIL: gcc.c-torture/execute/ieee/fp-cmp-4.c compilation, -O3 -fomit-frame-pointer -funroll-all-loops -finline-functions
UNRESOLVED: gcc.c-torture/execute/ieee/fp-cmp-4.c execution, -O3 -fomit-frame-pointer -funroll-all-loops -finline-functions
FAIL: gcc.c-torture/execute/ieee/fp-cmp-4.c compilation, -O3 -g
UNRESOLVED: gcc.c-torture/execute/ieee/fp-cmp-4.c execution, -O3 -g
FAIL: gcc.c-torture/execute/ieee/fp-cmp-4.c compilation, -Os
UNRESOLVED: gcc.c-torture/execute/ieee/fp-cmp-4.c execution, -Os
FAIL: gcc.dg/20020319-1.c (test for excess errors)
FAIL: gcc.dg/i386-387-1.c (test for excess errors)
ERROR: gcc.dg/i386-387-1.c: error executing dg-final: couldn't open "i386-387-1.s": no such file or directory
UNRESOLVED: gcc.dg/i386-387-1.c: error executing dg-final: couldn't open "i386-387-1.s": no such file or directory
FAIL: gcc.dg/i386-mmx-1.c (test for excess errors)
FAIL: gcc.dg/i386-mmx-2.c (test for excess errors)
FAIL: gcc.dg/i386-sse-1.c (test for excess errors)
FAIL: gcc.dg/i386-sse-2.c (test for excess errors)
XPASS: gcc.dg/uninit-A.c uninitialized variable warning (test for bogus messages, line 52)
XPASS: gcc.dg/uninit-A.c uninitialized variable warning (test for bogus messages, line 53)
FAIL: gcc.misc-tests/bprob-1.c compilation, -O3 -g -DPERFTIME -fbranch-probabilities
UNRESOLVED: gcc.misc-tests/bprob-1.c execution, -O3 -g -DPERFTIME -fbranch-probabilities
FAIL: gcc.misc-tests/bprob-1.c compilation, -Os -fbranch-probabilities
UNRESOLVED: gcc.misc-tests/bprob-1.c execution, -Os -fbranch-probabilities
FAIL: gcc.misc-tests/bprob-2.c compilation, -O3 -g -DPERFTIME -fbranch-probabilities
UNRESOLVED: gcc.misc-tests/bprob-2.c execution, -O3 -g -DPERFTIME -fbranch-probabilities
FAIL: gcc.misc-tests/bprob-2.c compilation, -Os -fbranch-probabilities
UNRESOLVED: gcc.misc-tests/bprob-2.c execution, -Os -fbranch-probabilities
FAIL: gcc.misc-tests/gcov-4b.c gcov failed: 95.56% of 135 source lines executed in file /cvs/gcc-cfg-branch/gcc/testsuite/gcc.misc-tests/gcov-4b.c
FAIL: gcc.misc-tests/gcov-5b.c gcov failed: 100.00% of 12 source lines executed in file /cvs/gcc-cfg-branch/gcc/testsuite/gcc.misc-tests/gcov-5b.c
FAIL: gcc.misc-tests/gcov-6.c gcov failed: 100.00% of 10 source lines executed in file /cvs/gcc-cfg-branch/gcc/testsuite/gcc.misc-tests/gcov-6.c
FAIL: gcc.misc-tests/gcov-7.c gcov failed: 96.55% of 29 source lines executed in file /cvs/gcc-cfg-branch/gcc/testsuite/gcc.misc-tests/gcov-7.c
=== gcc Summary ===
# of expected passes 18226
# of unexpected failures 51
# of unexpected successes 2
# of expected failures 64
# of unresolved testcases 25
# of unsupported tests 45
/builds/gcc/misc/gcc/xgcc version 3.2 20020402 (experimental)
=== libstdc++-v3 tests ===
Running target unix
XPASS: 22_locale/collate_byname.cc execution test
XPASS: 22_locale/collate_members_char.cc execution test
XPASS: 22_locale/collate_members_wchar_t.cc execution test
XPASS: 22_locale/ctype_members_char.cc execution test
XPASS: 22_locale/members.cc execution test
XPASS: 22_locale/money_get_members_char.cc execution test
XPASS: 22_locale/money_get_members_wchar_t.cc execution test
XPASS: 22_locale/money_put_members_char.cc execution test
XPASS: 22_locale/money_put_members_wchar_t.cc execution test
XPASS: 22_locale/moneypunct_byname.cc execution test
XPASS: 22_locale/moneypunct_members_char.cc execution test
XPASS: 22_locale/moneypunct_members_wchar_t.cc execution test
XPASS: 22_locale/num_get_members_char.cc execution test
XPASS: 22_locale/num_get_members_wchar_t.cc execution test
XPASS: 22_locale/num_put_members_char.cc execution test
XPASS: 22_locale/num_put_members_wchar_t.cc execution test
XPASS: 22_locale/numpunct_byname.cc execution test
XPASS: 22_locale/numpunct_members_char.cc execution test
XPASS: 22_locale/numpunct_members_wchar_t.cc execution test
XPASS: 22_locale/time_get_members_char.cc execution test
XPASS: 22_locale/time_get_members_wchar_t.cc execution test
XPASS: 22_locale/time_put_members_char.cc execution test
XPASS: 22_locale/time_put_members_wchar_t.cc execution test
FAIL: 26_numerics/buggy_complex.cc (test for excess errors)
WARNING: 26_numerics/buggy_complex.cc compilation failed to produce executable
FAIL: 26_numerics/c99_classification_macros_c.cc (test for excess errors)
=== libstdc++-v3 Summary ===
# of expected passes 368
# of unexpected failures 2
# of unexpected successes 23
# of expected failures 2
Compiler version: 3.2 20020402 (experimental)
Platform: i686-pc-linux-gnu
configure flags: --host=i686-pc-linux-gnu --prefix=/opt/gcc/cfg --enable-shared --enable-threads=posix --with-gnu-as --with-gnu-ld --disable-nls --with-system-zlib --enable-languages=c,c++