This is the mail archive of the
gcc-testresults@gcc.gnu.org
mailing list for the GCC project.
Results for 3.2 20020402 (experimental) testsuite on i686-pc-linux-gnu
- From: Michael Ritzert <michael dot ritzert at realtech dot de>
- To: gcc-testresults at gcc dot gnu dot org
- Date: Wed, 3 Apr 2002 08:17:10 +0200
- Subject: Results for 3.2 20020402 (experimental) testsuite on i686-pc-linux-gnu
LAST_UPDATED: Tue Apr 2 20:33:56 UTC 2002
Native configuration is i686-pc-linux-gnu
=== g++ tests ===
Running target unix
FAIL: g++.warn/impint.C (test for excess errors)
=== g++ Summary ===
# of expected passes 7197
# of unexpected failures 1
# of expected failures 85
# of untested testcases 9
# of unsupported tests 3
/opt/gcc3/obj.gcc/gcc/testsuite/../g++ version 3.2 20020402 (experimental)
=== g77 tests ===
Running target unix
=== g77 Summary ===
# of expected passes 1614
/opt/gcc3/obj.gcc/gcc/testsuite/../g77 version 3.2 20020402 (experimental)
=== gcc tests ===
Running target unix
WARNING: program timed out.
FAIL: gcc.c-torture/compile/20001226-1.c, -O1
WARNING: program timed out.
FAIL: gcc.c-torture/compile/20001226-1.c, -O2
WARNING: program timed out.
FAIL: gcc.c-torture/compile/20001226-1.c, -O3 -fomit-frame-pointer
WARNING: program timed out.
FAIL: gcc.c-torture/compile/20001226-1.c, -O3 -g
WARNING: program timed out.
FAIL: gcc.c-torture/compile/20001226-1.c, -Os
FAIL: gcc.c-torture/execute/20020307-2.c execution, -O1
FAIL: gcc.c-torture/execute/20020307-2.c execution, -O2
FAIL: gcc.c-torture/execute/20020307-2.c execution, -O3 -fomit-frame-pointer
FAIL: gcc.c-torture/execute/20020307-2.c execution, -O3 -fomit-frame-pointer -funroll-loops
FAIL: gcc.c-torture/execute/20020307-2.c execution, -O3 -fomit-frame-pointer -funroll-all-loops -finline-functions
FAIL: gcc.c-torture/execute/20020307-2.c execution, -O3 -g
=== gcc Summary ===
# of expected passes 18293
# of unexpected failures 11
# of expected failures 66
# of unsupported tests 45
/opt/gcc3/obj.gcc/gcc/xgcc version 3.2 20020402 (experimental)
=== objc tests ===
Running target unix
=== objc Summary ===
# of expected passes 1036
# of expected failures 6
/opt/gcc3/obj.gcc/gcc/xgcc version 3.2 20020402 (experimental)
=== libjava tests ===
Running target unix
=== libjava Summary ===
# of expected passes 2061
# of expected failures 18
# of untested testcases 14
=== libstdc++-v3 tests ===
Running target unix
XPASS: 22_locale/time_put_members_char.cc execution test
XPASS: 22_locale/time_put_members_wchar_t.cc execution test
FAIL: 26_numerics/c99_classification_macros_c.cc (test for excess errors)
=== libstdc++-v3 Summary ===
# of expected passes 370
# of unexpected failures 1
# of unexpected successes 2
# of expected failures 23
Compiler version: 3.2 20020402 (experimental)
Platform: i686-pc-linux-gnu
configure flags: --host=i686-pc-linux-gnu --prefix=/opt/gcc-3.2 --enable-threads