This is the mail archive of the
gcc-testresults@gcc.gnu.org
mailing list for the GCC project.
Results for 3.2 20020401 (experimental) testsuite on ia64-unknown-linux-gnu
- From: Steve Christiansen <smc at us dot ibm dot com>
- To: gcc-testresults at gcc dot gnu dot org
- Date: Mon, 1 Apr 2002 08:19:36 -0800
- Subject: Results for 3.2 20020401 (experimental) testsuite on ia64-unknown-linux-gnu
LAST_UPDATED: Mon Apr 1 09:33:59 UTC 2002
Native configuration is ia64-unknown-linux-gnu
=== g77 tests ===
Running target unix
=== g77 Summary ===
# of expected passes 1598
# of unsupported tests 8
/home/build/gcc_mainline/ia64/obj/gcc/testsuite/../g77 version 3.2 20020401 (experimental)
=== gcc tests ===
Running target unix
XPASS: gcc.c-torture/compile/920625-1.c, -O2
XPASS: gcc.c-torture/compile/920625-1.c, -O3 -fomit-frame-pointer
XPASS: gcc.c-torture/compile/920625-1.c, -O3 -fomit-frame-pointer -funroll-loops
XPASS: gcc.c-torture/compile/920625-1.c, -O3 -fomit-frame-pointer -funroll-all-loops -finline-functions
XPASS: gcc.c-torture/compile/920625-1.c, -O3 -g
XPASS: gcc.c-torture/compile/920625-1.c, -Os
XPASS: gcc.c-torture/compile/981223-1.c, -O2
XPASS: gcc.c-torture/compile/981223-1.c, -O3 -fomit-frame-pointer
XPASS: gcc.c-torture/compile/981223-1.c, -O3 -g
XPASS: gcc.c-torture/compile/981223-1.c, -Os
FAIL: gcc.c-torture/execute/20020227-1.c execution, -O0
FAIL: gcc.c-torture/execute/20020227-1.c execution, -O1
FAIL: gcc.c-torture/execute/20020227-1.c execution, -O2
FAIL: gcc.c-torture/execute/20020227-1.c execution, -O3 -fomit-frame-pointer
FAIL: gcc.c-torture/execute/20020227-1.c execution, -O3 -g
FAIL: gcc.c-torture/execute/20020227-1.c execution, -Os
FAIL: gcc.c-torture/execute/20020307-2.c execution, -O0
FAIL: gcc.c-torture/execute/20020307-2.c execution, -O1
FAIL: gcc.c-torture/execute/20020307-2.c execution, -O2
FAIL: gcc.c-torture/execute/20020307-2.c execution, -O3 -fomit-frame-pointer
FAIL: gcc.c-torture/execute/20020307-2.c execution, -O3 -fomit-frame-pointer -funroll-loops
FAIL: gcc.c-torture/execute/20020307-2.c execution, -O3 -fomit-frame-pointer -funroll-all-loops -finline-functions
FAIL: gcc.c-torture/execute/20020307-2.c execution, -O3 -g
FAIL: gcc.c-torture/execute/20020307-2.c execution, -Os
XPASS: gcc.dg/c99-intconst-1.c (test for excess errors)
=== gcc Summary ===
# of expected passes 17794
# of unexpected failures 14
# of unexpected successes 11
# of expected failures 63
# of unsupported tests 109
/home/build/gcc_mainline/ia64/obj/gcc/xgcc version 3.2 20020401 (experimental)
=== g++ tests ===
Running target unix
XPASS: g++.dg/inherit/namespace-as-base.C (test for errors, line 8)
FAIL: g++.dg/inherit/template-as-base.C (test for excess errors)
FAIL: g++.dg/other/new1.C (test for excess errors)
FAIL: g++.eh/badalloc1.C Execution test
=== g++ Summary ===
# of expected passes 7045
# of unexpected failures 3
# of unexpected successes 1
# of expected failures 85
# of untested testcases 23
# of unsupported tests 3
/home/build/gcc_mainline/ia64/obj/gcc/testsuite/../g++ version 3.2 20020401 (experimental)
=== objc tests ===
Running target unix
=== objc Summary ===
# of expected passes 1036
# of expected failures 6
/home/build/gcc_mainline/ia64/obj/gcc/xgcc version 3.2 20020401 (experimental)
=== libjava tests ===
Running target unix
FAIL: TLtest compilation from bytecode
FAIL: TLtest -O compilation from bytecode
=== libjava Summary ===
# of expected passes 1979
# of unexpected failures 2
# of expected failures 18
# of untested testcases 94
=== libstdc++-v3 tests ===
Running target unix
XPASS: 22_locale/time_put_members_char.cc execution test
XPASS: 22_locale/time_put_members_wchar_t.cc execution test
FAIL: 26_numerics/c99_classification_macros_c.cc (test for excess errors)
FAIL: 26_numerics/complex_value.cc (test for excess errors)
WARNING: 26_numerics/complex_value.cc compilation failed to produce executable
FAIL: 26_numerics/valarray.cc (test for excess errors)
WARNING: 26_numerics/valarray.cc compilation failed to produce executable
FAIL: 27_io/ostream_inserter_arith.cc (test for excess errors)
WARNING: 27_io/ostream_inserter_arith.cc compilation failed to produce executable
=== libstdc++-v3 Summary ===
# of expected passes 364
# of unexpected failures 4
# of unexpected successes 2
# of expected failures 23
Compiler version: 3.2 20020401 (experimental)
Platform: ia64-unknown-linux-gnu
configure flags: --host=ia64-unknown-linux --prefix=/home/build/gcc_mainline/ia64/install
Red Hat Linux release 7.1.94 (Roswell)
Linux kernel 2.4.18
glibc-2.2.4
binutils-2.12.90.0.1
dejagnu-1.4.2