This is the mail archive of the
gcc-testresults@gcc.gnu.org
mailing list for the GCC project.
Results for gcc testsuite on sparc-sun-solaris2.7
- From: "Kaveh R. Ghazi" <ghazi at caip dot rutgers dot edu>
- To: gcc-testresults at gcc dot gnu dot org
- Date: Thu, 28 Mar 2002 23:40:54 -0500 (EST)
- Subject: Results for gcc testsuite on sparc-sun-solaris2.7
LAST_UPDATED:
Native configuration is sparc-sun-solaris2.7
=== gcc tests ===
Running target unix/-m64
FAIL: gcc.c-torture/execute/20020227-1.c execution, -O2
FAIL: gcc.c-torture/execute/20020227-1.c execution, -O3 -fomit-frame-pointer
FAIL: gcc.c-torture/execute/20020227-1.c execution, -O3 -g
FAIL: gcc.c-torture/execute/20020227-1.c execution, -Os
FAIL: gcc.c-torture/execute/built-in-setjmp.c execution, -O1
FAIL: gcc.c-torture/execute/built-in-setjmp.c execution, -O2
FAIL: gcc.c-torture/execute/built-in-setjmp.c execution, -O3 -fomit-frame-pointer
FAIL: gcc.c-torture/execute/built-in-setjmp.c execution, -O3 -fomit-frame-pointer -funroll-loops
FAIL: gcc.c-torture/execute/built-in-setjmp.c execution, -O3 -fomit-frame-pointer -funroll-all-loops -finline-functions
FAIL: gcc.c-torture/execute/built-in-setjmp.c execution, -O3 -g
FAIL: gcc.c-torture/execute/regstack-1.c execution, -O0
FAIL: gcc.c-torture/execute/va-arg-22.c execution, -O0
FAIL: gcc.c-torture/execute/va-arg-22.c execution, -O1
FAIL: gcc.c-torture/execute/va-arg-22.c execution, -O2
FAIL: gcc.c-torture/execute/va-arg-22.c execution, -O3 -fomit-frame-pointer
FAIL: gcc.c-torture/execute/va-arg-22.c execution, -O3 -fomit-frame-pointer -funroll-loops
FAIL: gcc.c-torture/execute/va-arg-22.c execution, -O3 -fomit-frame-pointer -funroll-all-loops -finline-functions
FAIL: gcc.c-torture/execute/va-arg-22.c execution, -O3 -g
FAIL: gcc.c-torture/execute/va-arg-22.c execution, -Os
XPASS: gcc.dg/c99-intconst-1.c (test for excess errors)
FAIL: gcc.dg/sparc-ret.c (test for excess errors)
FAIL: gcc.dg/sparc-ret.c scan-assembler return[ ]*%i7\\+8
UNRESOLVED: weak-1.c
UNRESOLVED: weak-2.c
UNRESOLVED: wkali-1.c
UNRESOLVED: wkali-2.c
FAIL: linkage.c
=== gcc Summary for unix/-m64 ===
# of expected passes 17973
# of unexpected failures 22
# of unexpected successes 1
# of expected failures 61
# of unresolved testcases 4
# of unsupported tests 105
Running target unix/-fPIC
=== libjava tests ===
Running target unix/-m64
FAIL: cxxtest run
FAIL: calls run
FAIL: final_method run
FAIL: field run
FAIL: findclass run
FAIL: invoke output
FAIL: martin run
FAIL: noclass run
FAIL: register run
FAIL: throwit run
FAIL: ArrayStore output from source compiled test
FAIL: ArrayStore -O output from source compiled test
FAIL: Array_1 output from source compiled test
FAIL: Array_1 output from bytecode->native test
FAIL: Array_1 -O output from source compiled test
FAIL: Array_1 -O output from bytecode->native test
FAIL: Array_3 execution from source compiled test
FAIL: Array_3 execution from bytecode->native test
FAIL: Array_3 -O execution from source compiled test
FAIL: Array_3 -O execution from bytecode->native test
FAIL: Class_1 execution from bytecode->native test
FAIL: Class_1 -O execution from bytecode->native test
FAIL: Divide_1 execution from source compiled test
FAIL: Divide_1 execution from bytecode->native test
FAIL: Divide_1 -O execution from source compiled test
FAIL: Divide_1 -O execution from bytecode->native test
FAIL: G19990302_02 output from source compiled test
FAIL: G19990302_02 output from bytecode->native test
FAIL: G19990302_02 -O output from source compiled test
FAIL: G19990302_02 -O output from bytecode->native test
FAIL: G19990303_01 output from source compiled test
FAIL: G19990303_01 output from bytecode->native test
FAIL: G19990303_01 -O output from source compiled test
FAIL: G19990303_01 -O output from bytecode->native test
FAIL: G19990303_02 output from source compiled test
FAIL: G19990303_02 output from bytecode->native test
FAIL: G19990303_02 -O output from source compiled test
FAIL: G19990303_02 -O output from bytecode->native test
FAIL: G19990304_01 output from source compiled test
FAIL: G19990304_01 output from bytecode->native test
FAIL: G19990304_01 -O output from source compiled test
FAIL: G19990304_01 -O output from bytecode->native test
FAIL: InterfaceDispatch output from source compiled test
FAIL: InterfaceDispatch output from bytecode->native test
FAIL: InterfaceDispatch -O output from source compiled test
FAIL: InterfaceDispatch -O output from bytecode->native test
FAIL: InvokeReturn output from source compiled test
FAIL: InvokeReturn output from bytecode->native test
FAIL: InvokeReturn -O output from source compiled test
FAIL: InvokeReturn -O output from bytecode->native test
FAIL: Invoke_1 execution from source compiled test
FAIL: Invoke_1 execution from bytecode->native test
FAIL: Invoke_1 -O execution from source compiled test
FAIL: Invoke_1 -O execution from bytecode->native test
FAIL: KeepInline output from source compiled test
FAIL: KeepInline output from bytecode->native test
FAIL: KeepInline -O output from source compiled test
FAIL: KeepInline -O output from bytecode->native test
FAIL: PR141 output from source compiled test
FAIL: PR141 output from bytecode->native test
FAIL: PR141 -O output from source compiled test
FAIL: PR141 -O output from bytecode->native test
FAIL: PR162 output from source compiled test
FAIL: PR162 output from bytecode->native test
FAIL: PR162 -O output from source compiled test
FAIL: PR162 -O output from bytecode->native test
FAIL: PR218 execution from source compiled test
FAIL: PR218 execution from bytecode->native test
FAIL: PR218 -O execution from source compiled test
FAIL: PR218 -O execution from bytecode->native test
FAIL: PR242 output from source compiled test
FAIL: PR242 output from bytecode->native test
FAIL: PR242 -O output from source compiled test
FAIL: PR242 -O output from bytecode->native test
FAIL: PR260 output from source compiled test
FAIL: PR260 output from bytecode->native test
FAIL: PR260 -O output from source compiled test
FAIL: PR260 -O output from bytecode->native test
FAIL: PR3096 output from source compiled test
FAIL: PR3096 output from bytecode->native test
FAIL: PR3096 -O output from source compiled test
FAIL: PR3096 -O output from bytecode->native test
FAIL: PR5057 output from source compiled test
FAIL: PR5057 output from bytecode->native test
FAIL: PR5057 -O output from source compiled test
FAIL: PR5057 -O output from bytecode->native test
FAIL: PR5057_2 output from source compiled test
FAIL: PR5057_2 output from bytecode->native test
FAIL: PR5057_2 -O output from source compiled test
FAIL: PR5057_2 -O output from bytecode->native test
FAIL: Primes execution from source compiled test
FAIL: Primes execution from bytecode->native test
FAIL: Primes -O execution from source compiled test
FAIL: Primes -O execution from bytecode->native test
FAIL: StringBuffer_1 output from source compiled test
FAIL: StringBuffer_1 output from bytecode->native test
FAIL: StringBuffer_1 -O output from source compiled test
FAIL: StringBuffer_1 -O output from bytecode->native test
FAIL: SyncTest execution from source compiled test
FAIL: SyncTest execution from bytecode->native test
FAIL: SyncTest -O execution from source compiled test
FAIL: SyncTest -O execution from bytecode->native test
FAIL: TLtest execution from source compiled test
FAIL: TLtest execution from bytecode->native test
FAIL: TLtest -O execution from source compiled test
FAIL: TLtest -O execution from bytecode->native test
FAIL: Thread_Alive execution from source compiled test
FAIL: Thread_Alive execution from bytecode->native test
FAIL: Thread_Alive -O execution from source compiled test
FAIL: Thread_Alive -O execution from bytecode->native test
FAIL: Thread_Interrupt execution from source compiled test
FAIL: Thread_Interrupt execution from bytecode->native test
FAIL: Thread_Interrupt -O execution from source compiled test
FAIL: Thread_Interrupt -O execution from bytecode->native test
FAIL: Thread_Join execution from source compiled test
FAIL: Thread_Join execution from bytecode->native test
FAIL: Thread_Join -O execution from source compiled test
FAIL: Thread_Join -O execution from bytecode->native test
FAIL: Thread_Monitor execution from source compiled test
FAIL: Thread_Monitor execution from bytecode->native test
FAIL: Thread_Monitor -O execution from source compiled test
FAIL: Thread_Monitor -O execution from bytecode->native test
FAIL: Thread_Wait execution from source compiled test
FAIL: Thread_Wait execution from bytecode->native test
FAIL: Thread_Wait -O execution from source compiled test
FAIL: Thread_Wait -O execution from bytecode->native test
FAIL: Thread_Wait_2 execution from source compiled test
FAIL: Thread_Wait_2 execution from bytecode->native test
FAIL: Thread_Wait_2 -O execution from source compiled test
FAIL: Thread_Wait_2 -O execution from bytecode->native test
FAIL: Thread_Wait_Interrupt execution from source compiled test
FAIL: Thread_Wait_Interrupt execution from bytecode->native test
FAIL: Thread_Wait_Interrupt -O execution from source compiled test
FAIL: Thread_Wait_Interrupt -O execution from bytecode->native test
FAIL: anfi output from source compiled test
FAIL: anfi output from bytecode->native test
FAIL: anfi -O output from source compiled test
FAIL: anfi -O output from bytecode->native test
FAIL: anon output from source compiled test
FAIL: anon output from bytecode->native test
FAIL: anon -O output from source compiled test
FAIL: anon -O output from bytecode->native test
FAIL: anon2 output from source compiled test
FAIL: anon2 output from bytecode->native test
FAIL: anon2 -O output from source compiled test
FAIL: anon2 -O output from bytecode->native test
FAIL: anonarray output from source compiled test
FAIL: anonarray output from bytecode->native test
FAIL: anonarray -O output from source compiled test
FAIL: anonarray -O output from bytecode->native test
FAIL: err4 output from source compiled test
FAIL: err4 output from bytecode->native test
FAIL: err4 -O output from source compiled test
FAIL: err4 -O output from bytecode->native test
FAIL: final_static_and_friend output from source compiled test
FAIL: final_static_and_friend output from bytecode->native test
FAIL: final_static_and_friend -O output from source compiled test
FAIL: final_static_and_friend -O output from bytecode->native test
FAIL: indirect output from source compiled test
FAIL: indirect output from bytecode->native test
FAIL: indirect -O output from source compiled test
FAIL: indirect -O output from bytecode->native test
FAIL: indirect_read -O output from source compiled test
FAIL: inner_array output from source compiled test
FAIL: inner_array output from bytecode->native test
FAIL: inner_array -O output from source compiled test
FAIL: inner_array -O output from bytecode->native test
FAIL: inner4 output from source compiled test
FAIL: inner4 output from bytecode->native test
FAIL: inner4 -O output from source compiled test
FAIL: inner4 -O output from bytecode->native test
FAIL: instance output from source compiled test
FAIL: instance output from bytecode->native test
FAIL: instance -O output from source compiled test
FAIL: instance -O output from bytecode->native test
FAIL: instinit output from source compiled test
FAIL: instinit output from bytecode->native test
FAIL: instinit -O output from source compiled test
FAIL: instinit -O output from bytecode->native test
FAIL: instinit2 output from source compiled test
FAIL: instinit2 output from bytecode->native test
FAIL: instinit2 -O output from source compiled test
FAIL: instinit2 -O output from bytecode->native test
FAIL: invoke_from_inner output from source compiled test
FAIL: invoke_from_inner output from bytecode->native test
FAIL: invoke_from_inner -O output from source compiled test
FAIL: invoke_from_inner -O output from bytecode->native test
FAIL: invokethrow execution from source compiled test
FAIL: invokethrow execution from bytecode->native test
FAIL: invokethrow -O execution from source compiled test
FAIL: invokethrow -O execution from bytecode->native test
FAIL: klass execution from source compiled test
FAIL: klass execution from bytecode->native test
FAIL: klass -O execution from source compiled test
FAIL: klass -O execution from bytecode->native test
FAIL: multiple_finit output from source compiled test
FAIL: multiple_finit output from bytecode->native test
FAIL: multiple_finit -O output from source compiled test
FAIL: multiple_finit -O output from bytecode->native test
FAIL: nested_with_ctor output from source compiled test
FAIL: nested_with_ctor output from bytecode->native test
FAIL: nested_with_ctor -O output from source compiled test
FAIL: nested_with_ctor -O output from bytecode->native test
FAIL: pr133 output from source compiled test
FAIL: pr133 output from bytecode->native test
FAIL: pr133 -O output from source compiled test
FAIL: pr133 -O output from bytecode->native test
FAIL: pr179 output from source compiled test
FAIL: pr179 output from bytecode->native test
FAIL: pr179 -O output from source compiled test
FAIL: pr179 -O output from bytecode->native test
FAIL: search_outer output from source compiled test
FAIL: search_outer output from bytecode->native test
FAIL: search_outer -O output from source compiled test
FAIL: search_outer -O output from bytecode->native test
FAIL: stringconst2 output from source compiled test
FAIL: stringconst2 -O output from source compiled test
FAIL: stub output from source compiled test
FAIL: stub output from bytecode->native test
FAIL: stub -O output from source compiled test
FAIL: stub -O output from bytecode->native test
FAIL: test_long output from bytecode->native test
FAIL: test_long -O output from bytecode->native test
FAIL: tmi output from source compiled test
FAIL: tmi output from bytecode->native test
FAIL: tmi -O output from source compiled test
FAIL: tmi -O output from bytecode->native test
FAIL: update_outer output from source compiled test
FAIL: update_outer -O output from source compiled test
=== libjava Summary for unix/-m64 ===
# of expected passes 1752
# of unexpected failures 229
# of expected failures 18
# of untested testcases 89
Running target unix/-fPIC
WARNING: program timed out.
FAIL: field run
WARNING: program timed out.
FAIL: Final execution from source compiled test
WARNING: program timed out.
FAIL: Final -O execution from bytecode->native test
FAIL: FileHandleGcTest execution from bytecode->native test
WARNING: program timed out.
FAIL: G19990303_01 -O execution from source compiled test
WARNING: program timed out.
FAIL: G19990304_01 -O execution from bytecode->native test
WARNING: program timed out.
FAIL: G19990310_01 -O execution from source compiled test
FAIL: Invoke_1 execution from source compiled test
FAIL: Invoke_1 execution from bytecode->native test
FAIL: Invoke_1 -O execution from source compiled test
FAIL: Invoke_1 -O execution from bytecode->native test
WARNING: program timed out.
FAIL: N19990310_5 -O execution from source compiled test
WARNING: program timed out.
FAIL: StringBuffer_1 -O execution from bytecode->native test
WARNING: program timed out.
FAIL: SyncTest execution from bytecode->native test
WARNING: program timed out.
FAIL: TLtest execution from source compiled test
WARNING: program timed out.
FAIL: Thread_Wait execution from bytecode->native test
WARNING: program timed out.
FAIL: err13 execution from bytecode->native test
WARNING: program timed out.
FAIL: indirect_write execution from bytecode->native test
WARNING: program timed out.
FAIL: indirect_write -O execution from bytecode->native test
WARNING: program timed out.
FAIL: inner1 -O execution from bytecode->native test
WARNING: program timed out.
FAIL: instance -O execution from source compiled test
FAIL: invokethrow execution from source compiled test
FAIL: invokethrow execution from bytecode->native test
FAIL: invokethrow -O execution from source compiled test
FAIL: invokethrow -O execution from bytecode->native test
WARNING: program timed out.
FAIL: multiple_finit execution from source compiled test
WARNING: program timed out.
FAIL: test_long execution from source compiled test
FAIL: test_long output from bytecode->native test
FAIL: test_long -O output from bytecode->native test
=== libjava Summary for unix/-fPIC ===
# of expected passes 1992
# of unexpected failures 29
# of expected failures 18
# of untested testcases 41
Running target unix/-fpic
WARNING: program timed out.
FAIL: register run
FAIL: FileHandleGcTest execution from source compiled test
FAIL: FileHandleGcTest -O execution from source compiled test
FAIL: FileHandleGcTest -O execution from bytecode->native test
WARNING: program timed out.
FAIL: II execution from bytecode->native test
FAIL: Invoke_1 execution from source compiled test
FAIL: Invoke_1 execution from bytecode->native test
WARNING: program timed out.
FAIL: Invoke_1 -O execution from source compiled test
FAIL: Invoke_1 -O execution from bytecode->native test
WARNING: program timed out.
FAIL: N19990310_4 execution from bytecode->native test
WARNING: program timed out.
FAIL: PR55 -O execution from bytecode->native test
WARNING: program timed out.
FAIL: Primes execution from bytecode->native test
WARNING: program timed out.
FAIL: Shazam execution from bytecode->native test
WARNING: program timed out.
FAIL: Synch execution from bytecode->native test
WARNING: program timed out.
FAIL: Thread_Join execution from bytecode->native test
WARNING: program timed out.
FAIL: Thread_Sleep -O execution from bytecode->native test
WARNING: program timed out.
FAIL: anfi -O execution from source compiled test
WARNING: program timed out.
FAIL: anfi -O execution from bytecode->native test
WARNING: program timed out.
FAIL: anon4 execution from bytecode->native test
WARNING: program timed out.
FAIL: anonarray -O execution from source compiled test
WARNING: program timed out.
FAIL: anonarray2 -O execution from source compiled test
WARNING: program timed out.
FAIL: anonarray3 execution from bytecode->native test
WARNING: program timed out.
FAIL: direct_read -O execution from bytecode->native test
WARNING: program timed out.
FAIL: err11 execution from bytecode->native test
WARNING: program timed out.
FAIL: err12 execution from source compiled test
WARNING: program timed out.
FAIL: err9 execution from source compiled test
WARNING: program timed out.
FAIL: final_inner -O execution from source compiled test
WARNING: program timed out.
FAIL: final_int execution from source compiled test
WARNING: program timed out.
FAIL: final_int -O execution from bytecode->native test
WARNING: program timed out.
FAIL: final_static_and_friend execution from bytecode->native test
WARNING: program timed out.
FAIL: inner_array -O execution from source compiled test
WARNING: program timed out.
FAIL: inner_array -O execution from bytecode->native test
WARNING: program timed out.
FAIL: inner1 execution from source compiled test
WARNING: program timed out.
FAIL: inner1 -O execution from bytecode->native test
WARNING: program timed out.
FAIL: inner2 execution from source compiled test
WARNING: program timed out.
FAIL: instinit execution from bytecode->native test
WARNING: program timed out.
FAIL: instinit2 execution from source compiled test
WARNING: program timed out.
FAIL: invoke_from_inner execution from source compiled test
FAIL: invokethrow execution from source compiled test
FAIL: invokethrow execution from bytecode->native test
FAIL: invokethrow -O execution from source compiled test
FAIL: invokethrow -O execution from bytecode->native test
WARNING: program timed out.
FAIL: nested_with_ctor execution from source compiled test
WARNING: program timed out.
FAIL: pr133 execution from source compiled test
WARNING: program timed out.
FAIL: pr133 -O execution from source compiled test
WARNING: program timed out.
FAIL: pr179 -O execution from source compiled test
WARNING: program timed out.
FAIL: stringconst -O execution from source compiled test
WARNING: program timed out.
FAIL: test_long execution from source compiled test
FAIL: test_long output from bytecode->native test
FAIL: test_long -O output from bytecode->native test
WARNING: program timed out.
FAIL: tp execution from source compiled test
WARNING: program timed out.
FAIL: tp -O execution from source compiled test
=== libjava Summary for unix/-fpic ===
# of expected passes 1947
# of unexpected failures 52
# of expected failures 17
# of untested testcases 64
Running target unix
WARNING: program timed out.
FAIL: Final -O execution from bytecode->native test
FAIL: FileHandleGcTest execution from source compiled test
FAIL: FileHandleGcTest execution from bytecode->native test
WARNING: program timed out.
FAIL: FileHandleGcTest -O execution from source compiled test
WARNING: program timed out.
FAIL: G19990301_01 -O execution from bytecode->native test
WARNING: program timed out.
FAIL: G19990302_02 -O execution from bytecode->native test
WARNING: program timed out.
FAIL: G19990310_01 execution from source compiled test
FAIL: Invoke_1 execution from source compiled test
FAIL: Invoke_1 execution from bytecode->native test
FAIL: Invoke_1 -O execution from source compiled test
FAIL: Invoke_1 -O execution from bytecode->native test
WARNING: program timed out.
FAIL: N19990310_5 -O execution from source compiled test
WARNING: program timed out.
FAIL: PR218 execution from bytecode->native test
WARNING: program timed out.
FAIL: PR55 execution from bytecode->native test
WARNING: program timed out.
FAIL: StringBuffer_1 execution from source compiled test
WARNING: program timed out.
FAIL: Synch execution from bytecode->native test
WARNING: program timed out.
FAIL: Throw_1 -O execution from source compiled test
WARNING: program timed out.
FAIL: Thread_Sleep -O execution from bytecode->native test
WARNING: program timed out.
FAIL: direct_write -O execution from bytecode->native test
WARNING: program timed out.
FAIL: err1 -O execution from source compiled test
WARNING: program timed out.
FAIL: err6 -O execution from bytecode->native test
WARNING: program timed out.
FAIL: err7 -O execution from source compiled test
WARNING: program timed out.
FAIL: inner1 -O execution from source compiled test
WARNING: program timed out.
FAIL: inner1 -O execution from bytecode->native test
FAIL: invokethrow execution from source compiled test
WARNING: program timed out.
FAIL: invokethrow execution from bytecode->native test
FAIL: invokethrow -O execution from source compiled test
FAIL: invokethrow -O execution from bytecode->native test
FAIL: test_long output from bytecode->native test
WARNING: program timed out.
FAIL: test_long -O execution from bytecode->native test
WARNING: program timed out.
FAIL: tmi execution from bytecode->native test
WARNING: program timed out.
FAIL: tp execution from source compiled test
=== libjava Summary for unix ===
# of expected passes 1984
# of unexpected failures 32
# of expected failures 18
# of untested testcases 45
=== libjava Summary ===
# of expected passes 7675
# of unexpected failures 342
# of expected failures 71
# of untested testcases 239
=== libstdc++-v3 tests ===
Running target unix/-m64
XPASS: 22_locale/collate_members_wchar_t.cc execution test
XPASS: 22_locale/money_get_members_wchar_t.cc execution test
XPASS: 22_locale/money_put_members_wchar_t.cc execution test
XPASS: 22_locale/moneypunct_members_wchar_t.cc execution test
XPASS: 22_locale/num_get_members_wchar_t.cc execution test
XPASS: 22_locale/num_put_members_wchar_t.cc execution test
XPASS: 22_locale/numpunct_members_wchar_t.cc execution test
XPASS: 22_locale/time_get_members_wchar_t.cc execution test
XPASS: 22_locale/time_put_members_wchar_t.cc execution test
FAIL: 27_io/istream_extractor_arith.cc execution test
=== libstdc++-v3 Summary for unix/-m64 ===
# of expected passes 370
# of unexpected failures 1
# of unexpected successes 9
# of expected failures 16
Running target unix/-fPIC
FAIL: 18_support/numeric_limits.cc execution test
XPASS: 22_locale/collate_members_wchar_t.cc execution test
XPASS: 22_locale/money_get_members_wchar_t.cc execution test
XPASS: 22_locale/money_put_members_wchar_t.cc execution test
XPASS: 22_locale/moneypunct_members_wchar_t.cc execution test
XPASS: 22_locale/num_get_members_wchar_t.cc execution test
XPASS: 22_locale/num_put_members_wchar_t.cc execution test
XPASS: 22_locale/numpunct_members_wchar_t.cc execution test
XPASS: 22_locale/time_get_members_wchar_t.cc execution test
XPASS: 22_locale/time_put_members_wchar_t.cc execution test
FAIL: 27_io/filebuf_virtuals.cc execution test
FAIL: 27_io/istream_extractor_arith.cc execution test
FAIL: 27_io/streambuf.cc execution test
FAIL: 27_io/stringbuf.cc execution test
=== libstdc++-v3 Summary for unix/-fPIC ===
# of expected passes 366
# of unexpected failures 5
# of unexpected successes 9
# of expected failures 16
Running target unix/-fpic
FAIL: 18_support/numeric_limits.cc execution test
XPASS: 22_locale/collate_members_wchar_t.cc execution test
XPASS: 22_locale/money_get_members_wchar_t.cc execution test
XPASS: 22_locale/money_put_members_wchar_t.cc execution test
XPASS: 22_locale/moneypunct_members_wchar_t.cc execution test
XPASS: 22_locale/num_get_members_wchar_t.cc execution test
XPASS: 22_locale/num_put_members_wchar_t.cc execution test
XPASS: 22_locale/numpunct_members_wchar_t.cc execution test
XPASS: 22_locale/time_get_members_wchar_t.cc execution test
XPASS: 22_locale/time_put_members_wchar_t.cc execution test
FAIL: 27_io/filebuf_virtuals.cc execution test
FAIL: 27_io/istream_extractor_arith.cc execution test
FAIL: 27_io/streambuf.cc execution test
FAIL: 27_io/stringbuf.cc execution test
=== libstdc++-v3 Summary for unix/-fpic ===
# of expected passes 366
# of unexpected failures 5
# of unexpected successes 9
# of expected failures 16
Running target unix
FAIL: 18_support/numeric_limits.cc execution test
XPASS: 22_locale/collate_members_wchar_t.cc execution test
XPASS: 22_locale/money_get_members_wchar_t.cc execution test
XPASS: 22_locale/money_put_members_wchar_t.cc execution test
XPASS: 22_locale/moneypunct_members_wchar_t.cc execution test
XPASS: 22_locale/num_get_members_wchar_t.cc execution test
XPASS: 22_locale/num_put_members_wchar_t.cc execution test
XPASS: 22_locale/numpunct_members_wchar_t.cc execution test
XPASS: 22_locale/time_get_members_wchar_t.cc execution test
XPASS: 22_locale/time_put_members_wchar_t.cc execution test
FAIL: 27_io/filebuf_virtuals.cc execution test
FAIL: 27_io/istream_extractor_arith.cc execution test
FAIL: 27_io/streambuf.cc execution test
FAIL: 27_io/stringbuf.cc execution test
=== libstdc++-v3 Summary for unix ===
# of expected passes 366
# of unexpected failures 5
# of unexpected successes 9
# of expected failures 16
=== libstdc++-v3 Summary ===
# of expected passes 1468
# of unexpected failures 16
# of unexpected successes 36
# of expected failures 64
Compiler version: gcc
Platform: sparc-sun-solaris2.7
configure flags: --host=sparc-sun-solaris2.7 --verbose