This is the mail archive of the
gcc-testresults@gcc.gnu.org
mailing list for the GCC project.
Results for 3.1 20020327 (prerelease) testsuite on i386-pc-solaris2.8
- From: Rainer Orth <ro at TechFak dot Uni-Bielefeld dot DE>
- To: gcc-testresults at gcc dot gnu dot org
- Date: Thu, 28 Mar 2002 13:46:13 +0100 (MET)
- Subject: Results for 3.1 20020327 (prerelease) testsuite on i386-pc-solaris2.8
LAST_UPDATED: Wed Mar 27 18:52:30 UTC 2002
Native configuration is i386-pc-solaris2.8
=== g++ tests ===
Running target unix
FAIL: g++.dg/ext/instantiate1.C suppressing f<int> (test for errors, line )
FAIL: g++.dg/ext/instantiate1.C suppressing A<int> (test for errors, line )
FAIL: g++.dg/ext/instantiate1.C (test for excess errors)
FAIL: g++.dg/special/conpr-1.C execution test
FAIL: g++.dg/special/conpr-2.C execution test
FAIL: g++.dg/special/conpr-3.C execution test
FAIL: g++.dg/special/conpr-3.C execution test
FAIL: g++.dg/special/initp1.C execution test
FAIL: g++.ext/instantiate2.C not instantiated (test for errors, line 19)
FAIL: g++.ext/instantiate3.C not instantiated (test for errors, line 13)
FAIL: g++.other/headers1.C (test for excess errors)
=== g++ Summary ===
# of expected passes 7111
# of unexpected failures 11
# of expected failures 89
# of untested testcases 15
# of unsupported tests 2
/tmp/gcc-3.1-20020313/8-gcc/gcc/testsuite/../g++ version 3.1 20020327 (prerelease)
=== g77 tests ===
Running target unix
FAIL: g77.f-torture/compile/19990305-0.f, -O3 -g
FAIL: g77.f-torture/compile/19990419-0.f, -O3 -g
FAIL: g77.f-torture/compile/19990905-0.f, -O3 -g
FAIL: g77.f-torture/compile/19990905-2.f, -O3 -g
FAIL: g77.f-torture/compile/20010519-1.f, -O3 -g
FAIL: g77.f-torture/compile/980310-2.f, -O3 -g
FAIL: g77.f-torture/compile/980519-2.f, -O3 -g
FAIL: g77.f-torture/execute/f90-intrinsic-bit.f compilation, -O3 -g
FAIL: g77.f-torture/execute/f90-intrinsic-mathematical.f compilation, -O3 -g
FAIL: g77.f-torture/execute/f90-intrinsic-numeric.f compilation, -O3 -g
FAIL: g77.f-torture/execute/intrinsic-f2c-z.f compilation, -O3 -g
FAIL: g77.f-torture/execute/intrinsic-unix-bessel.f compilation, -O3 -g
FAIL: g77.f-torture/execute/intrinsic-unix-erf.f compilation, -O3 -g
FAIL: g77.f-torture/execute/intrinsic-vax-cd.f compilation, -O3 -g
FAIL: g77.f-torture/execute/intrinsic77.f compilation, -O3 -g
FAIL: g77.f-torture/execute/short.f compilation, -O3 -g
=== g77 Summary ===
# of expected passes 1427
# of unexpected failures 16
# of untested testcases 9
# of unsupported tests 8
/tmp/gcc-3.1-20020313/8-gcc/gcc/testsuite/../g77 version 3.1 20020327 (prerelease)
=== gcc tests ===
Running target unix
FAIL: gcc.c-torture/execute/loop-2c.c execution, -Os
FAIL: gcc.c-torture/execute/loop-2d.c execution, -Os
FAIL: gcc.c-torture/execute/loop-3c.c execution, -Os
FAIL: gcc.dg/20011009-1.c (test for excess errors)
WARNING: gcc.dg/20011009-1.c compilation failed to produce executable
FAIL: gcc.misc-tests/gcov-4.c gcov: 50 failures in line counts
=== gcc Summary ===
# of expected passes 18137
# of unexpected failures 5
# of expected failures 62
# of unsupported tests 45
/tmp/gcc-3.1-20020313/8-gcc/gcc/xgcc version 3.1 20020327 (prerelease)
=== objc tests ===
Running target unix
=== objc Summary ===
# of expected passes 1036
# of expected failures 6
/tmp/gcc-3.1-20020313/8-gcc/gcc/xgcc version 3.1 20020327 (prerelease)
=== libjava tests ===
Running target unix
FAIL: FileHandleGcTest execution from source compiled test
FAIL: FileHandleGcTest execution from bytecode->native test
FAIL: FileHandleGcTest -O execution from source compiled test
FAIL: FileHandleGcTest -O execution from bytecode->native test
=== libjava Summary ===
# of expected passes 2039
# of unexpected failures 4
# of expected failures 18
# of untested testcases 18
=== libstdc++-v3 tests ===
Running target unix
FAIL: 18_support/numeric_limits.cc execution test
XPASS: 22_locale/collate_members_wchar_t.cc execution test
XPASS: 22_locale/money_get_members_wchar_t.cc execution test
XPASS: 22_locale/money_put_members_wchar_t.cc execution test
XPASS: 22_locale/moneypunct_members_wchar_t.cc execution test
XPASS: 22_locale/num_get_members_wchar_t.cc execution test
XPASS: 22_locale/num_put_members_wchar_t.cc execution test
XPASS: 22_locale/numpunct_members_wchar_t.cc execution test
XPASS: 22_locale/time_get_members_wchar_t.cc execution test
XPASS: 22_locale/time_put_members_wchar_t.cc execution test
FAIL: 27_io/istream_extractor_arith.cc execution test
WARNING: program timed out.
FAIL: thread/pthread4.cc execution test
=== libstdc++-v3 Summary ===
# of expected passes 368
# of unexpected failures 3
# of unexpected successes 9
# of expected failures 16
Compiler version: 3.1 20020327 (prerelease)
Platform: i386-pc-solaris2.8
configure flags: --host=i386-pc-solaris2.8 --prefix=/vol/gcc --with-local-prefix=/vol/gcc --disable-nls