This is the mail archive of the
gcc-testresults@gcc.gnu.org
mailing list for the GCC project.
Results for 3.1 20020327 (prerelease) testsuite on alphaev6-unknown-linux-gnu
- From: Richard Henderson <rth at cygnus dot com>
- To: gcc-testresults at gcc dot gnu dot org
- Date: Wed, 27 Mar 2002 09:45:49 -0800
- Subject: Results for 3.1 20020327 (prerelease) testsuite on alphaev6-unknown-linux-gnu
LAST_UPDATED: Wed Mar 27 11:24:36 UTC 2002
Native configuration is alphaev6-unknown-linux-gnu
=== libjava tests ===
Running target unix
WARNING: program timed out.
FAIL: StringBuffer_1 execution from source compiled test
WARNING: program timed out.
FAIL: StringBuffer_1 execution from bytecode->native test
WARNING: program timed out.
FAIL: StringBuffer_1 -O execution from source compiled test
FAIL: StringBuffer_1 -O execution from bytecode->native test
=== libjava Summary ===
# of expected passes 2039
# of unexpected failures 4
# of expected failures 18
# of untested testcases 18
=== libstdc++-v3 tests ===
Running target unix
XPASS: 22_locale/ctype_members_char.cc execution test
XPASS: 22_locale/members.cc execution test
XPASS: 22_locale/messages_byname.cc execution test
XPASS: 22_locale/messages_members_char.cc execution test
XPASS: 22_locale/money_get_members_char.cc execution test
XPASS: 22_locale/money_get_members_wchar_t.cc execution test
XPASS: 22_locale/money_put_members_char.cc execution test
XPASS: 22_locale/money_put_members_wchar_t.cc execution test
XPASS: 22_locale/moneypunct_byname.cc execution test
XPASS: 22_locale/moneypunct_members_char.cc execution test
XPASS: 22_locale/moneypunct_members_wchar_t.cc execution test
XPASS: 22_locale/num_get_members_char.cc execution test
XPASS: 22_locale/num_get_members_wchar_t.cc execution test
XPASS: 22_locale/num_put_members_char.cc execution test
XPASS: 22_locale/num_put_members_wchar_t.cc execution test
XPASS: 22_locale/numpunct_byname.cc execution test
XPASS: 22_locale/numpunct_members_char.cc execution test
XPASS: 22_locale/numpunct_members_wchar_t.cc execution test
XPASS: 22_locale/time_get_members_char.cc execution test
XPASS: 22_locale/time_get_members_wchar_t.cc execution test
XPASS: 22_locale/time_put_members_char.cc execution test
XPASS: 22_locale/time_put_members_wchar_t.cc execution test
FAIL: 26_numerics/c99_classification_macros_c.cc (test for excess errors)
=== libstdc++-v3 Summary ===
# of expected passes 370
# of unexpected failures 1
# of unexpected successes 22
# of expected failures 3
=== g++ tests ===
Running target unix
FAIL: g++.dg/init/new1.C (test for excess errors)
XPASS: g++.ext/instantiate2.C (test for excess errors)
XPASS: g++.ext/instantiate3.C (test for excess errors)
=== g++ Summary ===
# of expected passes 7103
# of unexpected failures 1
# of unexpected successes 2
# of expected failures 86
# of untested testcases 22
# of unsupported tests 3
/castro/street/rth/gcc/build/3.1/gcc/testsuite/../g++ version 3.1 20020327 (prerelease)
=== g77 tests ===
Running target unix
=== g77 Summary ===
# of expected passes 1452
# of unsupported tests 8
/castro/street/rth/gcc/build/3.1/gcc/testsuite/../g77 version 3.1 20020327 (prerelease)
=== gcc tests ===
Running target unix
FAIL: gcc.c-torture/execute/20020227-1.c execution, -O0
FAIL: gcc.c-torture/execute/20020227-1.c execution, -O1
FAIL: gcc.c-torture/execute/20020227-1.c execution, -O2
FAIL: gcc.c-torture/execute/20020227-1.c execution, -O3 -fomit-frame-pointer
FAIL: gcc.c-torture/execute/20020227-1.c execution, -O3 -g
FAIL: gcc.c-torture/execute/20020227-1.c execution, -Os
XPASS: gcc.dg/c99-intconst-1.c (test for excess errors)
FAIL: gcc.dg/format/c99-printf-1.c %hhn unsigned char (test for warnings, line 196)
FAIL: gcc.dg/format/c99-printf-1.c (test for excess errors)
FAIL: gcc.dg/format/c99-strftime-1.c bad %O% (test for warnings, line 96)
FAIL: gcc.dg/format/c99-strftime-1.c (test for excess errors)
=== gcc Summary ===
# of expected passes 17986
# of unexpected failures 10
# of unexpected successes 1
# of expected failures 65
# of unsupported tests 106
/castro/street/rth/gcc/build/3.1/gcc/xgcc version 3.1 20020327 (prerelease)
=== objc tests ===
Running target unix
=== objc Summary ===
# of expected passes 1036
# of expected failures 6
/castro/street/rth/gcc/build/3.1/gcc/xgcc version 3.1 20020327 (prerelease)
Compiler version: 3.1 20020327 (prerelease)
Platform: alphaev6-unknown-linux-gnu
configure flags: --host=alphaev6-unknown-linux-gnu --prefix=/castro/street/H-alpha-linux --enable-threads